{"id":943,"date":"2025-03-26T19:37:38","date_gmt":"2025-03-26T22:37:38","guid":{"rendered":"https:\/\/mg.passadospresentes.com.br\/festas-e-modos-de-vida\/?post_type=participante&#038;p=943"},"modified":"2025-03-31T10:14:38","modified_gmt":"2025-03-31T13:14:38","slug":"christine-douxami","status":"publish","type":"participante","link":"https:\/\/mg.passadospresentes.com.br\/festas-e-modos-de-vida\/participante\/christine-douxami\/","title":{"rendered":"Christine Douxami"},"content":{"rendered":"\n<p>Artista e professora em artes c\u00eanicas na Universidade de Franche-Comt\u00e9 e Pesquisadora em antropologia do teatro no Instituto dos Mundos Africanos (IMAF\/ Fran\u00e7a). Atualmente est\u00e1 no IRD (Instituto de Recherche et d\u00e9veloppement) passando 4 anos no Brasil em interc\u00e2mbio com a UFF e a UFBA. Seu trabalho, na jun\u00e7\u00e3o entre teatro e antropologia, busca, \u00e0 luz dessas duas disciplinas, considerar formas de artes engajadas e especificamente as relacionadas inicialmente \u00e0s quest\u00f5es da negritude, do pan-africanismo e mais recentemente das identidades afro-ind\u00edgenas. Faz o seu trabalho de campo particularmente na \u00c1frica (Burkina Faso-Senegal) e no Brasil atrav\u00e9s de v\u00e1rios festivais e v\u00e1rias manifesta\u00e7\u00f5es tanto no palco em lugares oficialmente dedicados \u00e0 arte quanto na rua. Na sua tese, defendida em 2001, analisou o teatro negro no Brasil e sua vivacidade na atualidade. Desde 2006, ela tem coorganizado um semin\u00e1rio no EHESS (Ecole des Hautes Etudes em Sciences Sociales), que enfoca o tema do engajamento art\u00edstico-pol\u00edtico no continente africano e na sua di\u00e1spora. Trabalha tamb\u00e9m sobre as quest\u00f5es pol\u00edticas e art\u00edsticas relacionadas ao Patrim\u00f4nio Imaterial no Brasil e na Am\u00e9rica Latina. Co-dirigiu um longa-metragem na terceira edi\u00e7\u00e3o do Festival Mundial de Artes Negras 2010 e os guerreiros do Guerreiro (2022). Faz performas e document\u00e1rios ligados a essas quest\u00f5es.<\/p>\n","protected":false},"featured_media":944,"template":"","meta":{"_acf_changed":true},"categoria":[9],"class_list":["post-943","participante","type-participante","status-publish","has-post-thumbnail","hentry","categoria-pesquisadores"],"acf":[],"_links":{"self":[{"href":"https:\/\/mg.passadospresentes.com.br\/festas-e-modos-de-vida\/wp-json\/wp\/v2\/participante\/943","targetHints":{"allow":["GET"]}}],"collection":[{"href":"https:\/\/mg.passadospresentes.com.br\/festas-e-modos-de-vida\/wp-json\/wp\/v2\/participante"}],"about":[{"href":"https:\/\/mg.passadospresentes.com.br\/festas-e-modos-de-vida\/wp-json\/wp\/v2\/types\/participante"}],"wp:featuredmedia":[{"embeddable":true,"href":"https:\/\/mg.passadospresentes.com.br\/festas-e-modos-de-vida\/wp-json\/wp\/v2\/media\/944"}],"wp:attachment":[{"href":"https:\/\/mg.passadospresentes.com.br\/festas-e-modos-de-vida\/wp-json\/wp\/v2\/media?parent=943"}],"wp:term":[{"taxonomy":"categoria","embeddable":true,"href":"https:\/\/mg.passadospresentes.com.br\/festas-e-modos-de-vida\/wp-json\/wp\/v2\/categoria?post=943"}],"curies":[{"name":"wp","href":"https:\/\/api.w.org\/{rel}","templated":true}]}}

<p>Artista e professora em artes cênicas na Universidade de Franche-Comté e Pesquisadora em antropologia do teatro no Instituto dos Mundos Africanos (IMAF/ França). Atualmente está no IRD (Instituto de Recherche et développement) passando 4 anos no Brasil em intercâmbio com a UFF e a UFBA. Seu trabalho, na junção entre teatro e antropologia, busca, à luz dessas duas disciplinas, considerar formas de artes engajadas e especificamente as relacionadas inicialmente às questões da negritude, do pan-africanismo e mais recentemente das identidades afro-indígenas. Faz o seu trabalho de campo particularmente na África (Burkina Faso-Senegal) e no Brasil através de vários festivais e várias manifestações tanto no palco em lugares oficialmente dedicados à arte quanto na rua. Na sua tese, defendida em 2001, analisou o teatro negro no Brasil e sua vivacidade na atualidade. Desde 2006, ela tem coorganizado um seminário no EHESS (Ecole des Hautes Etudes em Sciences Sociales), que enfoca o tema do engajamento artístico-político no continente africano e na sua diáspora. Trabalha também sobre as questões políticas e artísticas relacionadas ao Patrimônio Imaterial no Brasil e na América Latina. Co-dirigiu um longa-metragem na terceira edição do Festival Mundial de Artes Negras 2010 e os guerreiros do Guerreiro (2022). Faz performas e documentários ligados a essas questões.</p>
