{"id":914,"date":"2025-03-25T17:22:15","date_gmt":"2025-03-25T20:22:15","guid":{"rendered":"https:\/\/mg.passadospresentes.com.br\/festas-e-modos-de-vida\/?post_type=participante&#038;p=914"},"modified":"2025-03-27T14:55:56","modified_gmt":"2025-03-27T17:55:56","slug":"ana-luzia-da-silva-morais","status":"publish","type":"participante","link":"https:\/\/mg.passadospresentes.com.br\/festas-e-modos-de-vida\/participante\/ana-luzia-da-silva-morais\/","title":{"rendered":"Ana Luzia da Silva Morais"},"content":{"rendered":"\n<p>Possui gradua\u00e7\u00e3o em Hist\u00f3ria pela Universidade Estadual de Minas Gerais &#8211; UEMG (2010) e mestrado em Hist\u00f3ria pela Universidade Federal de S\u00e3o Jo\u00e3o del-Rei (2022). Pesquisadora nas \u00e1reas da Hist\u00f3ria Oral e Hist\u00f3ria do Tempo Presente com experi\u00eancia em Hist\u00f3ria do Brasil, atuando principalmente nos seguintes temas: cultura e identidade afro-brasileira, Reinados, afromineiridade, ancestralidade e decolonialidade. Desenvolveu pesquisa de mestrado sobre as diferentes cren\u00e7as presentes no Reinado de Oliveira, com o objetivo de encontrar as ra\u00edzes ancestrais africanas e afro-brasileiras deste modo de vida, a partir do seu lugar de detentora, em di\u00e1logo com as mem\u00f3rias e viv\u00eancias dos(as) Reinadeiros (as) da cidade. \u00c9 Rainha Konga de Nossa Senhora das Merc\u00eas e de Mam&#8217;etu N\u2019dandalunda na Festa do Congo do Reinado de Nossa Senhora do Ros\u00e1rio de Oliveira (Centro-Oeste, MG) h\u00e1 20 anos e da Festa de Maio da comunidade Bra\u00fanas &#8211; Nzo Atim Kaiango ua Mukongo, em Juatuba (Regi\u00e3o Metropolitana de Belo Horizonte, MG) h\u00e1 10 anos. Membro do GTEP- Emancipa\u00e7\u00f5es e P\u00f3s- Aboli\u00e7\u00e3o em Minas. Co-fundadora e Coordenadora do Coletivo Encontro de Cultura Afro-brasileira de Oliveira. Trabalhou com a Campo Consultoria, Meio Ambiente e Patrim\u00f4nios, como pesquisadora e organizadora do semin\u00e1rio, no processo de instru\u00e7\u00e3o de Registro do bem Saberes do Ros\u00e1rio &#8211; Reinados, Congados e Congadas do Brasil, para se tornar Patrim\u00f4nio Nacional e como redatora do dossi\u00ea que deu encaminhamento ao registro (2022-2023). Foi membra da equipe gestora e atualmente comp\u00f5e a equipe de pesquisador do Projeto Passados e Presentes- Patrim\u00f4nio e Mem\u00f3rias Negras e Afro-ind\u00edgenas de Minas Gerais e atua como pesquisadora no mesmo projeto.<\/p>\n\n\n\n<figure class=\"wp-block-audio\"><audio controls src=\"https:\/\/mg.passadospresentes.com.br\/festas-e-modos-de-vida\/wp-content\/uploads\/sites\/3\/2025\/03\/AUDIO-DESCRICAO-ANA-LUZIA-_2_.ogg\"><\/audio><\/figure>\n","protected":false},"featured_media":763,"template":"","meta":{"_acf_changed":false},"categoria":[9],"class_list":["post-914","participante","type-participante","status-publish","has-post-thumbnail","hentry","categoria-pesquisadores"],"acf":[],"_links":{"self":[{"href":"https:\/\/mg.passadospresentes.com.br\/festas-e-modos-de-vida\/wp-json\/wp\/v2\/participante\/914","targetHints":{"allow":["GET"]}}],"collection":[{"href":"https:\/\/mg.passadospresentes.com.br\/festas-e-modos-de-vida\/wp-json\/wp\/v2\/participante"}],"about":[{"href":"https:\/\/mg.passadospresentes.com.br\/festas-e-modos-de-vida\/wp-json\/wp\/v2\/types\/participante"}],"wp:featuredmedia":[{"embeddable":true,"href":"https:\/\/mg.passadospresentes.com.br\/festas-e-modos-de-vida\/wp-json\/wp\/v2\/media\/763"}],"wp:attachment":[{"href":"https:\/\/mg.passadospresentes.com.br\/festas-e-modos-de-vida\/wp-json\/wp\/v2\/media?parent=914"}],"wp:term":[{"taxonomy":"categoria","embeddable":true,"href":"https:\/\/mg.passadospresentes.com.br\/festas-e-modos-de-vida\/wp-json\/wp\/v2\/categoria?post=914"}],"curies":[{"name":"wp","href":"https:\/\/api.w.org\/{rel}","templated":true}]}}

<p>Possui graduação em História pela Universidade Estadual de Minas Gerais &#8211; UEMG (2010) e mestrado em História pela Universidade Federal de São João del-Rei (2022). Pesquisadora nas áreas da História Oral e História do Tempo Presente com experiência em História do Brasil, atuando principalmente nos seguintes temas: cultura e identidade afro-brasileira, Reinados, afromineiridade, ancestralidade e decolonialidade. Desenvolveu pesquisa de mestrado sobre as diferentes crenças presentes no Reinado de Oliveira, com o objetivo de encontrar as raízes ancestrais africanas e afro-brasileiras deste modo de vida, a partir do seu lugar de detentora, em diálogo com as memórias e vivências dos(as) Reinadeiros (as) da cidade. É Rainha Konga de Nossa Senhora das Mercês e de Mam&#8217;etu N’dandalunda na Festa do Congo do Reinado de Nossa Senhora do Rosário de Oliveira (Centro-Oeste, MG) há 20 anos e da Festa de Maio da comunidade Braúnas &#8211; Nzo Atim Kaiango ua Mukongo, em Juatuba (Região Metropolitana de Belo Horizonte, MG) há 10 anos. Membro do GTEP- Emancipações e Pós- Abolição em Minas. Co-fundadora e Coordenadora do Coletivo Encontro de Cultura Afro-brasileira de Oliveira. Trabalhou com a Campo Consultoria, Meio Ambiente e Patrimônios, como pesquisadora e organizadora do seminário, no processo de instrução de Registro do bem Saberes do Rosário &#8211; Reinados, Congados e Congadas do Brasil, para se tornar Patrimônio Nacional e como redatora do dossiê que deu encaminhamento ao registro (2022-2023). Foi membra da equipe gestora e atualmente compõe a equipe de pesquisador do Projeto Passados e Presentes- Patrimônio e Memórias Negras e Afro-indígenas de Minas Gerais e atua como pesquisadora no mesmo projeto.</p>



<figure class="wp-block-audio"><audio controls src="https://mg.passadospresentes.com.br/festas-e-modos-de-vida/wp-content/uploads/sites/3/2025/03/AUDIO-DESCRICAO-ANA-LUZIA-_2_.ogg"></audio></figure>
