{"id":786,"date":"2025-02-21T16:45:37","date_gmt":"2025-02-21T19:45:37","guid":{"rendered":"https:\/\/mg.passadospresentes.com.br\/festas-e-modos-de-vida\/?post_type=participante&#038;p=786"},"modified":"2025-03-25T18:00:02","modified_gmt":"2025-03-25T21:00:02","slug":"simone-de-assis","status":"publish","type":"participante","link":"https:\/\/mg.passadospresentes.com.br\/festas-e-modos-de-vida\/participante\/simone-de-assis\/","title":{"rendered":"Simone de Assis"},"content":{"rendered":"\n<p>\u00c9 mulher preta, perif\u00e9rica e fazedora de mem\u00f3rias negras. \u00c9 Mestra em Hist\u00f3ria pela UFSJ. Trabalha no projeto &#8220;A Ditadura em Minas Gerais: hist\u00f3ria, mem\u00f3ria e historiografia&#8221;, com o subs\u00eddio da FAPEMIG, na UEMG Campanha. \u00c9 pesquisadora no projeto Passados Presentes: patrim\u00f4nios e mem\u00f3rias negras em Minas Gerais. Participa do Grupo de Trabalho Emancipa\u00e7\u00f5es e P\u00f3s-Aboli\u00e7\u00e3o em Minas Gerais; Rede de Historiadorxs Negrxs; Ialod\u00ea &#8211; Roda de Leitura e Conversa. \u00c9 congadeira-reinadeira na Irmandade Nossa Senhora do Ros\u00e1rio em Cambuquira-MG.<\/p>\n\n\n\n<figure class=\"wp-block-audio\"><audio controls src=\"https:\/\/mg.passadospresentes.com.br\/festas-e-modos-de-vida\/wp-content\/uploads\/sites\/3\/2025\/02\/Audio-de-Simone-de-Assis.oga\"><\/audio><\/figure>\n","protected":false},"featured_media":782,"template":"","meta":{"_acf_changed":true},"categoria":[9],"class_list":["post-786","participante","type-participante","status-publish","has-post-thumbnail","hentry","categoria-pesquisadores"],"acf":[],"_links":{"self":[{"href":"https:\/\/mg.passadospresentes.com.br\/festas-e-modos-de-vida\/wp-json\/wp\/v2\/participante\/786","targetHints":{"allow":["GET"]}}],"collection":[{"href":"https:\/\/mg.passadospresentes.com.br\/festas-e-modos-de-vida\/wp-json\/wp\/v2\/participante"}],"about":[{"href":"https:\/\/mg.passadospresentes.com.br\/festas-e-modos-de-vida\/wp-json\/wp\/v2\/types\/participante"}],"wp:featuredmedia":[{"embeddable":true,"href":"https:\/\/mg.passadospresentes.com.br\/festas-e-modos-de-vida\/wp-json\/wp\/v2\/media\/782"}],"wp:attachment":[{"href":"https:\/\/mg.passadospresentes.com.br\/festas-e-modos-de-vida\/wp-json\/wp\/v2\/media?parent=786"}],"wp:term":[{"taxonomy":"categoria","embeddable":true,"href":"https:\/\/mg.passadospresentes.com.br\/festas-e-modos-de-vida\/wp-json\/wp\/v2\/categoria?post=786"}],"curies":[{"name":"wp","href":"https:\/\/api.w.org\/{rel}","templated":true}]}}

<p>É mulher preta, periférica e fazedora de memórias negras. É Mestra em História pela UFSJ. Trabalha no projeto &#8220;A Ditadura em Minas Gerais: história, memória e historiografia&#8221;, com o subsídio da FAPEMIG, na UEMG Campanha. É pesquisadora no projeto Passados Presentes: patrimônios e memórias negras em Minas Gerais. Participa do Grupo de Trabalho Emancipações e Pós-Abolição em Minas Gerais; Rede de Historiadorxs Negrxs; Ialodê &#8211; Roda de Leitura e Conversa. É congadeira-reinadeira na Irmandade Nossa Senhora do Rosário em Cambuquira-MG.</p>



<figure class="wp-block-audio"><audio controls src="https://mg.passadospresentes.com.br/festas-e-modos-de-vida/wp-content/uploads/sites/3/2025/02/Audio-de-Simone-de-Assis.oga"></audio></figure>
