{"id":777,"date":"2025-02-21T16:19:33","date_gmt":"2025-02-21T19:19:33","guid":{"rendered":"https:\/\/mg.passadospresentes.com.br\/festas-e-modos-de-vida\/?post_type=participante&#038;p=777"},"modified":"2025-03-25T11:07:30","modified_gmt":"2025-03-25T14:07:30","slug":"marlon-marcelo","status":"publish","type":"participante","link":"https:\/\/mg.passadospresentes.com.br\/festas-e-modos-de-vida\/participante\/marlon-marcelo\/","title":{"rendered":"Marlon Marcelo"},"content":{"rendered":"\n<p>Bacharel em Antropologia, licenciado e mestre em Hist\u00f3ria pela Universidade Federal de Minas Gerais (UFMG). Pesquisador na \u00e1rea de Hist\u00f3ria Social da Cultura do P\u00f3s-Aboli\u00e7\u00e3o, com foco nos modos de vida e nas sociabilidades dos clubes sociais negros. Investiga temas como associativismos negros, fam\u00edlia e parentesco, festas, identidades, mem\u00f3ria e pol\u00edticas de patrim\u00f4nio. Desenvolveu pesquisa sobre o papel do associativismo negro no processo de industrializa\u00e7\u00e3o do centro de Minas Gerais, a partir da trajet\u00f3ria do Clube Mundo Velho, em Sabar\u00e1. Atualmente, integra os grupos de pesquisa Emancipa\u00e7\u00f5es e P\u00f3s-Aboli\u00e7\u00e3o em Minas Gerais e Passados Presentes: Patrim\u00f4nios Afro-Ind\u00edgenas de Minas Gerais. \u00c9 coordenador de projetos e pesquisas na Associa\u00e7\u00e3o Mineira dos Clubes Sociais Negros, onde lidera o mapeamento dos clubes sociais negros do estado, com foco na constru\u00e7\u00e3o de pol\u00edticas p\u00fablicas de patrim\u00f4nio cultural e na preserva\u00e7\u00e3o da mem\u00f3ria clubista.<\/p>\n","protected":false},"featured_media":778,"template":"","meta":{"_acf_changed":true},"categoria":[9],"class_list":["post-777","participante","type-participante","status-publish","has-post-thumbnail","hentry","categoria-pesquisadores"],"acf":[],"_links":{"self":[{"href":"https:\/\/mg.passadospresentes.com.br\/festas-e-modos-de-vida\/wp-json\/wp\/v2\/participante\/777","targetHints":{"allow":["GET"]}}],"collection":[{"href":"https:\/\/mg.passadospresentes.com.br\/festas-e-modos-de-vida\/wp-json\/wp\/v2\/participante"}],"about":[{"href":"https:\/\/mg.passadospresentes.com.br\/festas-e-modos-de-vida\/wp-json\/wp\/v2\/types\/participante"}],"wp:featuredmedia":[{"embeddable":true,"href":"https:\/\/mg.passadospresentes.com.br\/festas-e-modos-de-vida\/wp-json\/wp\/v2\/media\/778"}],"wp:attachment":[{"href":"https:\/\/mg.passadospresentes.com.br\/festas-e-modos-de-vida\/wp-json\/wp\/v2\/media?parent=777"}],"wp:term":[{"taxonomy":"categoria","embeddable":true,"href":"https:\/\/mg.passadospresentes.com.br\/festas-e-modos-de-vida\/wp-json\/wp\/v2\/categoria?post=777"}],"curies":[{"name":"wp","href":"https:\/\/api.w.org\/{rel}","templated":true}]}}

<p>Bacharel em Antropologia, licenciado e mestre em História pela Universidade Federal de Minas Gerais (UFMG). Pesquisador na área de História Social da Cultura do Pós-Abolição, com foco nos modos de vida e nas sociabilidades dos clubes sociais negros. Investiga temas como associativismos negros, família e parentesco, festas, identidades, memória e políticas de patrimônio. Desenvolveu pesquisa sobre o papel do associativismo negro no processo de industrialização do centro de Minas Gerais, a partir da trajetória do Clube Mundo Velho, em Sabará. Atualmente, integra os grupos de pesquisa Emancipações e Pós-Abolição em Minas Gerais e Passados Presentes: Patrimônios Afro-Indígenas de Minas Gerais. É coordenador de projetos e pesquisas na Associação Mineira dos Clubes Sociais Negros, onde lidera o mapeamento dos clubes sociais negros do estado, com foco na construção de políticas públicas de patrimônio cultural e na preservação da memória clubista.</p>
