{"id":774,"date":"2025-02-21T16:14:50","date_gmt":"2025-02-21T19:14:50","guid":{"rendered":"https:\/\/mg.passadospresentes.com.br\/festas-e-modos-de-vida\/?post_type=participante&#038;p=774"},"modified":"2025-02-21T16:14:51","modified_gmt":"2025-02-21T19:14:51","slug":"isaac-cassemiro-ribeiro","status":"publish","type":"participante","link":"https:\/\/mg.passadospresentes.com.br\/festas-e-modos-de-vida\/participante\/isaac-cassemiro-ribeiro\/","title":{"rendered":"Isaac Cassemiro Ribeiro"},"content":{"rendered":"\n<p>\u00c9 doutor em Hist\u00f3ria pela Universidade Federal de Minas Gerais \u2013 UFMG (2019), com est\u00e1gio doutoral na Universidade de Lisboa. Mestre em Hist\u00f3ria pela Universidade Federal de S\u00e3o Jo\u00e3o del-Rei &#8211; UFSJ (2014). Graduado em Filosofia pela mesma universidade (2009). Foi professor efetivo no Instituto Federal de Educa\u00e7\u00e3o, Ci\u00eancia e Tecnologia de Minas Gerais, <em>campus <\/em>S\u00e3o Jo\u00e3o Evangelista, entre 2015 e 2019. Atualmente \u00e9 professor no Instituto Federal de Educa\u00e7\u00e3o, Ci\u00eancia e Tecnologia do Sul de Minas, IFSULDEMINAS, <em>campus <\/em>Machado, onde coordena o Grupo de Pesquisas em Cultura Material (GPCM). Tem experi\u00eancia em pesquisas sobre Brasil Col\u00f4nia e Imp\u00e9rio; Hist\u00f3ria da Cultura Material; Emancipa\u00e7\u00f5es e P\u00f3s-aboli\u00e7\u00e3o, dentre outras tem\u00e1ticas. \u00c9 membro do GT-\u00a0 Emancipa\u00e7\u00f5es e P\u00f3s-aboli\u00e7\u00e3o em Minas Gerais.\u00a0<br><\/p>\n","protected":false},"featured_media":775,"template":"","meta":{"_acf_changed":false},"categoria":[9],"class_list":["post-774","participante","type-participante","status-publish","has-post-thumbnail","hentry","categoria-pesquisadores"],"acf":[],"_links":{"self":[{"href":"https:\/\/mg.passadospresentes.com.br\/festas-e-modos-de-vida\/wp-json\/wp\/v2\/participante\/774","targetHints":{"allow":["GET"]}}],"collection":[{"href":"https:\/\/mg.passadospresentes.com.br\/festas-e-modos-de-vida\/wp-json\/wp\/v2\/participante"}],"about":[{"href":"https:\/\/mg.passadospresentes.com.br\/festas-e-modos-de-vida\/wp-json\/wp\/v2\/types\/participante"}],"wp:featuredmedia":[{"embeddable":true,"href":"https:\/\/mg.passadospresentes.com.br\/festas-e-modos-de-vida\/wp-json\/wp\/v2\/media\/775"}],"wp:attachment":[{"href":"https:\/\/mg.passadospresentes.com.br\/festas-e-modos-de-vida\/wp-json\/wp\/v2\/media?parent=774"}],"wp:term":[{"taxonomy":"categoria","embeddable":true,"href":"https:\/\/mg.passadospresentes.com.br\/festas-e-modos-de-vida\/wp-json\/wp\/v2\/categoria?post=774"}],"curies":[{"name":"wp","href":"https:\/\/api.w.org\/{rel}","templated":true}]}}

<p>É doutor em História pela Universidade Federal de Minas Gerais – UFMG (2019), com estágio doutoral na Universidade de Lisboa. Mestre em História pela Universidade Federal de São João del-Rei &#8211; UFSJ (2014). Graduado em Filosofia pela mesma universidade (2009). Foi professor efetivo no Instituto Federal de Educação, Ciência e Tecnologia de Minas Gerais, <em>campus </em>São João Evangelista, entre 2015 e 2019. Atualmente é professor no Instituto Federal de Educação, Ciência e Tecnologia do Sul de Minas, IFSULDEMINAS, <em>campus </em>Machado, onde coordena o Grupo de Pesquisas em Cultura Material (GPCM). Tem experiência em pesquisas sobre Brasil Colônia e Império; História da Cultura Material; Emancipações e Pós-abolição, dentre outras temáticas. É membro do GT-  Emancipações e Pós-abolição em Minas Gerais. <br></p>
