{"id":772,"date":"2025-02-21T16:10:08","date_gmt":"2025-02-21T19:10:08","guid":{"rendered":"https:\/\/mg.passadospresentes.com.br\/festas-e-modos-de-vida\/?post_type=participante&#038;p=772"},"modified":"2025-03-26T19:44:33","modified_gmt":"2025-03-26T22:44:33","slug":"carolina-martins","status":"publish","type":"participante","link":"https:\/\/mg.passadospresentes.com.br\/festas-e-modos-de-vida\/participante\/carolina-martins\/","title":{"rendered":"Carolina Martins"},"content":{"rendered":"\n<p>Professora Adjunta do Curso de Ci\u00eancias Humanas da Universidade Federal do Maranh\u00e3o\/Campus Pinheiro. Doutora em Hist\u00f3ria Social pela Universidade Federal Fluminense. Possui mestrado em Hist\u00f3ria Social pela UFF, gradua\u00e7\u00e3o em Hist\u00f3ria (Bacharelado e Licenciatura) pela mesma universidade. Em 2024, realizou est\u00e1gio no Centro de Estudos Latino-americanos\/CLAS da Universidade de Pittsburgh, EUA. \u00c9 integrante da Comiss\u00e3o Maranhense de Folclore, colaboradora do Museu Afro-digital do Maranh\u00e3o e consultora especializada do IPHAN-MA. Autora do livro Pol\u00edtica e Cultura nas hist\u00f3rias do Bumba meu boi, vem se dedicando a pesquisas relacionadas \u00e0 cultura popular, ao patrim\u00f4nio imaterial, festas e rela\u00e7\u00f5es afroind\u00edgenas.<\/p>\n\n\n\n<p><\/p>\n","protected":false},"featured_media":773,"template":"","meta":{"_acf_changed":true},"categoria":[9],"class_list":["post-772","participante","type-participante","status-publish","has-post-thumbnail","hentry","categoria-pesquisadores"],"acf":[],"_links":{"self":[{"href":"https:\/\/mg.passadospresentes.com.br\/festas-e-modos-de-vida\/wp-json\/wp\/v2\/participante\/772","targetHints":{"allow":["GET"]}}],"collection":[{"href":"https:\/\/mg.passadospresentes.com.br\/festas-e-modos-de-vida\/wp-json\/wp\/v2\/participante"}],"about":[{"href":"https:\/\/mg.passadospresentes.com.br\/festas-e-modos-de-vida\/wp-json\/wp\/v2\/types\/participante"}],"wp:featuredmedia":[{"embeddable":true,"href":"https:\/\/mg.passadospresentes.com.br\/festas-e-modos-de-vida\/wp-json\/wp\/v2\/media\/773"}],"wp:attachment":[{"href":"https:\/\/mg.passadospresentes.com.br\/festas-e-modos-de-vida\/wp-json\/wp\/v2\/media?parent=772"}],"wp:term":[{"taxonomy":"categoria","embeddable":true,"href":"https:\/\/mg.passadospresentes.com.br\/festas-e-modos-de-vida\/wp-json\/wp\/v2\/categoria?post=772"}],"curies":[{"name":"wp","href":"https:\/\/api.w.org\/{rel}","templated":true}]}}

<p>Professora Adjunta do Curso de Ciências Humanas da Universidade Federal do Maranhão/Campus Pinheiro. Doutora em História Social pela Universidade Federal Fluminense. Possui mestrado em História Social pela UFF, graduação em História (Bacharelado e Licenciatura) pela mesma universidade. Em 2024, realizou estágio no Centro de Estudos Latino-americanos/CLAS da Universidade de Pittsburgh, EUA. É integrante da Comissão Maranhense de Folclore, colaboradora do Museu Afro-digital do Maranhão e consultora especializada do IPHAN-MA. Autora do livro Política e Cultura nas histórias do Bumba meu boi, vem se dedicando a pesquisas relacionadas à cultura popular, ao patrimônio imaterial, festas e relações afroindígenas.</p>



<p></p>
