{"id":769,"date":"2025-02-21T16:06:06","date_gmt":"2025-02-21T19:06:06","guid":{"rendered":"https:\/\/mg.passadospresentes.com.br\/festas-e-modos-de-vida\/?post_type=participante&#038;p=769"},"modified":"2025-12-02T16:16:52","modified_gmt":"2025-12-02T19:16:52","slug":"andre-luiz-ribeiro-de-araujo-2","status":"publish","type":"participante","link":"https:\/\/mg.passadospresentes.com.br\/festas-e-modos-de-vida\/participante\/andre-luiz-ribeiro-de-araujo-2\/","title":{"rendered":"Andr\u00e9 Luiz Ribeiro de Ara\u00fajo"},"content":{"rendered":"\n<p>Doutorando cotutela em Hist\u00f3ria na Universidade Federal de Juiz de Fora \u2013 UFJF e em Teatro e Artes C\u00eanicas na Universidade Bourgogne Franche-Comt\u00e9 (UBFC) na Fran\u00e7a. Desde 2013 pesquisa as festas de Folias do Vale do Mucuri no nordeste mineiro. Atuou entre os anos de 2020-2022 na implementa\u00e7\u00e3o da Lei de Emerg\u00eancia Cultural Aldir Blanc (n\u00ba14.017\/2020) em cidades do Vale do Mucuri (MG). Tem experi\u00eancia na \u00e1rea de Hist\u00f3ria, Artes, Antropologia, Ci\u00eancias Sociais, Pol\u00edticas Culturais e Sustentabilidade.<\/p>\n\n\n\n<figure class=\"wp-block-audio\"><audio controls src=\"https:\/\/mg.passadospresentes.com.br\/festas-e-modos-de-vida\/wp-content\/uploads\/sites\/3\/2025\/02\/AUDIO-ANDRE-LUIZ-RIBEIRO-DE-ARAUJO.ogg\"><\/audio><\/figure>\n","protected":false},"featured_media":770,"template":"","meta":{"_acf_changed":false},"categoria":[9],"class_list":["post-769","participante","type-participante","status-publish","has-post-thumbnail","hentry","categoria-pesquisadores"],"acf":[],"_links":{"self":[{"href":"https:\/\/mg.passadospresentes.com.br\/festas-e-modos-de-vida\/wp-json\/wp\/v2\/participante\/769","targetHints":{"allow":["GET"]}}],"collection":[{"href":"https:\/\/mg.passadospresentes.com.br\/festas-e-modos-de-vida\/wp-json\/wp\/v2\/participante"}],"about":[{"href":"https:\/\/mg.passadospresentes.com.br\/festas-e-modos-de-vida\/wp-json\/wp\/v2\/types\/participante"}],"wp:featuredmedia":[{"embeddable":true,"href":"https:\/\/mg.passadospresentes.com.br\/festas-e-modos-de-vida\/wp-json\/wp\/v2\/media\/770"}],"wp:attachment":[{"href":"https:\/\/mg.passadospresentes.com.br\/festas-e-modos-de-vida\/wp-json\/wp\/v2\/media?parent=769"}],"wp:term":[{"taxonomy":"categoria","embeddable":true,"href":"https:\/\/mg.passadospresentes.com.br\/festas-e-modos-de-vida\/wp-json\/wp\/v2\/categoria?post=769"}],"curies":[{"name":"wp","href":"https:\/\/api.w.org\/{rel}","templated":true}]}}

André Luiz Ribeiro de Araújo

<p>Doutorando cotutela em História na Universidade Federal de Juiz de Fora – UFJF e em Teatro e Artes Cênicas na Universidade Bourgogne Franche-Comté (UBFC) na França. Desde 2013 pesquisa as festas de Folias do Vale do Mucuri no nordeste mineiro. Atuou entre os anos de 2020-2022 na implementação da Lei de Emergência Cultural Aldir Blanc (nº14.017/2020) em cidades do Vale do Mucuri (MG). Tem experiência na área de História, Artes, Antropologia, Ciências Sociais, Políticas Culturais e Sustentabilidade.</p>



<figure class="wp-block-audio"><audio controls src="https://mg.passadospresentes.com.br/festas-e-modos-de-vida/wp-content/uploads/sites/3/2025/02/AUDIO-ANDRE-LUIZ-RIBEIRO-DE-ARAUJO.ogg"></audio></figure>
