{"id":765,"date":"2025-02-21T15:52:38","date_gmt":"2025-02-21T18:52:38","guid":{"rendered":"https:\/\/mg.passadospresentes.com.br\/festas-e-modos-de-vida\/?post_type=participante&#038;p=765"},"modified":"2025-02-21T15:52:39","modified_gmt":"2025-02-21T18:52:39","slug":"sidnea-francisca-dos-santos-santos-negasid-2","status":"publish","type":"participante","link":"https:\/\/mg.passadospresentes.com.br\/festas-e-modos-de-vida\/participante\/sidnea-francisca-dos-santos-santos-negasid-2\/","title":{"rendered":"Sidn\u00e9a Francisca dos Santos Santos-N\u00eagaSid"},"content":{"rendered":"\n<p>Mulher Preta da Periferia de Ouro Preto. Atriz, Historiadora, Doutoranda em Hist\u00f3ria pela UFOP,P\u00f3s-Graduada em Cultura e Arte Barroca\/UFOP, e Mestre em Hist\u00f3ria tamb\u00e9m pela UFOP, Pesquisadora da Cultura Afrobrasileira e Africana. S\u00f3cio Fundadora da Comiss\u00e3o Ouropretana de Folclore , S\u00f3cio Fundadora da AMIREI- Associa\u00e7\u00e3o Amigos do Reinado, S\u00f3cio Fundadora do Coletivo Ouro Preto\/Mina Du Veloso.\u00a0 Integrante do NEABI\/UFOP . Dan\u00e7ante do Grupo de Mo\u00e7ambique de N. Sra do Ros\u00e1rio e Santa Efig\u00eania do Alto da Cruz.\u00a0 Brigadista Volunt\u00e1ria da Brigada 1 N\u00facleo Ouro Preto.<br><\/p>\n","protected":false},"featured_media":766,"template":"","meta":{"_acf_changed":true},"categoria":[9],"class_list":["post-765","participante","type-participante","status-publish","has-post-thumbnail","hentry","categoria-pesquisadores"],"acf":[],"_links":{"self":[{"href":"https:\/\/mg.passadospresentes.com.br\/festas-e-modos-de-vida\/wp-json\/wp\/v2\/participante\/765","targetHints":{"allow":["GET"]}}],"collection":[{"href":"https:\/\/mg.passadospresentes.com.br\/festas-e-modos-de-vida\/wp-json\/wp\/v2\/participante"}],"about":[{"href":"https:\/\/mg.passadospresentes.com.br\/festas-e-modos-de-vida\/wp-json\/wp\/v2\/types\/participante"}],"wp:featuredmedia":[{"embeddable":true,"href":"https:\/\/mg.passadospresentes.com.br\/festas-e-modos-de-vida\/wp-json\/wp\/v2\/media\/766"}],"wp:attachment":[{"href":"https:\/\/mg.passadospresentes.com.br\/festas-e-modos-de-vida\/wp-json\/wp\/v2\/media?parent=765"}],"wp:term":[{"taxonomy":"categoria","embeddable":true,"href":"https:\/\/mg.passadospresentes.com.br\/festas-e-modos-de-vida\/wp-json\/wp\/v2\/categoria?post=765"}],"curies":[{"name":"wp","href":"https:\/\/api.w.org\/{rel}","templated":true}]}}

Sidnéa Francisca dos Santos Santos-NêgaSid

<p>Mulher Preta da Periferia de Ouro Preto. Atriz, Historiadora, Doutoranda em História pela UFOP,Pós-Graduada em Cultura e Arte Barroca/UFOP, e Mestre em História também pela UFOP, Pesquisadora da Cultura Afrobrasileira e Africana. Sócio Fundadora da Comissão Ouropretana de Folclore , Sócio Fundadora da AMIREI- Associação Amigos do Reinado, Sócio Fundadora do Coletivo Ouro Preto/Mina Du Veloso.  Integrante do NEABI/UFOP . Dançante do Grupo de Moçambique de N. Sra do Rosário e Santa Efigênia do Alto da Cruz.  Brigadista Voluntária da Brigada 1 Núcleo Ouro Preto.<br></p>
