{"id":196,"date":"2024-10-24T19:25:38","date_gmt":"2024-10-24T22:25:38","guid":{"rendered":"https:\/\/mg.passadospresentes.com.br\/festas-e-modos-de-vida\/?post_type=participante&#038;p=196"},"modified":"2025-12-08T21:27:12","modified_gmt":"2025-12-09T00:27:12","slug":"samuel-avelar-jr","status":"publish","type":"participante","link":"https:\/\/mg.passadospresentes.com.br\/festas-e-modos-de-vida\/participante\/samuel-avelar-jr\/","title":{"rendered":"Samuel Pereira Avelar J\u00fanior"},"content":{"rendered":"\n<p><br>Doutor em Hist\u00f3ria pela Universidade Federal do Estado do Rio de Janeiro \/ PPGH-Unirio (2024). Professor Efetivo de Hist\u00f3ria na Secretaria de Estado de Educa\u00e7\u00e3o de Minas Gerais (SEE-MG). Pesquisador do Grupo de Trabalho Emancipa\u00e7\u00f5es e P\u00f3s-aboli\u00e7\u00e3o em Minas Gerais (Conselho Nacional de Desenvolvimento Cient\u00edfico e Tecnol\u00f3gico\/CNPq). Mediador do grupo de Festas, Modos de Vida e Cosmologias pelo Projeto Passados Presentes: Mem\u00f3ria da Escravid\u00e3o no Brasil (CNPq). Mestre em Hist\u00f3ria pela Universidade Federal de S\u00e3o Jo\u00e3o del-Rei\/UFSJ (2019). Bacharel (2016) e Licenciado (2016) em Hist\u00f3ria pela mesma universidade. Possui experi\u00eancia em Hist\u00f3ria, com \u00eanfase em rela\u00e7\u00f5es \u00e9tnico-raciais e em produ\u00e7\u00f5es audiovisuais (document\u00e1rios e podcast), estudos sobre festas e culturas afro-ind\u00edgenas no p\u00f3s-aboli\u00e7\u00e3o, estudos de Hist\u00f3ria P\u00fablica, Hist\u00f3ria do Brasil e Hist\u00f3ria de Minas Gerais. Participou como editor e diretor do document\u00e1rio (En) Cantos do Congado (2018).<\/p>\n\n\n\n<figure class=\"wp-block-audio\"><audio controls src=\"https:\/\/mg.passadospresentes.com.br\/festas-e-modos-de-vida\/wp-content\/uploads\/sites\/3\/2024\/10\/Audio-descricao-Samuel.oga\"><\/audio><\/figure>\n","protected":false},"featured_media":1920,"template":"","meta":{"_acf_changed":false},"categoria":[8],"class_list":["post-196","participante","type-participante","status-publish","has-post-thumbnail","hentry","categoria-moderadores"],"acf":[],"_links":{"self":[{"href":"https:\/\/mg.passadospresentes.com.br\/festas-e-modos-de-vida\/wp-json\/wp\/v2\/participante\/196","targetHints":{"allow":["GET"]}}],"collection":[{"href":"https:\/\/mg.passadospresentes.com.br\/festas-e-modos-de-vida\/wp-json\/wp\/v2\/participante"}],"about":[{"href":"https:\/\/mg.passadospresentes.com.br\/festas-e-modos-de-vida\/wp-json\/wp\/v2\/types\/participante"}],"wp:featuredmedia":[{"embeddable":true,"href":"https:\/\/mg.passadospresentes.com.br\/festas-e-modos-de-vida\/wp-json\/wp\/v2\/media\/1920"}],"wp:attachment":[{"href":"https:\/\/mg.passadospresentes.com.br\/festas-e-modos-de-vida\/wp-json\/wp\/v2\/media?parent=196"}],"wp:term":[{"taxonomy":"categoria","embeddable":true,"href":"https:\/\/mg.passadospresentes.com.br\/festas-e-modos-de-vida\/wp-json\/wp\/v2\/categoria?post=196"}],"curies":[{"name":"wp","href":"https:\/\/api.w.org\/{rel}","templated":true}]}}

Samuel Pereira Avelar Júnior

<p><br>Doutor em História pela Universidade Federal do Estado do Rio de Janeiro / PPGH-Unirio (2024). Professor Efetivo de História na Secretaria de Estado de Educação de Minas Gerais (SEE-MG). Pesquisador do Grupo de Trabalho Emancipações e Pós-abolição em Minas Gerais (Conselho Nacional de Desenvolvimento Científico e Tecnológico/CNPq). Mediador do grupo de Festas, Modos de Vida e Cosmologias pelo Projeto Passados Presentes: Memória da Escravidão no Brasil (CNPq). Mestre em História pela Universidade Federal de São João del-Rei/UFSJ (2019). Bacharel (2016) e Licenciado (2016) em História pela mesma universidade. Possui experiência em História, com ênfase em relações étnico-raciais e em produções audiovisuais (documentários e podcast), estudos sobre festas e culturas afro-indígenas no pós-abolição, estudos de História Pública, História do Brasil e História de Minas Gerais. Participou como editor e diretor do documentário (En) Cantos do Congado (2018).</p>



<figure class="wp-block-audio"><audio controls src="https://mg.passadospresentes.com.br/festas-e-modos-de-vida/wp-content/uploads/sites/3/2024/10/Audio-descricao-Samuel.oga"></audio></figure>
