{"id":191,"date":"2024-10-24T19:23:08","date_gmt":"2024-10-24T22:23:08","guid":{"rendered":"https:\/\/mg.passadospresentes.com.br\/festas-e-modos-de-vida\/?post_type=participante&#038;p=191"},"modified":"2025-12-08T21:26:24","modified_gmt":"2025-12-09T00:26:24","slug":"capita-pedrina-de-lourdes-santos","status":"publish","type":"participante","link":"https:\/\/mg.passadospresentes.com.br\/festas-e-modos-de-vida\/participante\/capita-pedrina-de-lourdes-santos\/","title":{"rendered":"Capit\u00e3 Pedrina de Lourdes Santos &#8211; Seji Danjy Dya Hongolo"},"content":{"rendered":"\n<p><\/p>\n\n\n\n<p><\/p>\n\n\n\n<p>Pedrina de Lourdes Santos \u00e9 Reinadeira h\u00e1 52 anos. Capit\u00e3 de Massambike h\u00e1 44 anos.<br>Zeladora de Umbanda h\u00e1 30 anos.Kota Seji Danjy. Doutora em Comunica\u00e7\u00e3o Social e mestre em Saberes Tradicionais pela UFMG.Mestre em Saberes Tradicionais pela UEMG Divin\u00f3polis &#8211; MG. Membro atuante dos coletivos:Coletivos Teia dos Povos; Coletivo EsterPedrina, Coletivo PCTRAMA.<\/p>\n\n\n\n<p><\/p>\n","protected":false},"featured_media":1919,"template":"","meta":{"_acf_changed":false},"categoria":[7],"class_list":["post-191","participante","type-participante","status-publish","has-post-thumbnail","hentry","categoria-detentora"],"acf":[],"_links":{"self":[{"href":"https:\/\/mg.passadospresentes.com.br\/festas-e-modos-de-vida\/wp-json\/wp\/v2\/participante\/191","targetHints":{"allow":["GET"]}}],"collection":[{"href":"https:\/\/mg.passadospresentes.com.br\/festas-e-modos-de-vida\/wp-json\/wp\/v2\/participante"}],"about":[{"href":"https:\/\/mg.passadospresentes.com.br\/festas-e-modos-de-vida\/wp-json\/wp\/v2\/types\/participante"}],"wp:featuredmedia":[{"embeddable":true,"href":"https:\/\/mg.passadospresentes.com.br\/festas-e-modos-de-vida\/wp-json\/wp\/v2\/media\/1919"}],"wp:attachment":[{"href":"https:\/\/mg.passadospresentes.com.br\/festas-e-modos-de-vida\/wp-json\/wp\/v2\/media?parent=191"}],"wp:term":[{"taxonomy":"categoria","embeddable":true,"href":"https:\/\/mg.passadospresentes.com.br\/festas-e-modos-de-vida\/wp-json\/wp\/v2\/categoria?post=191"}],"curies":[{"name":"wp","href":"https:\/\/api.w.org\/{rel}","templated":true}]}}

Capitã Pedrina de Lourdes Santos &#8211; Seji Danjy Dya Hongolo

<p></p>



<p></p>



<p>Pedrina de Lourdes Santos é Reinadeira há 52 anos. Capitã de Massambike há 44 anos.<br>Zeladora de Umbanda há 30 anos.Kota Seji Danjy. Doutora em Comunicação Social e mestre em Saberes Tradicionais pela UFMG.Mestre em Saberes Tradicionais pela UEMG Divinópolis &#8211; MG. Membro atuante dos coletivos:Coletivos Teia dos Povos; Coletivo EsterPedrina, Coletivo PCTRAMA.</p>



<p></p>
