{"id":1389,"date":"2025-04-12T16:53:47","date_gmt":"2025-04-12T19:53:47","guid":{"rendered":"https:\/\/mg.passadospresentes.com.br\/festas-e-modos-de-vida\/?page_id=1389"},"modified":"2025-04-12T16:55:06","modified_gmt":"2025-04-12T19:55:06","slug":"sobre","status":"publish","type":"page","link":"https:\/\/mg.passadospresentes.com.br\/festas-e-modos-de-vida\/sobre\/","title":{"rendered":"Sobre"},"content":{"rendered":"\n<h3 class=\"wp-block-heading\">Produ\u00e7\u00f5es escritas, culturais e fotogr\u00e1ficas<\/h3>\n\n\n\n<p id=\"block-cb3edb5b-f8dd-4e90-954e-c4ed52a5386e\"><strong>Por Marlon Marcelo e Samuel Avelar J\u00fanior<\/strong><\/p>\n\n\n\n<p id=\"block-07e64747-b52d-4661-9bb0-59f8b0a57051\">O grupo &#8220;Festas, modos de vida e cosmologias&#8221; dedicou-se ao estudo das diversas formas de (re) existir das comunidades negras e afro-ind\u00edgenas nos territ\u00f3rios de Minas Gerais, em um contexto de di\u00e1logo diasp\u00f3rico com outras regi\u00f5es do pa\u00eds e do mundo transatl\u00e2ntico. Os pesquisadores investigaram os rituais e festividades, como carnavais, festas do Ros\u00e1rio, Jongos, Congados, Candombes, Terreiros, Quilombos, Marujadas, Reisados, Festas de boi e Folia de Reis, explorando suas dimens\u00f5es pol\u00edtico-sagradas e seu papel na constru\u00e7\u00e3o da identidade e do pertencimento das comunidades.<\/p>\n\n\n\n<p id=\"block-4aa44c06-f07c-4722-a73f-203b8f62c693\">Partindo do conhecimento da Capit\u00e3 da Guarda de Massambique de Nossa Senhora das Merc\u00eas de Oliveira &#8211; MG e Doutora em Comunica\u00e7\u00e3o Social por Not\u00f3rio Saber, Pedrina de Lourdes Santos, o grupo dialoga com epistemologias ancestrais para enriquecer nossa compreens\u00e3o das festas e da vida como elementos fundamentais para o povo negro e afro-ind\u00edgena\u201d.<\/p>\n\n\n\n<p id=\"block-4ca71325-757d-4ec0-b296-9d3a43d60d8b\">Os diversos encontros promovidos pelo grupo resultaram na produ\u00e7\u00e3o propositiva do podcast \u201cAweto-Errer\u00e9: Festas, Modos de Vida e Cosmologias Afro-Ind\u00edgenas\u201d. A temporada est\u00e1 organizada em oito epis\u00f3dios, abordando a produ\u00e7\u00e3o epistemol\u00f3gica e as experi\u00eancias dos povos tradicionais negros e afro-ind\u00edgenas, al\u00e9m de divulgar esse conhecimento de maneira acess\u00edvel em plataformas digitais. Os roteiros e as grava\u00e7\u00f5es estar\u00e3o dispon\u00edveis no site Passados e Presentes, enquanto os programas editados poder\u00e3o ser acessados tanto no site quanto em diversas plataformas de \u00e1udio.<\/p>\n\n\n\n<h2 class=\"wp-block-heading\" id=\"block-008af324-fdee-4443-868f-93f36dd27b37\"><\/h2>\n\n\n\n<ul id=\"block-11ab0f05-c74f-4c1e-bb47-a93f511e9d1e\" class=\"wp-block-list\">\n<li><a href=\"https:\/\/mg.passadospresentes.com.br\/festas-e-modos-de-vida\/capita-pedrina-de-lourdes-santos-seji-danjy-dya-hongolo\/\">Capit\u00e3 Pedrina de Lourdes Santos \u2013 Seji Danjy Dya Hongolo<\/a><\/li>\n\n\n\n<li><a href=\"https:\/\/mg.passadospresentes.com.br\/festas-e-modos-de-vida\/reinado-de-oliveira\/\">Reinado de Oliveira<\/a><\/li>\n\n\n\n<li><a href=\"https:\/\/mg.passadospresentes.com.br\/festas-e-modos-de-vida\/festa-do-reinado-a-fe-que-canta-e-danca-ouro-preto-minas-gerais\/\">Festa do Reinado \u2013 A F\u00e9 que Canta e Dan\u00e7a \u2013 Ouro Preto<\/a><\/li>\n\n\n\n<li><a href=\"https:\/\/mg.passadospresentes.com.br\/festas-e-modos-de-vida\/clube-social-negro-mundo-velho\/\">Clube social negro Mundo Velho<\/a><\/li>\n\n\n\n<li><a href=\"https:\/\/mg.passadospresentes.com.br\/festas-e-modos-de-vida\/festas-de-folias-do-vale-do-mucuri-em-minas-gerais\/\">Festas de Folias do Vale do Mucuri<\/a><\/li>\n\n\n\n<li><a href=\"https:\/\/mg.passadospresentes.com.br\/festas-e-modos-de-vida\/reinados-e-congado\/\">Reinados e Congados do Campo das Vertentes<\/a><\/li>\n\n\n\n<li><a href=\"https:\/\/mg.passadospresentes.com.br\/festas-e-modos-de-vida\/bumba-meu-boi-do-maranhao\/\">Bumba meu boi do Maranh\u00e3o<\/a><\/li>\n\n\n\n<li><a href=\"https:\/\/mg.passadospresentes.com.br\/festas-e-modos-de-vida\/reinados-e-congadas-machado-minas-gerais\/\">Reinados e Congadas de Machado<\/a><\/li>\n\n\n\n<li><a href=\"https:\/\/mg.passadospresentes.com.br\/festas-e-modos-de-vida\/festa-de-maio-de-piedade-do-rio-grande-minas-gerais\/\">Festa de Maio de Piedade do Rio Grande<\/a><\/li>\n\n\n\n<li><a href=\"https:\/\/mg.passadospresentes.com.br\/festas-e-modos-de-vida\/saberes-do-rosario-em-cambuquira\/\">Saberes do Ros\u00e1rio em Cambuquira<\/a><\/li>\n\n\n\n<li><a href=\"https:\/\/mg.passadospresentes.com.br\/festas-e-modos-de-vida\/festas-afroindigenas\/\">Festas afro-ind\u00edgenas do Nordeste ao Sudeste<\/a><\/li>\n<\/ul>\n","protected":false},"excerpt":{"rendered":"<p>Produ\u00e7\u00f5es escritas, culturais e fotogr\u00e1ficas Por Marlon Marcelo e Samuel Avelar J\u00fanior O grupo &#8220;Festas, modos de vida e cosmologias&#8221; dedicou-se ao estudo das diversas formas de (re) existir das comunidades negras e afro-ind\u00edgenas nos territ\u00f3rios de Minas Gerais, em um contexto de di\u00e1logo diasp\u00f3rico com outras regi\u00f5es do pa\u00eds e do mundo transatl\u00e2ntico. Os [&hellip;]<\/p>\n","protected":false},"author":1,"featured_media":0,"parent":0,"menu_order":0,"comment_status":"closed","ping_status":"closed","template":"","meta":{"_acf_changed":false,"footnotes":""},"class_list":["post-1389","page","type-page","status-publish","hentry"],"acf":[],"_links":{"self":[{"href":"https:\/\/mg.passadospresentes.com.br\/festas-e-modos-de-vida\/wp-json\/wp\/v2\/pages\/1389","targetHints":{"allow":["GET"]}}],"collection":[{"href":"https:\/\/mg.passadospresentes.com.br\/festas-e-modos-de-vida\/wp-json\/wp\/v2\/pages"}],"about":[{"href":"https:\/\/mg.passadospresentes.com.br\/festas-e-modos-de-vida\/wp-json\/wp\/v2\/types\/page"}],"author":[{"embeddable":true,"href":"https:\/\/mg.passadospresentes.com.br\/festas-e-modos-de-vida\/wp-json\/wp\/v2\/users\/1"}],"replies":[{"embeddable":true,"href":"https:\/\/mg.passadospresentes.com.br\/festas-e-modos-de-vida\/wp-json\/wp\/v2\/comments?post=1389"}],"version-history":[{"count":3,"href":"https:\/\/mg.passadospresentes.com.br\/festas-e-modos-de-vida\/wp-json\/wp\/v2\/pages\/1389\/revisions"}],"predecessor-version":[{"id":1392,"href":"https:\/\/mg.passadospresentes.com.br\/festas-e-modos-de-vida\/wp-json\/wp\/v2\/pages\/1389\/revisions\/1392"}],"wp:attachment":[{"href":"https:\/\/mg.passadospresentes.com.br\/festas-e-modos-de-vida\/wp-json\/wp\/v2\/media?parent=1389"}],"curies":[{"name":"wp","href":"https:\/\/api.w.org\/{rel}","templated":true}]}}

<h3 class="wp-block-heading">Produções escritas, culturais e fotográficas</h3>



<p id="block-cb3edb5b-f8dd-4e90-954e-c4ed52a5386e"><strong>Por Marlon Marcelo e Samuel Avelar Júnior</strong></p>



<p id="block-07e64747-b52d-4661-9bb0-59f8b0a57051">O grupo &#8220;Festas, modos de vida e cosmologias&#8221; dedicou-se ao estudo das diversas formas de (re) existir das comunidades negras e afro-indígenas nos territórios de Minas Gerais, em um contexto de diálogo diaspórico com outras regiões do país e do mundo transatlântico. Os pesquisadores investigaram os rituais e festividades, como carnavais, festas do Rosário, Jongos, Congados, Candombes, Terreiros, Quilombos, Marujadas, Reisados, Festas de boi e Folia de Reis, explorando suas dimensões político-sagradas e seu papel na construção da identidade e do pertencimento das comunidades.</p>



<p id="block-4aa44c06-f07c-4722-a73f-203b8f62c693">Partindo do conhecimento da Capitã da Guarda de Massambique de Nossa Senhora das Mercês de Oliveira &#8211; MG e Doutora em Comunicação Social por Notório Saber, Pedrina de Lourdes Santos, o grupo dialoga com epistemologias ancestrais para enriquecer nossa compreensão das festas e da vida como elementos fundamentais para o povo negro e afro-indígena”.</p>



<p id="block-4ca71325-757d-4ec0-b296-9d3a43d60d8b">Os diversos encontros promovidos pelo grupo resultaram na produção propositiva do podcast “Aweto-Erreré: Festas, Modos de Vida e Cosmologias Afro-Indígenas”. A temporada está organizada em oito episódios, abordando a produção epistemológica e as experiências dos povos tradicionais negros e afro-indígenas, além de divulgar esse conhecimento de maneira acessível em plataformas digitais. Os roteiros e as gravações estarão disponíveis no site Passados e Presentes, enquanto os programas editados poderão ser acessados tanto no site quanto em diversas plataformas de áudio.</p>



<h2 class="wp-block-heading" id="block-008af324-fdee-4443-868f-93f36dd27b37"></h2>



<ul id="block-11ab0f05-c74f-4c1e-bb47-a93f511e9d1e" class="wp-block-list">
<li><a href="https://mg.passadospresentes.com.br/festas-e-modos-de-vida/capita-pedrina-de-lourdes-santos-seji-danjy-dya-hongolo/">Capitã Pedrina de Lourdes Santos – Seji Danjy Dya Hongolo</a></li>



<li><a href="https://mg.passadospresentes.com.br/festas-e-modos-de-vida/reinado-de-oliveira/">Reinado de Oliveira</a></li>



<li><a href="https://mg.passadospresentes.com.br/festas-e-modos-de-vida/festa-do-reinado-a-fe-que-canta-e-danca-ouro-preto-minas-gerais/">Festa do Reinado – A Fé que Canta e Dança – Ouro Preto</a></li>



<li><a href="https://mg.passadospresentes.com.br/festas-e-modos-de-vida/clube-social-negro-mundo-velho/">Clube social negro Mundo Velho</a></li>



<li><a href="https://mg.passadospresentes.com.br/festas-e-modos-de-vida/festas-de-folias-do-vale-do-mucuri-em-minas-gerais/">Festas de Folias do Vale do Mucuri</a></li>



<li><a href="https://mg.passadospresentes.com.br/festas-e-modos-de-vida/reinados-e-congado/">Reinados e Congados do Campo das Vertentes</a></li>



<li><a href="https://mg.passadospresentes.com.br/festas-e-modos-de-vida/bumba-meu-boi-do-maranhao/">Bumba meu boi do Maranhão</a></li>



<li><a href="https://mg.passadospresentes.com.br/festas-e-modos-de-vida/reinados-e-congadas-machado-minas-gerais/">Reinados e Congadas de Machado</a></li>



<li><a href="https://mg.passadospresentes.com.br/festas-e-modos-de-vida/festa-de-maio-de-piedade-do-rio-grande-minas-gerais/">Festa de Maio de Piedade do Rio Grande</a></li>



<li><a href="https://mg.passadospresentes.com.br/festas-e-modos-de-vida/saberes-do-rosario-em-cambuquira/">Saberes do Rosário em Cambuquira</a></li>



<li><a href="https://mg.passadospresentes.com.br/festas-e-modos-de-vida/festas-afroindigenas/">Festas afro-indígenas do Nordeste ao Sudeste</a></li>
</ul>

<p>Produções escritas, culturais e fotográficas Por Marlon Marcelo e Samuel Avelar Júnior O grupo &#8220;Festas, modos de vida e cosmologias&#8221; dedicou-se ao estudo das diversas formas de (re) existir das comunidades negras e afro-indígenas nos territórios de Minas Gerais, em um contexto de diálogo diaspórico com outras regiões do país e do mundo transatlântico. Os [&hellip;]</p>
