{"id":796,"date":"2025-01-24T10:07:48","date_gmt":"2025-01-24T13:07:48","guid":{"rendered":"https:\/\/mg.passadospresentes.com.br\/ensino\/?post_type=participante&#038;p=796"},"modified":"2025-12-08T14:13:02","modified_gmt":"2025-12-08T17:13:02","slug":"juliana-pacheco-de-oliveira","status":"publish","type":"participante","link":"https:\/\/mg.passadospresentes.com.br\/ensino\/participante\/juliana-pacheco-de-oliveira\/","title":{"rendered":"Juliana Pacheco de Oliveira"},"content":{"rendered":"\n<p>\u00c9 doutoranda em Educa\u00e7\u00e3o pelo PPGE\/UFRJ, mestra em Ensino de Hist\u00f3ria pelo PPGEH\/UFF e licenciada em Hist\u00f3ria pela Universidade Veiga de Almeida (2006). P\u00f3s-graduada em Hist\u00f3ria e Cultura Afro-brasileira (Ferlagos), Hist\u00f3ria Contempor\u00e2nea (UFF) e Filosofia e Sociologia (UCAM). Atualmente, \u00e9 dinamizadora de Educa\u00e7\u00e3o Escolar Quilombola na rede municipal de ensino de Cabo Frio e coordenadora de Educa\u00e7\u00e3o Escolar Quilombola e Antirracista da Prefeitura Municipal de S\u00e3o Pedro da Aldeia. Ministra forma\u00e7\u00e3o continuada para docentes em ambas as redes em que atua, com foco principalmente em Educa\u00e7\u00e3o Escolar Quilombola e no ensino das rela\u00e7\u00f5es \u00e9tnico-raciais. Integra a equipe de execu\u00e7\u00e3o do projeto de Extens\u00e3o em Educa\u00e7\u00e3o Escolar Quilombola da Universidade Federal do Rio de Janeiro, intitulado \u201cEduca\u00e7\u00e3o Escolar Quilombola: Rodas de Conversa sobre uma Tem\u00e1tica em Constru\u00e7\u00e3o\u201d, coordenado pela professora Dr\u00aa Kalyla Maroun, e participa do grupo de pesquisa Cultna &#8211; Grupo de Estudo e Pesquisa Cultura Negra no Atl\u00e2ntico, coordenado pela professora Dra. Martha Abreu. Idealizou o site www.quilombocaveira.com com o objetivo de fornecer material pedag\u00f3gico para a E.M. Dona Rosa Geralda da Silveira e um acervo p\u00fablico para a comunidade quilombola da Caveira, em S\u00e3o Pedro da Aldeia.<\/p>\n\n\n\n<p>Principais interesses de trabalho e pesquisa: Educa\u00e7\u00e3o Escolar Quilombola, pol\u00edticas educacionais, rela\u00e7\u00f5es \u00e9tnico-raciais, educa\u00e7\u00e3o antirracista, forma\u00e7\u00e3o docente.<\/p>\n","protected":false},"featured_media":1185,"template":"","meta":{"_acf_changed":true},"categoria":[9],"class_list":["post-796","participante","type-participante","status-publish","has-post-thumbnail","hentry","categoria-pesquisadores"],"acf":[],"_links":{"self":[{"href":"https:\/\/mg.passadospresentes.com.br\/ensino\/wp-json\/wp\/v2\/participante\/796","targetHints":{"allow":["GET"]}}],"collection":[{"href":"https:\/\/mg.passadospresentes.com.br\/ensino\/wp-json\/wp\/v2\/participante"}],"about":[{"href":"https:\/\/mg.passadospresentes.com.br\/ensino\/wp-json\/wp\/v2\/types\/participante"}],"wp:featuredmedia":[{"embeddable":true,"href":"https:\/\/mg.passadospresentes.com.br\/ensino\/wp-json\/wp\/v2\/media\/1185"}],"wp:attachment":[{"href":"https:\/\/mg.passadospresentes.com.br\/ensino\/wp-json\/wp\/v2\/media?parent=796"}],"wp:term":[{"taxonomy":"categoria","embeddable":true,"href":"https:\/\/mg.passadospresentes.com.br\/ensino\/wp-json\/wp\/v2\/categoria?post=796"}],"curies":[{"name":"wp","href":"https:\/\/api.w.org\/{rel}","templated":true}]}}

<p>É doutoranda em Educação pelo PPGE/UFRJ, mestra em Ensino de História pelo PPGEH/UFF e licenciada em História pela Universidade Veiga de Almeida (2006). Pós-graduada em História e Cultura Afro-brasileira (Ferlagos), História Contemporânea (UFF) e Filosofia e Sociologia (UCAM). Atualmente, é dinamizadora de Educação Escolar Quilombola na rede municipal de ensino de Cabo Frio e coordenadora de Educação Escolar Quilombola e Antirracista da Prefeitura Municipal de São Pedro da Aldeia. Ministra formação continuada para docentes em ambas as redes em que atua, com foco principalmente em Educação Escolar Quilombola e no ensino das relações étnico-raciais. Integra a equipe de execução do projeto de Extensão em Educação Escolar Quilombola da Universidade Federal do Rio de Janeiro, intitulado “Educação Escolar Quilombola: Rodas de Conversa sobre uma Temática em Construção”, coordenado pela professora Drª Kalyla Maroun, e participa do grupo de pesquisa Cultna &#8211; Grupo de Estudo e Pesquisa Cultura Negra no Atlântico, coordenado pela professora Dra. Martha Abreu. Idealizou o site www.quilombocaveira.com com o objetivo de fornecer material pedagógico para a E.M. Dona Rosa Geralda da Silveira e um acervo público para a comunidade quilombola da Caveira, em São Pedro da Aldeia.</p>



<p>Principais interesses de trabalho e pesquisa: Educação Escolar Quilombola, políticas educacionais, relações étnico-raciais, educação antirracista, formação docente.</p>
