{"id":775,"date":"2025-01-23T17:49:33","date_gmt":"2025-01-23T20:49:33","guid":{"rendered":"https:\/\/mg.passadospresentes.com.br\/ensino\/?post_type=participante&#038;p=775"},"modified":"2025-12-08T14:13:32","modified_gmt":"2025-12-08T17:13:32","slug":"lilian-alexandra-santos-pinto","status":"publish","type":"participante","link":"https:\/\/mg.passadospresentes.com.br\/ensino\/participante\/lilian-alexandra-santos-pinto\/","title":{"rendered":"Lilian Alexandra Santos Pinto"},"content":{"rendered":"\n<p>Lilian Alexandra \u00e9 graduanda em Hist\u00f3ria pela Universidade Federal de Vi\u00e7osa e pesquisadora no campo da Hist\u00f3ria da \u00c1frica, com \u00eanfase na an\u00e1lise das experi\u00eancias de africanos a partir de documentos judiciais. Participante do Programa \u201cCaminhos Amefricanos\u201d promovido pelo Minist\u00e9rio da Igualdade Racial em parceria com a CAPES, teve a oportunidade de apresentar sua pesquisa em Mo\u00e7ambique, ampliando seus conhecimentos sobre o continente africano e suas rela\u00e7\u00f5es hist\u00f3ricas e culturais com o Brasil. Sua trajet\u00f3ria acad\u00eamica e engajamento social s\u00e3o fortemente marcadas pela inser\u00e7\u00e3o nas viv\u00eancias e pr\u00e1ticas de povos e comunidades tradicionais do interior de Minas Gerais. Como pesquisadora no projeto \u201cPassados \u200b\u200bPresentes: patrim\u00f4nios e mem\u00f3rias negras e afro-ind\u00edgenas em Minas Gerais\u201d, Lilian se dedica \u00e0 promo\u00e7\u00e3o do reconhecimento e valoriza\u00e7\u00e3o do patrim\u00f4nio hist\u00f3rico e cultural relacionado aos povos negros e afro-ind\u00edgenas no estado, tem\u00e1tica que fundamenta suas investiga\u00e7\u00f5es sobre a segrega\u00e7\u00e3o racial no Brasil e a di\u00e1spora africana. Al\u00e9m disso, \u00e9 integrante de iniciativas extensionistas, como o projeto \u201cCultura Afro-Brasileira: Reafirmando Identidades e Promovendo o Combate ao Racismo\u201d.Sua atua\u00e7\u00e3o se estende tamb\u00e9m \u00e0 educa\u00e7\u00e3o p\u00fablica, contribuindo para a forma\u00e7\u00e3o de uma consci\u00eancia cr\u00edtica acerca da hist\u00f3ria e da cultura afro-brasileira, com especial \u00eanfase na sensibiliza\u00e7\u00e3o para as desigualdades raciais.<\/p>\n","protected":false},"featured_media":1184,"template":"","meta":{"_acf_changed":true},"categoria":[9],"class_list":["post-775","participante","type-participante","status-publish","has-post-thumbnail","hentry","categoria-pesquisadores"],"acf":[],"_links":{"self":[{"href":"https:\/\/mg.passadospresentes.com.br\/ensino\/wp-json\/wp\/v2\/participante\/775","targetHints":{"allow":["GET"]}}],"collection":[{"href":"https:\/\/mg.passadospresentes.com.br\/ensino\/wp-json\/wp\/v2\/participante"}],"about":[{"href":"https:\/\/mg.passadospresentes.com.br\/ensino\/wp-json\/wp\/v2\/types\/participante"}],"wp:featuredmedia":[{"embeddable":true,"href":"https:\/\/mg.passadospresentes.com.br\/ensino\/wp-json\/wp\/v2\/media\/1184"}],"wp:attachment":[{"href":"https:\/\/mg.passadospresentes.com.br\/ensino\/wp-json\/wp\/v2\/media?parent=775"}],"wp:term":[{"taxonomy":"categoria","embeddable":true,"href":"https:\/\/mg.passadospresentes.com.br\/ensino\/wp-json\/wp\/v2\/categoria?post=775"}],"curies":[{"name":"wp","href":"https:\/\/api.w.org\/{rel}","templated":true}]}}

<p>Lilian Alexandra é graduanda em História pela Universidade Federal de Viçosa e pesquisadora no campo da História da África, com ênfase na análise das experiências de africanos a partir de documentos judiciais. Participante do Programa “Caminhos Amefricanos” promovido pelo Ministério da Igualdade Racial em parceria com a CAPES, teve a oportunidade de apresentar sua pesquisa em Moçambique, ampliando seus conhecimentos sobre o continente africano e suas relações históricas e culturais com o Brasil. Sua trajetória acadêmica e engajamento social são fortemente marcadas pela inserção nas vivências e práticas de povos e comunidades tradicionais do interior de Minas Gerais. Como pesquisadora no projeto “Passados ​​Presentes: patrimônios e memórias negras e afro-indígenas em Minas Gerais”, Lilian se dedica à promoção do reconhecimento e valorização do patrimônio histórico e cultural relacionado aos povos negros e afro-indígenas no estado, temática que fundamenta suas investigações sobre a segregação racial no Brasil e a diáspora africana. Além disso, é integrante de iniciativas extensionistas, como o projeto “Cultura Afro-Brasileira: Reafirmando Identidades e Promovendo o Combate ao Racismo”.Sua atuação se estende também à educação pública, contribuindo para a formação de uma consciência crítica acerca da história e da cultura afro-brasileira, com especial ênfase na sensibilização para as desigualdades raciais.</p>
