{"id":194,"date":"2024-10-24T19:25:10","date_gmt":"2024-10-24T22:25:10","guid":{"rendered":"https:\/\/mg.passadospresentes.com.br\/ensino\/?post_type=participante&#038;p=194"},"modified":"2025-12-08T14:15:32","modified_gmt":"2025-12-08T17:15:32","slug":"flavia","status":"publish","type":"participante","link":"https:\/\/mg.passadospresentes.com.br\/ensino\/participante\/flavia\/","title":{"rendered":"Ra\u00edssa Santos Valeriano"},"content":{"rendered":"\n<p>Ra\u00edssa Santos Valeriano. Para alguns, sou a menina formada em Hist\u00f3ria pela Universidade Federal de Vi\u00e7osa (UFV) que recentemente ingressou no mestrado da Universidade Federal Fluminense (UFF). Para outros, sou a Ra\u00edssa que nasceu em 15 de junho de 2000, em Nova Friburgo, moradora das Casas Populares, e que sempre esteve ligada \u00e0s artes, especialmente \u00e0 dan\u00e7a e suas diversas modalidades.<\/p>\n\n\n\n<p>Sou neta da V\u00f3 Vera (Vera L\u00facia Santos da Concei\u00e7\u00e3o), dona do melhor tempero e das receitas mais deliciosas que j\u00e1 experimentei. Filha de Suellen Santos, aquela mesma que brilhou como Rainha da Corte do Carnaval de Nova Friburgo em 2004 e 2006, e de Rafael Valeriano da Silva, o famoso &#8220;Rafinha&#8221;, figura ativa no carnaval friburguense, sempre presente na harmonia ou na organiza\u00e7\u00e3o da escola de samba.<\/p>\n\n\n\n<p>Minha fam\u00edlia inteira tem uma forte liga\u00e7\u00e3o com o carnaval de Nova Friburgo e do Rio de Janeiro, e eu, que cresci como uma espectadora \u00e1vida, hoje me dedico como pesquisadora desse universo. Al\u00e9m disso, tenho grande interesse pela cultura afro-brasileira como um todo. Atualmente, sou pesquisadora volunt\u00e1ria no projeto Ensinar e dialogar sobre diferentes passados e presentes: ensino de Hist\u00f3ria e materiais did\u00e1ticos sobre os patrim\u00f4nios, hist\u00f3rias e mem\u00f3rias afro-brasileiras em Minas Gerais. Este projeto \u00e9 desenvolvido no Col\u00e9gio de Aplica\u00e7\u00e3o (CApCOLUNI) da Universidade Federal de Vi\u00e7osa (UFV). Tamb\u00e9m fa\u00e7o parte do grupo de estudos CULTNA e do grupo de estudos Sambaviv\u00eancias, ambos compostos por pesquisadores que se dedicam \u00e0 investiga\u00e7\u00e3o da cultura afro-brasileira.<\/p>\n","protected":false},"featured_media":1183,"template":"","meta":{"_acf_changed":true},"categoria":[9],"class_list":["post-194","participante","type-participante","status-publish","has-post-thumbnail","hentry","categoria-pesquisadores"],"acf":[],"_links":{"self":[{"href":"https:\/\/mg.passadospresentes.com.br\/ensino\/wp-json\/wp\/v2\/participante\/194","targetHints":{"allow":["GET"]}}],"collection":[{"href":"https:\/\/mg.passadospresentes.com.br\/ensino\/wp-json\/wp\/v2\/participante"}],"about":[{"href":"https:\/\/mg.passadospresentes.com.br\/ensino\/wp-json\/wp\/v2\/types\/participante"}],"wp:featuredmedia":[{"embeddable":true,"href":"https:\/\/mg.passadospresentes.com.br\/ensino\/wp-json\/wp\/v2\/media\/1183"}],"wp:attachment":[{"href":"https:\/\/mg.passadospresentes.com.br\/ensino\/wp-json\/wp\/v2\/media?parent=194"}],"wp:term":[{"taxonomy":"categoria","embeddable":true,"href":"https:\/\/mg.passadospresentes.com.br\/ensino\/wp-json\/wp\/v2\/categoria?post=194"}],"curies":[{"name":"wp","href":"https:\/\/api.w.org\/{rel}","templated":true}]}}

Raíssa Santos Valeriano

<p>Raíssa Santos Valeriano. Para alguns, sou a menina formada em História pela Universidade Federal de Viçosa (UFV) que recentemente ingressou no mestrado da Universidade Federal Fluminense (UFF). Para outros, sou a Raíssa que nasceu em 15 de junho de 2000, em Nova Friburgo, moradora das Casas Populares, e que sempre esteve ligada às artes, especialmente à dança e suas diversas modalidades.</p>



<p>Sou neta da Vó Vera (Vera Lúcia Santos da Conceição), dona do melhor tempero e das receitas mais deliciosas que já experimentei. Filha de Suellen Santos, aquela mesma que brilhou como Rainha da Corte do Carnaval de Nova Friburgo em 2004 e 2006, e de Rafael Valeriano da Silva, o famoso &#8220;Rafinha&#8221;, figura ativa no carnaval friburguense, sempre presente na harmonia ou na organização da escola de samba.</p>



<p>Minha família inteira tem uma forte ligação com o carnaval de Nova Friburgo e do Rio de Janeiro, e eu, que cresci como uma espectadora ávida, hoje me dedico como pesquisadora desse universo. Além disso, tenho grande interesse pela cultura afro-brasileira como um todo. Atualmente, sou pesquisadora voluntária no projeto Ensinar e dialogar sobre diferentes passados e presentes: ensino de História e materiais didáticos sobre os patrimônios, histórias e memórias afro-brasileiras em Minas Gerais. Este projeto é desenvolvido no Colégio de Aplicação (CApCOLUNI) da Universidade Federal de Viçosa (UFV). Também faço parte do grupo de estudos CULTNA e do grupo de estudos Sambavivências, ambos compostos por pesquisadores que se dedicam à investigação da cultura afro-brasileira.</p>
