{"id":962,"date":"2025-03-12T18:40:06","date_gmt":"2025-03-12T21:40:06","guid":{"rendered":"https:\/\/mg.passadospresentes.com.br\/ensino\/?post_type=lugar&#038;p=962"},"modified":"2025-09-12T16:15:00","modified_gmt":"2025-09-12T19:15:00","slug":"ponto-das-lavadeiras","status":"publish","type":"lugar","link":"https:\/\/mg.passadospresentes.com.br\/ensino\/lugar\/ponto-das-lavadeiras\/","title":{"rendered":"Ponto das lavadeiras"},"content":{"rendered":"\n<p>Mulheres da comunidade quilombola tinham o costume de lavarem roupa no c\u00f3rrego passa cinco, em local onde havia pedras, pr\u00f3ximo ao antigo moinho. O espa\u00e7o desapareceu com a urbaniza\u00e7\u00e3o do territ\u00f3rio.<\/p>\n\n\n\n<p>Ponto de Refer\u00eancia: Entroncamento entre a Rua Cel. Em\u00edlio Martins e Av. Amazonas<\/p>\n\n\n\n<figure class=\"wp-block-embed is-type-video is-provider-youtube wp-block-embed-youtube wp-embed-aspect-16-9 wp-has-aspect-ratio\"><div class=\"wp-block-embed__wrapper\">\n<iframe title=\"Ponto das Lavadeiras\" width=\"800\" height=\"450\" src=\"https:\/\/www.youtube.com\/embed\/zIMhiYQGgzo?feature=oembed\" frameborder=\"0\" allow=\"accelerometer; autoplay; clipboard-write; encrypted-media; gyroscope; picture-in-picture; web-share\" referrerpolicy=\"strict-origin-when-cross-origin\" allowfullscreen><\/iframe>\n<\/div><\/figure>\n\n\n\n<iframe src=\"https:\/\/www.google.com\/maps\/d\/embed?mid=1YmlwmP1soKvPLZapqbpJHnk2d9kEDO0&#038;ehbc=2E312F&#038;noprof=1\" width=\"640\" height=\"480\"><\/iframe>\n\n\n\n<iframe src=\"https:\/\/www.google.com\/maps\/d\/embed?mid=1nUU9dmoyKFQBgdgCpkX_-GETgpIjtvc&#038;ehbc=2E312F&#038;noprof=1\" width=\"640\" height=\"480\"><\/iframe>\n","protected":false},"featured_media":0,"template":"","meta":{"_acf_changed":false},"class_list":["post-962","lugar","type-lugar","status-publish","hentry"],"acf":[],"_links":{"self":[{"href":"https:\/\/mg.passadospresentes.com.br\/ensino\/wp-json\/wp\/v2\/lugar\/962","targetHints":{"allow":["GET"]}}],"collection":[{"href":"https:\/\/mg.passadospresentes.com.br\/ensino\/wp-json\/wp\/v2\/lugar"}],"about":[{"href":"https:\/\/mg.passadospresentes.com.br\/ensino\/wp-json\/wp\/v2\/types\/lugar"}],"wp:attachment":[{"href":"https:\/\/mg.passadospresentes.com.br\/ensino\/wp-json\/wp\/v2\/media?parent=962"}],"curies":[{"name":"wp","href":"https:\/\/api.w.org\/{rel}","templated":true}]}}

<p>Mulheres da comunidade quilombola tinham o costume de lavarem roupa no córrego passa cinco, em local onde havia pedras, próximo ao antigo moinho. O espaço desapareceu com a urbanização do território.</p>



<p>Ponto de Referência: Entroncamento entre a Rua Cel. Emílio Martins e Av. Amazonas</p>



<figure class="wp-block-embed is-type-video is-provider-youtube wp-block-embed-youtube wp-embed-aspect-16-9 wp-has-aspect-ratio"><div class="wp-block-embed__wrapper">
<iframe title="Ponto das Lavadeiras" width="800" height="450" src="https://www.youtube.com/embed/zIMhiYQGgzo?feature=oembed" frameborder="0" allow="accelerometer; autoplay; clipboard-write; encrypted-media; gyroscope; picture-in-picture; web-share" referrerpolicy="strict-origin-when-cross-origin" allowfullscreen></iframe>
</div></figure>



<iframe src="https://www.google.com/maps/d/embed?mid=1YmlwmP1soKvPLZapqbpJHnk2d9kEDO0&#038;ehbc=2E312F&#038;noprof=1" width="640" height="480"></iframe>



<iframe src="https://www.google.com/maps/d/embed?mid=1nUU9dmoyKFQBgdgCpkX_-GETgpIjtvc&#038;ehbc=2E312F&#038;noprof=1" width="640" height="480"></iframe>
