{"id":875,"date":"2025-02-05T15:06:08","date_gmt":"2025-02-05T18:06:08","guid":{"rendered":"https:\/\/mg.passadospresentes.com.br\/ensino\/?post_type=lugar&#038;p=875"},"modified":"2025-10-29T21:23:35","modified_gmt":"2025-10-30T00:23:35","slug":"casa-ganga-zumba","status":"publish","type":"lugar","link":"https:\/\/mg.passadospresentes.com.br\/ensino\/lugar\/casa-ganga-zumba\/","title":{"rendered":"Casa Ganga Zumba"},"content":{"rendered":"\n<p>Sede da entidade sociocultural e educativa fundada em 1988, espa\u00e7o central no desenvolvimento de a\u00e7\u00f5es do movimento negro e quilombola do territ\u00f3rio do Bairro de F\u00e1tima.<\/p>\n\n\n\n<p>O terreno no qual a sede da entidade foi constru\u00eddo foi cedido pela Arquidiocese de Marina, ent\u00e3o sob o comando de Dom Luciano Mendes de Almeida.<\/p>\n\n\n\n<p>Fotografia: <strong>Bairro de F\u00e1tima. Foto de L\u00edvia Rabelo e Rosangela Lisboa dos Santos<\/strong> &nbsp;(Proa: Rev. de Antrop. e Arte. v. 13 | p. 1-7 2023)<\/p>\n\n\n\n<iframe src=\"https:\/\/www.google.com\/maps\/d\/embed?mid=1feu1BX8u9siPi_8dJB4o_9KtyuikfUY&#038;ehbc=2E312F&#038;noprof=1\" width=\"640\" height=\"480\"><\/iframe>\n\n\n\n<iframe src=\"https:\/\/www.google.com\/maps\/d\/embed?mid=1nUU9dmoyKFQBgdgCpkX_-GETgpIjtvc&#038;ehbc=2E312F&#038;noprof=1\" width=\"640\" height=\"480\"><\/iframe>\n","protected":false},"featured_media":876,"template":"","meta":{"_acf_changed":false},"class_list":["post-875","lugar","type-lugar","status-publish","has-post-thumbnail","hentry"],"acf":[],"_links":{"self":[{"href":"https:\/\/mg.passadospresentes.com.br\/ensino\/wp-json\/wp\/v2\/lugar\/875","targetHints":{"allow":["GET"]}}],"collection":[{"href":"https:\/\/mg.passadospresentes.com.br\/ensino\/wp-json\/wp\/v2\/lugar"}],"about":[{"href":"https:\/\/mg.passadospresentes.com.br\/ensino\/wp-json\/wp\/v2\/types\/lugar"}],"wp:featuredmedia":[{"embeddable":true,"href":"https:\/\/mg.passadospresentes.com.br\/ensino\/wp-json\/wp\/v2\/media\/876"}],"wp:attachment":[{"href":"https:\/\/mg.passadospresentes.com.br\/ensino\/wp-json\/wp\/v2\/media?parent=875"}],"curies":[{"name":"wp","href":"https:\/\/api.w.org\/{rel}","templated":true}]}}

<p>Sede da entidade sociocultural e educativa fundada em 1988, espaço central no desenvolvimento de ações do movimento negro e quilombola do território do Bairro de Fátima.</p>



<p>O terreno no qual a sede da entidade foi construído foi cedido pela Arquidiocese de Marina, então sob o comando de Dom Luciano Mendes de Almeida.</p>



<p>Fotografia: <strong>Bairro de Fátima. Foto de Lívia Rabelo e Rosangela Lisboa dos Santos</strong> &nbsp;(Proa: Rev. de Antrop. e Arte. v. 13 | p. 1-7 2023)</p>



<iframe src="https://www.google.com/maps/d/embed?mid=1feu1BX8u9siPi_8dJB4o_9KtyuikfUY&#038;ehbc=2E312F&#038;noprof=1" width="640" height="480"></iframe>



<iframe src="https://www.google.com/maps/d/embed?mid=1nUU9dmoyKFQBgdgCpkX_-GETgpIjtvc&#038;ehbc=2E312F&#038;noprof=1" width="640" height="480"></iframe>
