{"id":805,"date":"2025-03-17T13:12:13","date_gmt":"2025-03-17T16:12:13","guid":{"rendered":"https:\/\/mg.passadospresentes.com.br\/cultura-material\/?post_type=participante&#038;p=805"},"modified":"2025-06-25T15:59:59","modified_gmt":"2025-06-25T18:59:59","slug":"paulo-campos","status":"publish","type":"participante","link":"https:\/\/mg.passadospresentes.com.br\/cultura-material\/participante\/paulo-campos\/","title":{"rendered":"Paulo Campos"},"content":{"rendered":"\n<p>Graduado em Antropologia com habilita\u00e7\u00e3o em Arqueologia pela Universidade Federal de Minas Gerais (UFMG), Paulo \u00e9 Mestre em Humanidades pela Universidade Federal dos Vales do Jequitinhonha e Mucuri (UFVJM) e Doutorando em Antropologia\/Arqueologia pela UFMG. <br><br>Atualmente, sua pesquisa envolve a an\u00e1lise de parte da cultura material afro diasp\u00f3rica proveniente dos s\u00edtios arqueol\u00f3gicos &#8220;Casa da Chica da Silva&#8221; e &#8220;Museu do Diamante&#8221;. Nesses locais foram realizadas escava\u00e7\u00f5es arqueol\u00f3gicas e coletas de fragmentos de vasilhames e cachimbos de cer\u00e2mica. A partir da an\u00e1lise dessas materialidades Paulo busca compreender as distintas rela\u00e7\u00f5es, intera\u00e7\u00f5es, pr\u00e1ticas religiosas e do cotidiano da popula\u00e7\u00e3o negra e escravizada que habitou a regi\u00e3o de\u00a0Diamantinna\/MG. <\/p>\n","protected":false},"featured_media":889,"template":"","meta":{"_acf_changed":false},"categoria":[9],"class_list":["post-805","participante","type-participante","status-publish","has-post-thumbnail","hentry","categoria-pesquisadores"],"acf":[],"_links":{"self":[{"href":"https:\/\/mg.passadospresentes.com.br\/cultura-material\/wp-json\/wp\/v2\/participante\/805","targetHints":{"allow":["GET"]}}],"collection":[{"href":"https:\/\/mg.passadospresentes.com.br\/cultura-material\/wp-json\/wp\/v2\/participante"}],"about":[{"href":"https:\/\/mg.passadospresentes.com.br\/cultura-material\/wp-json\/wp\/v2\/types\/participante"}],"wp:featuredmedia":[{"embeddable":true,"href":"https:\/\/mg.passadospresentes.com.br\/cultura-material\/wp-json\/wp\/v2\/media\/889"}],"wp:attachment":[{"href":"https:\/\/mg.passadospresentes.com.br\/cultura-material\/wp-json\/wp\/v2\/media?parent=805"}],"wp:term":[{"taxonomy":"categoria","embeddable":true,"href":"https:\/\/mg.passadospresentes.com.br\/cultura-material\/wp-json\/wp\/v2\/categoria?post=805"}],"curies":[{"name":"wp","href":"https:\/\/api.w.org\/{rel}","templated":true}]}}

<p>Graduado em Antropologia com habilitação em Arqueologia pela Universidade Federal de Minas Gerais (UFMG), Paulo é Mestre em Humanidades pela Universidade Federal dos Vales do Jequitinhonha e Mucuri (UFVJM) e Doutorando em Antropologia/Arqueologia pela UFMG. <br><br>Atualmente, sua pesquisa envolve a análise de parte da cultura material afro diaspórica proveniente dos sítios arqueológicos &#8220;Casa da Chica da Silva&#8221; e &#8220;Museu do Diamante&#8221;. Nesses locais foram realizadas escavações arqueológicas e coletas de fragmentos de vasilhames e cachimbos de cerâmica. A partir da análise dessas materialidades Paulo busca compreender as distintas relações, interações, práticas religiosas e do cotidiano da população negra e escravizada que habitou a região de Diamantinna/MG. </p>
