{"id":719,"date":"2025-02-28T12:03:01","date_gmt":"2025-02-28T15:03:01","guid":{"rendered":"https:\/\/mg.passadospresentes.com.br\/cultura-material\/?post_type=participante&#038;p=719"},"modified":"2025-03-19T12:46:59","modified_gmt":"2025-03-19T15:46:59","slug":"vanicleia-silva-santos","status":"publish","type":"participante","link":"https:\/\/mg.passadospresentes.com.br\/cultura-material\/participante\/vanicleia-silva-santos\/","title":{"rendered":"Vanicleia Silva Santos"},"content":{"rendered":"\n<p>Vanicleia Silva Santos \u00e9 Curadora da Cole\u00e7\u00e3o Africana do Penn Museum\/University of Pennsylvania e Professora de Historia da Africa na Universidade Federal de Minas Gerais\/UFMG. Membro do Comit\u00ea Cientifico Internacional da UNESCO para Elabora\u00e7\u00e3o do IX Volume de Histo\u0301ria Geral da A\u0301frica. Organizadora e Coeditora de obras sobre a cultura material africana e suas di\u00e1sporas, tais como Marfins Como Ins\u00edgnia de Poder (2023); O Marfim no Mundo Moderno (2017), O Com\u00e9rcio de Marfim no Mundo Atl\u00e2ntico (2018), Arqueologia e hist\u00f3ria da cultura material na \u00c1frica e na di\u00e1spora Africana (2018), dentre outras. Neste projeto, ela coordenou a produ\u00e7\u00e3o do cat\u00e1logo sobre cultura material.<br>&#8220;<\/p>\n\n\n\n<p><br><br><\/p>\n\n\n\n<p><\/p>\n","protected":false},"featured_media":716,"template":"","meta":{"_acf_changed":true},"categoria":[9],"class_list":["post-719","participante","type-participante","status-publish","has-post-thumbnail","hentry","categoria-pesquisadores"],"acf":[],"_links":{"self":[{"href":"https:\/\/mg.passadospresentes.com.br\/cultura-material\/wp-json\/wp\/v2\/participante\/719","targetHints":{"allow":["GET"]}}],"collection":[{"href":"https:\/\/mg.passadospresentes.com.br\/cultura-material\/wp-json\/wp\/v2\/participante"}],"about":[{"href":"https:\/\/mg.passadospresentes.com.br\/cultura-material\/wp-json\/wp\/v2\/types\/participante"}],"wp:featuredmedia":[{"embeddable":true,"href":"https:\/\/mg.passadospresentes.com.br\/cultura-material\/wp-json\/wp\/v2\/media\/716"}],"wp:attachment":[{"href":"https:\/\/mg.passadospresentes.com.br\/cultura-material\/wp-json\/wp\/v2\/media?parent=719"}],"wp:term":[{"taxonomy":"categoria","embeddable":true,"href":"https:\/\/mg.passadospresentes.com.br\/cultura-material\/wp-json\/wp\/v2\/categoria?post=719"}],"curies":[{"name":"wp","href":"https:\/\/api.w.org\/{rel}","templated":true}]}}

<p>Vanicleia Silva Santos é Curadora da Coleção Africana do Penn Museum/University of Pennsylvania e Professora de Historia da Africa na Universidade Federal de Minas Gerais/UFMG. Membro do Comitê Cientifico Internacional da UNESCO para Elaboração do IX Volume de História Geral da África. Organizadora e Coeditora de obras sobre a cultura material africana e suas diásporas, tais como Marfins Como Insígnia de Poder (2023); O Marfim no Mundo Moderno (2017), O Comércio de Marfim no Mundo Atlântico (2018), Arqueologia e história da cultura material na África e na diáspora Africana (2018), dentre outras. Neste projeto, ela coordenou a produção do catálogo sobre cultura material.<br>&#8220;</p>



<p><br><br></p>



<p></p>
