{"id":706,"date":"2025-02-28T11:42:12","date_gmt":"2025-02-28T14:42:12","guid":{"rendered":"https:\/\/mg.passadospresentes.com.br\/cultura-material\/?post_type=participante&#038;p=706"},"modified":"2025-03-17T13:01:51","modified_gmt":"2025-03-17T16:01:51","slug":"leticia-rosa","status":"publish","type":"participante","link":"https:\/\/mg.passadospresentes.com.br\/cultura-material\/participante\/leticia-rosa\/","title":{"rendered":"Let\u00edcia Rosa"},"content":{"rendered":"\n<p>Mulher cis, negra,\u00a032\u00a0anos, carioca, turism\u00f3loga pela Universidade Veiga de Almeida, Let\u00edcia iniciou sua trajet\u00f3ria na pesquisa do patrim\u00f4nio em S\u00e3o Lu\u00eds do Maranh\u00e3o, a partir do Complexo Cultural do Bumba-meu-boi, ainda na gradua\u00e7\u00e3o de Turismo pensando em festejos que trazem o Boi como figura central. Hoje, atua como pesquisadora na \u00e1rea do Patrim\u00f4nio Material e Imaterial e tem dado continuidade a seus estudos no curso de Antropologia na Universidade Federal de Minas Gerais pesquisando o &#8220;Boi do Rosa\u0301rio&#8221; e suas manifesta\u00e7\u00f5es dentro das Tradic\u0327o\u0303es Reinadeiras.<\/p>\n\n\n\n<p><\/p>\n\n\n\n<p><\/p>\n\n\n\n<p><\/p>\n","protected":false},"featured_media":711,"template":"","meta":{"_acf_changed":true},"categoria":[9],"class_list":["post-706","participante","type-participante","status-publish","has-post-thumbnail","hentry","categoria-pesquisadores"],"acf":[],"_links":{"self":[{"href":"https:\/\/mg.passadospresentes.com.br\/cultura-material\/wp-json\/wp\/v2\/participante\/706","targetHints":{"allow":["GET"]}}],"collection":[{"href":"https:\/\/mg.passadospresentes.com.br\/cultura-material\/wp-json\/wp\/v2\/participante"}],"about":[{"href":"https:\/\/mg.passadospresentes.com.br\/cultura-material\/wp-json\/wp\/v2\/types\/participante"}],"wp:featuredmedia":[{"embeddable":true,"href":"https:\/\/mg.passadospresentes.com.br\/cultura-material\/wp-json\/wp\/v2\/media\/711"}],"wp:attachment":[{"href":"https:\/\/mg.passadospresentes.com.br\/cultura-material\/wp-json\/wp\/v2\/media?parent=706"}],"wp:term":[{"taxonomy":"categoria","embeddable":true,"href":"https:\/\/mg.passadospresentes.com.br\/cultura-material\/wp-json\/wp\/v2\/categoria?post=706"}],"curies":[{"name":"wp","href":"https:\/\/api.w.org\/{rel}","templated":true}]}}

Letícia Rosa

<p>Mulher cis, negra, 32 anos, carioca, turismóloga pela Universidade Veiga de Almeida, Letícia iniciou sua trajetória na pesquisa do patrimônio em São Luís do Maranhão, a partir do Complexo Cultural do Bumba-meu-boi, ainda na graduação de Turismo pensando em festejos que trazem o Boi como figura central. Hoje, atua como pesquisadora na área do Patrimônio Material e Imaterial e tem dado continuidade a seus estudos no curso de Antropologia na Universidade Federal de Minas Gerais pesquisando o &#8220;Boi do Rosário&#8221; e suas manifestações dentro das Tradições Reinadeiras.</p>



<p></p>



<p></p>



<p></p>
