{"id":705,"date":"2025-02-27T11:42:29","date_gmt":"2025-02-27T14:42:29","guid":{"rendered":"https:\/\/mg.passadospresentes.com.br\/cultura-material\/?post_type=participante&#038;p=705"},"modified":"2025-02-28T11:45:37","modified_gmt":"2025-02-28T14:45:37","slug":"pedro-da-maura","status":"publish","type":"participante","link":"https:\/\/mg.passadospresentes.com.br\/cultura-material\/participante\/pedro-da-maura\/","title":{"rendered":"Pedro da Maura"},"content":{"rendered":"\n<p>Criado na regi\u00e3o de Venda Nova em Belo Horizonte, Pedro \u00e9 congadeiro, candomblecista, funkeiro e bacharel em antropologia. Divide sua pesquisa em duas frentes: na cultura popular como artista e nas ci\u00eancias como pesquisador das organiza\u00e7\u00f5es pol\u00edticas de origem africana. <br><br>Atento a necessidade de um conhecimento pr\u00e9vio e concomitante da realidade de \u00c1frica para se compreender a di\u00e1spora, aplica essa no\u00e7\u00e3o atrav\u00e9s de Beatriz Nascimento no estudo de caso do <a href=\"https:\/\/www.mgquilombo.com.br\/artigos\/bens-quilombolas-materias-e-imateriais\/quilombo-do-ambrosio\/\" data-type=\"link\" data-id=\"https:\/\/www.mgquilombo.com.br\/artigos\/bens-quilombolas-materias-e-imateriais\/quilombo-do-ambrosio\/\">Quilombo do Ambr\u00f3sio<\/a> em Minas Gerais. <br><br>Ao longo de sua trajet\u00f3ria atuou exercendo forma\u00e7\u00f5es pol\u00edticas atrav\u00e9s da Cooperativa de Pesquisadores Populares, foi membro fundador do <a href=\"https:\/\/www.instagram.com\/ccnufmg\/\" data-type=\"link\" data-id=\"https:\/\/www.instagram.com\/ccnufmg\/\">Centro de Conviv\u00eancia Negra da UFMG<\/a> e artista residente da LAB BDMG. Atualmente desenvolve um mapeamento do funk de Belo Horizonte, enquanto aprofunda seus estudos sobre a origem dos quilombos em Angola<\/p>\n","protected":false},"featured_media":709,"template":"","meta":{"_acf_changed":false},"categoria":[9],"class_list":["post-705","participante","type-participante","status-publish","has-post-thumbnail","hentry","categoria-pesquisadores"],"acf":[],"_links":{"self":[{"href":"https:\/\/mg.passadospresentes.com.br\/cultura-material\/wp-json\/wp\/v2\/participante\/705","targetHints":{"allow":["GET"]}}],"collection":[{"href":"https:\/\/mg.passadospresentes.com.br\/cultura-material\/wp-json\/wp\/v2\/participante"}],"about":[{"href":"https:\/\/mg.passadospresentes.com.br\/cultura-material\/wp-json\/wp\/v2\/types\/participante"}],"wp:featuredmedia":[{"embeddable":true,"href":"https:\/\/mg.passadospresentes.com.br\/cultura-material\/wp-json\/wp\/v2\/media\/709"}],"wp:attachment":[{"href":"https:\/\/mg.passadospresentes.com.br\/cultura-material\/wp-json\/wp\/v2\/media?parent=705"}],"wp:term":[{"taxonomy":"categoria","embeddable":true,"href":"https:\/\/mg.passadospresentes.com.br\/cultura-material\/wp-json\/wp\/v2\/categoria?post=705"}],"curies":[{"name":"wp","href":"https:\/\/api.w.org\/{rel}","templated":true}]}}

<p>Criado na região de Venda Nova em Belo Horizonte, Pedro é congadeiro, candomblecista, funkeiro e bacharel em antropologia. Divide sua pesquisa em duas frentes: na cultura popular como artista e nas ciências como pesquisador das organizações políticas de origem africana. <br><br>Atento a necessidade de um conhecimento prévio e concomitante da realidade de África para se compreender a diáspora, aplica essa noção através de Beatriz Nascimento no estudo de caso do <a href="https://www.mgquilombo.com.br/artigos/bens-quilombolas-materias-e-imateriais/quilombo-do-ambrosio/" data-type="link" data-id="https://www.mgquilombo.com.br/artigos/bens-quilombolas-materias-e-imateriais/quilombo-do-ambrosio/">Quilombo do Ambrósio</a> em Minas Gerais. <br><br>Ao longo de sua trajetória atuou exercendo formações políticas através da Cooperativa de Pesquisadores Populares, foi membro fundador do <a href="https://www.instagram.com/ccnufmg/" data-type="link" data-id="https://www.instagram.com/ccnufmg/">Centro de Convivência Negra da UFMG</a> e artista residente da LAB BDMG. Atualmente desenvolve um mapeamento do funk de Belo Horizonte, enquanto aprofunda seus estudos sobre a origem dos quilombos em Angola</p>
