{"id":194,"date":"2024-10-24T19:25:10","date_gmt":"2024-10-24T22:25:10","guid":{"rendered":"https:\/\/mg.passadospresentes.com.br\/cultura-material\/?post_type=participante&#038;p=194"},"modified":"2025-03-17T13:00:52","modified_gmt":"2025-03-17T16:00:52","slug":"simonedeassis","status":"publish","type":"participante","link":"https:\/\/mg.passadospresentes.com.br\/cultura-material\/participante\/simonedeassis\/","title":{"rendered":"Simone de Assis"},"content":{"rendered":"\n<p>Simone de Assis \u00e9 mulher preta, perif\u00e9rica e fazedora de mem\u00f3rias negras. \u00c9 Mestra em Hist\u00f3ria pela UFSJ. Trabalha no projeto &#8220;A Ditadura em Minas Gerais: hist\u00f3ria, mem\u00f3ria e historiografia&#8221;, com o subs\u00eddio da FAPEMIG, na UEMG Campanha. Participa do projeto; Passados Presentes: patrim\u00f4nios e mem\u00f3rias negras em Minas Gerais; Grupo de Trabalho Emancipa\u00e7\u00f5es e P\u00f3s- Aboli\u00e7\u00e3o em Minas Gerais; Rede de Historiadorxs Negrxs: Ialod\u00ea &#8211; Roda de Leitura e Conversa. \u00c9 congadeira-reinadeira na Irmandade Nossa Senhora do Ros\u00e1rio em Cambuquira-MG.<\/p>\n","protected":false},"featured_media":715,"template":"","meta":{"_acf_changed":true},"categoria":[9],"class_list":["post-194","participante","type-participante","status-publish","has-post-thumbnail","hentry","categoria-pesquisadores"],"acf":[],"_links":{"self":[{"href":"https:\/\/mg.passadospresentes.com.br\/cultura-material\/wp-json\/wp\/v2\/participante\/194","targetHints":{"allow":["GET"]}}],"collection":[{"href":"https:\/\/mg.passadospresentes.com.br\/cultura-material\/wp-json\/wp\/v2\/participante"}],"about":[{"href":"https:\/\/mg.passadospresentes.com.br\/cultura-material\/wp-json\/wp\/v2\/types\/participante"}],"wp:featuredmedia":[{"embeddable":true,"href":"https:\/\/mg.passadospresentes.com.br\/cultura-material\/wp-json\/wp\/v2\/media\/715"}],"wp:attachment":[{"href":"https:\/\/mg.passadospresentes.com.br\/cultura-material\/wp-json\/wp\/v2\/media?parent=194"}],"wp:term":[{"taxonomy":"categoria","embeddable":true,"href":"https:\/\/mg.passadospresentes.com.br\/cultura-material\/wp-json\/wp\/v2\/categoria?post=194"}],"curies":[{"name":"wp","href":"https:\/\/api.w.org\/{rel}","templated":true}]}}

<p>Simone de Assis é mulher preta, periférica e fazedora de memórias negras. É Mestra em História pela UFSJ. Trabalha no projeto &#8220;A Ditadura em Minas Gerais: história, memória e historiografia&#8221;, com o subsídio da FAPEMIG, na UEMG Campanha. Participa do projeto; Passados Presentes: patrimônios e memórias negras em Minas Gerais; Grupo de Trabalho Emancipações e Pós- Abolição em Minas Gerais; Rede de Historiadorxs Negrxs: Ialodê &#8211; Roda de Leitura e Conversa. É congadeira-reinadeira na Irmandade Nossa Senhora do Rosário em Cambuquira-MG.</p>
