{"id":819,"date":"2025-02-23T21:30:37","date_gmt":"2025-02-24T00:30:37","guid":{"rendered":"https:\/\/mg.passadospresentes.com.br\/cidades-negras\/?post_type=participante&#038;p=819"},"modified":"2025-12-07T17:27:02","modified_gmt":"2025-12-07T20:27:02","slug":"sidnea-dos-santos","status":"publish","type":"participante","link":"https:\/\/mg.passadospresentes.com.br\/cidades-negras\/participante\/sidnea-dos-santos\/","title":{"rendered":"Sidn\u00e9a dos Santos"},"content":{"rendered":"\n<p>Sidn\u00e9a Francisca dos Santos. Mulher Preta da Periferia de Ouro Preto. Atriz, Historiadora, P\u00f3s-Graduada em Cultura e Arte Barroca, Mestra em Hist\u00f3ria pela UFOP, Pesquisadora da Cultura Afrobrasileira e Africana. S\u00f3cio Fundadora da Comiss\u00e3o Ouro-pretana de Folclore , S\u00f3cio Fundadora da AMIREI- Associa\u00e7\u00e3o Amigos do Reinado, S\u00f3cio Fundadora do Coletivo OuTro Preto\/Mina Du Veloso. Rec\u00e9m empossada Coordenadora Adjunta do NEABI\/UFOP representando os alunos da P\u00f3s Gradua\u00e7\u00e3o\/ PPGHIS ICHS . Dan\u00e7ante do Grupo de Mo\u00e7ambique de N. Sra. do Ros\u00e1rio e Santa Efig\u00eania do Alto da Cruz. Madrinha de Bateria da ESASC. Brigadista Volunt\u00e1ria da Brigada 1 &#8211; N\u00facleo Ouro Preto.<\/p>\n\n\n\n<p><\/p>\n\n\n\n<p><\/p>\n","protected":false},"featured_media":1923,"template":"","meta":{"_acf_changed":true},"categoria":[9],"class_list":["post-819","participante","type-participante","status-publish","has-post-thumbnail","hentry","categoria-pesquisadores"],"acf":[],"_links":{"self":[{"href":"https:\/\/mg.passadospresentes.com.br\/cidades-negras\/wp-json\/wp\/v2\/participante\/819","targetHints":{"allow":["GET"]}}],"collection":[{"href":"https:\/\/mg.passadospresentes.com.br\/cidades-negras\/wp-json\/wp\/v2\/participante"}],"about":[{"href":"https:\/\/mg.passadospresentes.com.br\/cidades-negras\/wp-json\/wp\/v2\/types\/participante"}],"wp:featuredmedia":[{"embeddable":true,"href":"https:\/\/mg.passadospresentes.com.br\/cidades-negras\/wp-json\/wp\/v2\/media\/1923"}],"wp:attachment":[{"href":"https:\/\/mg.passadospresentes.com.br\/cidades-negras\/wp-json\/wp\/v2\/media?parent=819"}],"wp:term":[{"taxonomy":"categoria","embeddable":true,"href":"https:\/\/mg.passadospresentes.com.br\/cidades-negras\/wp-json\/wp\/v2\/categoria?post=819"}],"curies":[{"name":"wp","href":"https:\/\/api.w.org\/{rel}","templated":true}]}}

Sidnéa dos Santos

<p>Sidnéa Francisca dos Santos. Mulher Preta da Periferia de Ouro Preto. Atriz, Historiadora, Pós-Graduada em Cultura e Arte Barroca, Mestra em História pela UFOP, Pesquisadora da Cultura Afrobrasileira e Africana. Sócio Fundadora da Comissão Ouro-pretana de Folclore , Sócio Fundadora da AMIREI- Associação Amigos do Reinado, Sócio Fundadora do Coletivo OuTro Preto/Mina Du Veloso. Recém empossada Coordenadora Adjunta do NEABI/UFOP representando os alunos da Pós Graduação/ PPGHIS ICHS . Dançante do Grupo de Moçambique de N. Sra. do Rosário e Santa Efigênia do Alto da Cruz. Madrinha de Bateria da ESASC. Brigadista Voluntária da Brigada 1 &#8211; Núcleo Ouro Preto.</p>



<p></p>



<p></p>
