{"id":818,"date":"2025-02-23T21:26:32","date_gmt":"2025-02-24T00:26:32","guid":{"rendered":"https:\/\/mg.passadospresentes.com.br\/cidades-negras\/?post_type=participante&#038;p=818"},"modified":"2025-12-07T17:32:30","modified_gmt":"2025-12-07T20:32:30","slug":"dayana-da-silva","status":"publish","type":"participante","link":"https:\/\/mg.passadospresentes.com.br\/cidades-negras\/participante\/dayana-da-silva\/","title":{"rendered":"Dayana da Silva"},"content":{"rendered":"\n<p>Doutora em Hist\u00f3ria, mestra (2019) em Hist\u00f3ria pelo Programa de P\u00f3s-Gradua\u00e7\u00e3o da Universidade Federal de Juiz de Fora (PPG-HIS\/UFJF). bacharela (2017) e licenciada (2016) em Hist\u00f3ria pela mesma universidade. Bolsista da Funda\u00e7\u00e3o de Amparo \u00e0 Pesquisa do Estado de Minas Gerais (Fapemig). Membro do Laborat\u00f3rio de Hist\u00f3ria Oral e Imagem (Labhoi\/UFJF\/UFF), sob a orienta\u00e7\u00e3o da Prof. a \u00a0Dr. a \u00a0Hebe Mattos, e do GT Emancipa\u00e7\u00f5es e P\u00f3s-Aboli\u00e7\u00e3o em Minas Gerais \u2014 Anpuh\/MG. Atualmente, seus interesses de pesquisa se concentram na din\u00e2mica exercida pelo com\u00e9rcio interno de escravizados, no papel exercido pelos agentes do tr\u00e1fico, nas rotas terrestres, assim como nos m\u00faltiplos aspectos referentes aos cativos traficados na parte sul da Zona da Mata mineira, especialmente em Juiz de Fora durante a segunda metade do s\u00e9culo XIX.<\/p>\n\n\n\n<p><\/p>\n\n\n\n<p><\/p>\n","protected":false},"featured_media":1913,"template":"","meta":{"_acf_changed":false},"categoria":[9],"class_list":["post-818","participante","type-participante","status-publish","has-post-thumbnail","hentry","categoria-pesquisadores"],"acf":[],"_links":{"self":[{"href":"https:\/\/mg.passadospresentes.com.br\/cidades-negras\/wp-json\/wp\/v2\/participante\/818","targetHints":{"allow":["GET"]}}],"collection":[{"href":"https:\/\/mg.passadospresentes.com.br\/cidades-negras\/wp-json\/wp\/v2\/participante"}],"about":[{"href":"https:\/\/mg.passadospresentes.com.br\/cidades-negras\/wp-json\/wp\/v2\/types\/participante"}],"wp:featuredmedia":[{"embeddable":true,"href":"https:\/\/mg.passadospresentes.com.br\/cidades-negras\/wp-json\/wp\/v2\/media\/1913"}],"wp:attachment":[{"href":"https:\/\/mg.passadospresentes.com.br\/cidades-negras\/wp-json\/wp\/v2\/media?parent=818"}],"wp:term":[{"taxonomy":"categoria","embeddable":true,"href":"https:\/\/mg.passadospresentes.com.br\/cidades-negras\/wp-json\/wp\/v2\/categoria?post=818"}],"curies":[{"name":"wp","href":"https:\/\/api.w.org\/{rel}","templated":true}]}}

<p>Doutora em História, mestra (2019) em História pelo Programa de Pós-Graduação da Universidade Federal de Juiz de Fora (PPG-HIS/UFJF). bacharela (2017) e licenciada (2016) em História pela mesma universidade. Bolsista da Fundação de Amparo à Pesquisa do Estado de Minas Gerais (Fapemig). Membro do Laboratório de História Oral e Imagem (Labhoi/UFJF/UFF), sob a orientação da Prof. a  Dr. a  Hebe Mattos, e do GT Emancipações e Pós-Abolição em Minas Gerais — Anpuh/MG. Atualmente, seus interesses de pesquisa se concentram na dinâmica exercida pelo comércio interno de escravizados, no papel exercido pelos agentes do tráfico, nas rotas terrestres, assim como nos múltiplos aspectos referentes aos cativos traficados na parte sul da Zona da Mata mineira, especialmente em Juiz de Fora durante a segunda metade do século XIX.</p>



<p></p>



<p></p>
