{"id":816,"date":"2025-02-23T21:23:46","date_gmt":"2025-02-24T00:23:46","guid":{"rendered":"https:\/\/mg.passadospresentes.com.br\/cidades-negras\/?post_type=participante&#038;p=816"},"modified":"2025-12-07T17:33:35","modified_gmt":"2025-12-07T20:33:35","slug":"marileide-cassoli","status":"publish","type":"participante","link":"https:\/\/mg.passadospresentes.com.br\/cidades-negras\/participante\/marileide-cassoli\/","title":{"rendered":"Marileide Cassoli"},"content":{"rendered":"\n<p>Marileide L\u00e1zara Cassoli \u00e9 graduada, mestra e p\u00f3s-doutora em Hist\u00f3ria pela Universidade Federal de Ouro Preto. Doutora em Hist\u00f3ria pela Universidade Federal de Minas Gerais. P\u00f3s-doutora em Educa\u00e7\u00e3o pela Faculdade de Educa\u00e7\u00e3o da UFMG e em Hist\u00f3ria pela Universidade Federal de Juiz de Fora. Desenvolve pesquisas sobre a hist\u00f3ria da escravid\u00e3o e da p\u00f3s-aboli\u00e7\u00e3o em Minas Gerais. Autora dos livros A constru\u00e7\u00e3o da liberdade: viv\u00eancias da escravid\u00e3o e do p\u00f3s-aboli\u00e7\u00e3o. Mariana, 1871-1920 e Arranjos de vida: escravid\u00e3o e liberdade nos tribunais de Mariana, Minas Gerais. Atualmente desenvolve pesquisa sobre o servi\u00e7o dom\u00e9stico feminino em Belo Horizonte, 1897-1930 e atua como pesquisadora contratada no Instituto Ren\u00e9 Rachou Fiocruz Minas, junto ao grupo Intelig\u00eancia Coletiva Minas Gerais.<\/p>\n\n\n\n<p><\/p>\n\n\n\n<p><\/p>\n","protected":false},"featured_media":1911,"template":"","meta":{"_acf_changed":true},"categoria":[9],"class_list":["post-816","participante","type-participante","status-publish","has-post-thumbnail","hentry","categoria-pesquisadores"],"acf":[],"_links":{"self":[{"href":"https:\/\/mg.passadospresentes.com.br\/cidades-negras\/wp-json\/wp\/v2\/participante\/816","targetHints":{"allow":["GET"]}}],"collection":[{"href":"https:\/\/mg.passadospresentes.com.br\/cidades-negras\/wp-json\/wp\/v2\/participante"}],"about":[{"href":"https:\/\/mg.passadospresentes.com.br\/cidades-negras\/wp-json\/wp\/v2\/types\/participante"}],"wp:featuredmedia":[{"embeddable":true,"href":"https:\/\/mg.passadospresentes.com.br\/cidades-negras\/wp-json\/wp\/v2\/media\/1911"}],"wp:attachment":[{"href":"https:\/\/mg.passadospresentes.com.br\/cidades-negras\/wp-json\/wp\/v2\/media?parent=816"}],"wp:term":[{"taxonomy":"categoria","embeddable":true,"href":"https:\/\/mg.passadospresentes.com.br\/cidades-negras\/wp-json\/wp\/v2\/categoria?post=816"}],"curies":[{"name":"wp","href":"https:\/\/api.w.org\/{rel}","templated":true}]}}

<p>Marileide Lázara Cassoli é graduada, mestra e pós-doutora em História pela Universidade Federal de Ouro Preto. Doutora em História pela Universidade Federal de Minas Gerais. Pós-doutora em Educação pela Faculdade de Educação da UFMG e em História pela Universidade Federal de Juiz de Fora. Desenvolve pesquisas sobre a história da escravidão e da pós-abolição em Minas Gerais. Autora dos livros A construção da liberdade: vivências da escravidão e do pós-abolição. Mariana, 1871-1920 e Arranjos de vida: escravidão e liberdade nos tribunais de Mariana, Minas Gerais. Atualmente desenvolve pesquisa sobre o serviço doméstico feminino em Belo Horizonte, 1897-1930 e atua como pesquisadora contratada no Instituto René Rachou Fiocruz Minas, junto ao grupo Inteligência Coletiva Minas Gerais.</p>



<p></p>



<p></p>
