{"id":814,"date":"2025-02-23T21:21:19","date_gmt":"2025-02-24T00:21:19","guid":{"rendered":"https:\/\/mg.passadospresentes.com.br\/cidades-negras\/?post_type=participante&#038;p=814"},"modified":"2025-12-07T18:01:45","modified_gmt":"2025-12-07T21:01:45","slug":"bruno-de-castro","status":"publish","type":"participante","link":"https:\/\/mg.passadospresentes.com.br\/cidades-negras\/participante\/bruno-de-castro\/","title":{"rendered":"Bruno Martins de Castro"},"content":{"rendered":"\n<p>BRUNO MARTINS DE CASTRO possui gradua\u00e7\u00e3o em Hist\u00f3ria (licenciatura e bacharelado) pela Universidade Federal de S\u00e3o Jo\u00e3o del-Rei (2013) e mestrado em Hist\u00f3ria tamb\u00e9m pela Universidade Federal de S\u00e3o Jo\u00e3o del-Rei (2020). Atualmente realiza doutorado no Programa de P\u00f3s-gradua\u00e7\u00e3o em Hist\u00f3ria Social da Universidade<br>Federal do Rio de Janeiro, com bolsa PROEX-CAPES. \u00c9 professor efetivo II C de Hist\u00f3ria na rede p\u00fablica estadual de ensino de Minas Gerais (SEE\/MG). Integra o grupo de pesquisa &#8220;Escravismo atl\u00e2ntico: fam\u00edlia, riqueza e cultura&#8221;; (UFMG-CNPq) e o GT Emancipa\u00e7\u00f5es e P\u00f3s-aboli\u00e7\u00e3o em Minas Gerais (ANPUH-MG). Tem experi\u00eancia na \u00e1rea de Hist\u00f3ria, com \u00eanfase em Hist\u00f3ria do Brasil Imp\u00e9rio, atuando principalmente nos seguintes temas: Hist\u00f3ria Social da Escravid\u00e3o; Alforrias e experi\u00eancias de liberdades; Hist\u00f3ria Econ\u00f4mica de Minas Gerais colonial e provincial; Demografia escrava; Elites escravistas em Minas Gerais no s\u00e9culo XIX.<\/p>\n\n\n\n<p><\/p>\n","protected":false},"featured_media":1929,"template":"","meta":{"_acf_changed":true},"categoria":[9],"class_list":["post-814","participante","type-participante","status-publish","has-post-thumbnail","hentry","categoria-pesquisadores"],"acf":[],"_links":{"self":[{"href":"https:\/\/mg.passadospresentes.com.br\/cidades-negras\/wp-json\/wp\/v2\/participante\/814","targetHints":{"allow":["GET"]}}],"collection":[{"href":"https:\/\/mg.passadospresentes.com.br\/cidades-negras\/wp-json\/wp\/v2\/participante"}],"about":[{"href":"https:\/\/mg.passadospresentes.com.br\/cidades-negras\/wp-json\/wp\/v2\/types\/participante"}],"wp:featuredmedia":[{"embeddable":true,"href":"https:\/\/mg.passadospresentes.com.br\/cidades-negras\/wp-json\/wp\/v2\/media\/1929"}],"wp:attachment":[{"href":"https:\/\/mg.passadospresentes.com.br\/cidades-negras\/wp-json\/wp\/v2\/media?parent=814"}],"wp:term":[{"taxonomy":"categoria","embeddable":true,"href":"https:\/\/mg.passadospresentes.com.br\/cidades-negras\/wp-json\/wp\/v2\/categoria?post=814"}],"curies":[{"name":"wp","href":"https:\/\/api.w.org\/{rel}","templated":true}]}}

<p>BRUNO MARTINS DE CASTRO possui graduação em História (licenciatura e bacharelado) pela Universidade Federal de São João del-Rei (2013) e mestrado em História também pela Universidade Federal de São João del-Rei (2020). Atualmente realiza doutorado no Programa de Pós-graduação em História Social da Universidade<br>Federal do Rio de Janeiro, com bolsa PROEX-CAPES. É professor efetivo II C de História na rede pública estadual de ensino de Minas Gerais (SEE/MG). Integra o grupo de pesquisa &#8220;Escravismo atlântico: família, riqueza e cultura&#8221;; (UFMG-CNPq) e o GT Emancipações e Pós-abolição em Minas Gerais (ANPUH-MG). Tem experiência na área de História, com ênfase em História do Brasil Império, atuando principalmente nos seguintes temas: História Social da Escravidão; Alforrias e experiências de liberdades; História Econômica de Minas Gerais colonial e provincial; Demografia escrava; Elites escravistas em Minas Gerais no século XIX.</p>



<p></p>
