{"id":813,"date":"2025-02-23T21:16:27","date_gmt":"2025-02-24T00:16:27","guid":{"rendered":"https:\/\/mg.passadospresentes.com.br\/cidades-negras\/?post_type=participante&#038;p=813"},"modified":"2025-12-07T18:37:23","modified_gmt":"2025-12-07T21:37:23","slug":"natalia-pecanha","status":"publish","type":"participante","link":"https:\/\/mg.passadospresentes.com.br\/cidades-negras\/participante\/natalia-pecanha\/","title":{"rendered":"Nat\u00e1lia Pe\u00e7anha"},"content":{"rendered":"\n<p>Nat\u00e1lia Batista Pe\u00e7anha<\/p>\n\n\n\n<p>Graduada em Hist\u00f3ria pela UFRJ; Mestre e Doutora em Hist\u00f3ria pela UFRRJ; Especialista em Ensino de Hist\u00f3ria na Educa\u00e7\u00e3o B\u00e1sica pela UERJ-FFP; Professora Adjunta em Hist\u00f3ria na UFU; Docente dos Programas de P\u00f3s-Gradua\u00e7\u00e3o ProfHist\u00f3ria-UFU e do PPGHMP-UFCat. Colaboradora do Neabi-UFU\/Pontal e do Projeto Passados Presentes-MG; Membro pesquisadora dos grupos de pesquisas TRAMPA\/UFRRJ e NEPEHD-UFU: Membro do Neabi-UFU; Filiada ao GTEP da Anpuh.<br><\/p>\n\n\n\n<p><\/p>\n\n\n\n<p><\/p>\n","protected":false},"featured_media":1912,"template":"","meta":{"_acf_changed":true},"categoria":[9],"class_list":["post-813","participante","type-participante","status-publish","has-post-thumbnail","hentry","categoria-pesquisadores"],"acf":[],"_links":{"self":[{"href":"https:\/\/mg.passadospresentes.com.br\/cidades-negras\/wp-json\/wp\/v2\/participante\/813","targetHints":{"allow":["GET"]}}],"collection":[{"href":"https:\/\/mg.passadospresentes.com.br\/cidades-negras\/wp-json\/wp\/v2\/participante"}],"about":[{"href":"https:\/\/mg.passadospresentes.com.br\/cidades-negras\/wp-json\/wp\/v2\/types\/participante"}],"wp:featuredmedia":[{"embeddable":true,"href":"https:\/\/mg.passadospresentes.com.br\/cidades-negras\/wp-json\/wp\/v2\/media\/1912"}],"wp:attachment":[{"href":"https:\/\/mg.passadospresentes.com.br\/cidades-negras\/wp-json\/wp\/v2\/media?parent=813"}],"wp:term":[{"taxonomy":"categoria","embeddable":true,"href":"https:\/\/mg.passadospresentes.com.br\/cidades-negras\/wp-json\/wp\/v2\/categoria?post=813"}],"curies":[{"name":"wp","href":"https:\/\/api.w.org\/{rel}","templated":true}]}}

Natália Peçanha

<p>Natália Batista Peçanha</p>



<p>Graduada em História pela UFRJ; Mestre e Doutora em História pela UFRRJ; Especialista em Ensino de História na Educação Básica pela UERJ-FFP; Professora Adjunta em História na UFU; Docente dos Programas de Pós-Graduação ProfHistória-UFU e do PPGHMP-UFCat. Colaboradora do Neabi-UFU/Pontal e do Projeto Passados Presentes-MG; Membro pesquisadora dos grupos de pesquisas TRAMPA/UFRRJ e NEPEHD-UFU: Membro do Neabi-UFU; Filiada ao GTEP da Anpuh.<br></p>



<p></p>



<p></p>
