{"id":810,"date":"2025-02-23T21:11:16","date_gmt":"2025-02-24T00:11:16","guid":{"rendered":"https:\/\/mg.passadospresentes.com.br\/cidades-negras\/?post_type=participante&#038;p=810"},"modified":"2025-12-07T18:49:45","modified_gmt":"2025-12-07T21:49:45","slug":"cleudiza-souza","status":"publish","type":"participante","link":"https:\/\/mg.passadospresentes.com.br\/cidades-negras\/participante\/cleudiza-souza\/","title":{"rendered":"Cleudiza Fernandes de Souza"},"content":{"rendered":"\n<p>Professora da Universidade Federal do Rio de Janeiro. Doutora em Hist\u00f3ria Social na Universidade Federal do Rio de Janeiro e Mestra e Graduada em Hist\u00f3ria pela Universidade Federal de S\u00e3o Jo\u00e3o del-Rei. Professora da Secretaria Municipal de Educa\u00e7\u00e3o da cidade do Rio de Janeiro. Pesquisadora do Grupode Trabalho Emancipa\u00e7\u00f5es e P\u00f3s-aboli\u00e7\u00e3o em Minas Gerais (CNPq). Foi professora tutora (2021) na Faculdade Latino \u2013 Americana de Ci\u00eancias Sociais (FLACSO-BRASIL), oferecendo consultoria t\u00e9cnica especializada na disciplina \u201cRa\u00e7a, Pol\u00edtica e Combate \u00e0s Desigualdades\u201d, no \u00e2mbito do curso de p\u00f3s-gradua\u00e7\u00e3o \u201cMaestria Estado, Gobierno y Pol\u00edticas P\u00fablicas\u201d. No momento, desenvolve pesquisas com \u00eanfase em estudos sobre p\u00f3s-aboli\u00e7\u00e3o em Minas Gerais, g\u00eanero, masculinidades, Justi\u00e7a e Hist\u00f3ria<br>Social do Racismo.<\/p>\n\n\n\n<p><\/p>\n","protected":false},"featured_media":1909,"template":"","meta":{"_acf_changed":true},"categoria":[9],"class_list":["post-810","participante","type-participante","status-publish","has-post-thumbnail","hentry","categoria-pesquisadores"],"acf":[],"_links":{"self":[{"href":"https:\/\/mg.passadospresentes.com.br\/cidades-negras\/wp-json\/wp\/v2\/participante\/810","targetHints":{"allow":["GET"]}}],"collection":[{"href":"https:\/\/mg.passadospresentes.com.br\/cidades-negras\/wp-json\/wp\/v2\/participante"}],"about":[{"href":"https:\/\/mg.passadospresentes.com.br\/cidades-negras\/wp-json\/wp\/v2\/types\/participante"}],"wp:featuredmedia":[{"embeddable":true,"href":"https:\/\/mg.passadospresentes.com.br\/cidades-negras\/wp-json\/wp\/v2\/media\/1909"}],"wp:attachment":[{"href":"https:\/\/mg.passadospresentes.com.br\/cidades-negras\/wp-json\/wp\/v2\/media?parent=810"}],"wp:term":[{"taxonomy":"categoria","embeddable":true,"href":"https:\/\/mg.passadospresentes.com.br\/cidades-negras\/wp-json\/wp\/v2\/categoria?post=810"}],"curies":[{"name":"wp","href":"https:\/\/api.w.org\/{rel}","templated":true}]}}

<p>Professora da Universidade Federal do Rio de Janeiro. Doutora em História Social na Universidade Federal do Rio de Janeiro e Mestra e Graduada em História pela Universidade Federal de São João del-Rei. Professora da Secretaria Municipal de Educação da cidade do Rio de Janeiro. Pesquisadora do Grupode Trabalho Emancipações e Pós-abolição em Minas Gerais (CNPq). Foi professora tutora (2021) na Faculdade Latino – Americana de Ciências Sociais (FLACSO-BRASIL), oferecendo consultoria técnica especializada na disciplina “Raça, Política e Combate às Desigualdades”, no âmbito do curso de pós-graduação “Maestria Estado, Gobierno y Políticas Públicas”. No momento, desenvolve pesquisas com ênfase em estudos sobre pós-abolição em Minas Gerais, gênero, masculinidades, Justiça e História<br>Social do Racismo.</p>



<p></p>
