{"id":809,"date":"2025-02-23T21:08:09","date_gmt":"2025-02-24T00:08:09","guid":{"rendered":"https:\/\/mg.passadospresentes.com.br\/cidades-negras\/?post_type=participante&#038;p=809"},"modified":"2025-12-07T19:18:32","modified_gmt":"2025-12-07T22:18:32","slug":"daniele-neves","status":"publish","type":"participante","link":"https:\/\/mg.passadospresentes.com.br\/cidades-negras\/participante\/daniele-neves\/","title":{"rendered":"Daniele Neves"},"content":{"rendered":"\n<p>Mestre em Hist\u00f3ria pela Universidade Federal de Juiz de Fora. Graduada em Hist\u00f3ria pela Universidade Federal de S\u00e3o Jo\u00e3o Del-Rei. Membro do GT P\u00f3s-aboli\u00e7\u00e3o e emancipa\u00e7\u00f5es em Minas Gerais. Pesquisas sobre as mem\u00f3rias da escravid\u00e3o, e a trajet\u00f3ria do negro no p\u00f3s-aboli\u00e7\u00e3o, com foco nas rela\u00e7\u00f5es de trabalho e la\u00e7os afetivos. Pesquisadora no projeto &#8220;Patrim\u00f4nios e Mem\u00f3rias Negras e Afro-ind\u00edgenas em Minas Gerais&#8221;<\/p>\n\n\n\n<p><\/p>\n\n\n\n<p><\/p>\n","protected":false},"featured_media":1914,"template":"","meta":{"_acf_changed":false},"categoria":[9],"class_list":["post-809","participante","type-participante","status-publish","has-post-thumbnail","hentry","categoria-pesquisadores"],"acf":[],"_links":{"self":[{"href":"https:\/\/mg.passadospresentes.com.br\/cidades-negras\/wp-json\/wp\/v2\/participante\/809","targetHints":{"allow":["GET"]}}],"collection":[{"href":"https:\/\/mg.passadospresentes.com.br\/cidades-negras\/wp-json\/wp\/v2\/participante"}],"about":[{"href":"https:\/\/mg.passadospresentes.com.br\/cidades-negras\/wp-json\/wp\/v2\/types\/participante"}],"wp:featuredmedia":[{"embeddable":true,"href":"https:\/\/mg.passadospresentes.com.br\/cidades-negras\/wp-json\/wp\/v2\/media\/1914"}],"wp:attachment":[{"href":"https:\/\/mg.passadospresentes.com.br\/cidades-negras\/wp-json\/wp\/v2\/media?parent=809"}],"wp:term":[{"taxonomy":"categoria","embeddable":true,"href":"https:\/\/mg.passadospresentes.com.br\/cidades-negras\/wp-json\/wp\/v2\/categoria?post=809"}],"curies":[{"name":"wp","href":"https:\/\/api.w.org\/{rel}","templated":true}]}}

<p>Mestre em História pela Universidade Federal de Juiz de Fora. Graduada em História pela Universidade Federal de São João Del-Rei. Membro do GT Pós-abolição e emancipações em Minas Gerais. Pesquisas sobre as memórias da escravidão, e a trajetória do negro no pós-abolição, com foco nas relações de trabalho e laços afetivos. Pesquisadora no projeto &#8220;Patrimônios e Memórias Negras e Afro-indígenas em Minas Gerais&#8221;</p>



<p></p>



<p></p>
