{"id":808,"date":"2025-02-23T21:04:58","date_gmt":"2025-02-24T00:04:58","guid":{"rendered":"https:\/\/mg.passadospresentes.com.br\/cidades-negras\/?post_type=participante&#038;p=808"},"modified":"2025-12-09T17:39:05","modified_gmt":"2025-12-09T20:39:05","slug":"janete-fonseca","status":"publish","type":"participante","link":"https:\/\/mg.passadospresentes.com.br\/cidades-negras\/participante\/janete-fonseca\/","title":{"rendered":"Janete Flor de Maio Fonseca"},"content":{"rendered":"\n<p>P\u00f3s Doutora pela Universit\u00e9 Libre de Bruxelles (ULB &#8211; 2018\/19). Doutora em Hist\u00f3ria Social da Cultura (UFMG &#8211; 2007). Professora Associada do Departamento de Educa\u00e7\u00e3o e Tecnologias da Universidade Federal de Ouro Preto. Professora colaboradora do Programa de P\u00f3s-gradua\u00e7\u00e3o em Hist\u00f3ria (PPGHIS\/UFOP). Membro do NEABI UFOP ( N\u00facleo de Estudos Afro-brasileiro e Ind\u00edgena) e do GT Emancipa\u00e7\u00f5es e P\u00f3s-Aboli\u00e7\u00e3o em MG. Desenvolve projetos relacionados \u00e0 Hist\u00f3ria e Mem\u00f3ria da Popula\u00e7\u00e3o Negra nas Cidades oitocentistas.<\/p>\n\n\n\n<p><\/p>\n\n\n\n<p><\/p>\n","protected":false},"featured_media":1921,"template":"","meta":{"_acf_changed":true},"categoria":[9],"class_list":["post-808","participante","type-participante","status-publish","has-post-thumbnail","hentry","categoria-pesquisadores"],"acf":[],"_links":{"self":[{"href":"https:\/\/mg.passadospresentes.com.br\/cidades-negras\/wp-json\/wp\/v2\/participante\/808","targetHints":{"allow":["GET"]}}],"collection":[{"href":"https:\/\/mg.passadospresentes.com.br\/cidades-negras\/wp-json\/wp\/v2\/participante"}],"about":[{"href":"https:\/\/mg.passadospresentes.com.br\/cidades-negras\/wp-json\/wp\/v2\/types\/participante"}],"wp:featuredmedia":[{"embeddable":true,"href":"https:\/\/mg.passadospresentes.com.br\/cidades-negras\/wp-json\/wp\/v2\/media\/1921"}],"wp:attachment":[{"href":"https:\/\/mg.passadospresentes.com.br\/cidades-negras\/wp-json\/wp\/v2\/media?parent=808"}],"wp:term":[{"taxonomy":"categoria","embeddable":true,"href":"https:\/\/mg.passadospresentes.com.br\/cidades-negras\/wp-json\/wp\/v2\/categoria?post=808"}],"curies":[{"name":"wp","href":"https:\/\/api.w.org\/{rel}","templated":true}]}}

<p>Pós Doutora pela Université Libre de Bruxelles (ULB &#8211; 2018/19). Doutora em História Social da Cultura (UFMG &#8211; 2007). Professora Associada do Departamento de Educação e Tecnologias da Universidade Federal de Ouro Preto. Professora colaboradora do Programa de Pós-graduação em História (PPGHIS/UFOP). Membro do NEABI UFOP ( Núcleo de Estudos Afro-brasileiro e Indígena) e do GT Emancipações e Pós-Abolição em MG. Desenvolve projetos relacionados à História e Memória da População Negra nas Cidades oitocentistas.</p>



<p></p>



<p></p>
