{"id":806,"date":"2025-02-23T21:01:13","date_gmt":"2025-02-24T00:01:13","guid":{"rendered":"https:\/\/mg.passadospresentes.com.br\/cidades-negras\/?post_type=participante&#038;p=806"},"modified":"2025-12-07T17:29:22","modified_gmt":"2025-12-07T20:29:22","slug":"josemeire-pereira","status":"publish","type":"participante","link":"https:\/\/mg.passadospresentes.com.br\/cidades-negras\/participante\/josemeire-pereira\/","title":{"rendered":"Josemeire Pereira"},"content":{"rendered":"\n<p>Nascida no bairro Conc\u00f3rdia e ex-moradora da comunidade da Vila Estrela\/Aglomerado Santa L\u00facia, em BH\/MG, iniciou sua forma\u00e7\u00e3o e atua\u00e7\u00e3o por meio dos movimentos socioculturais daquela comunidade, tais como a Comiss\u00e3o de Direitos Humanos e Cidadania do Aglomerado Santa L\u00facia (1995-2000), e os F\u00f3runs da Juventude Negra e Favelada de Belo Horizonte (1997-2001). Formou-se historiadora, a partir destas viv\u00eancias. \u00c9 Doutora e Mestra em Hist\u00f3ria (UNICAMP &#8211; respectivamente 2012 e 2019), e Licenciada em Hist\u00f3ria (UFMG &#8211; 2006). Especialista em Gest\u00e3o e Conserva\u00e7\u00e3o do Patrim\u00f4nio Cultural (IFMG-Ouro Preto &#8211; 2024), tem trabalhado com pesquisa, ensino e curadoria relacionadas, em especial, aos seguintes temas: emancipa\u00e7\u00e3o e p\u00f3s-aboli\u00e7\u00e3o, antirracismo, cidades e negritudes, quilombos, culturas de matriz africana, dentre outros. Atua tamb\u00e9m como gestora cultural, junto \u00e0 Associa\u00e7\u00e3o Cultural Casa do Beco, Aglomerado Santa L\u00facia, desde 2001.<br>No Projeto Projeto &#8220;Passados Presentes: Patrim\u00f4nios e Mem\u00f3rias Negros e Afro-Ind\u00edgenas em Minas Gerais&#8221; (UFJF\/GTEP-MG\/Cnpq), integra a Equipe Gestora e o Grupo 4 &#8211; Cidades negras, territorialidades e georreferenciamento.<\/p>\n\n\n\n<p><\/p>\n","protected":false},"featured_media":1908,"template":"","meta":{"_acf_changed":true},"categoria":[9],"class_list":["post-806","participante","type-participante","status-publish","has-post-thumbnail","hentry","categoria-pesquisadores"],"acf":[],"_links":{"self":[{"href":"https:\/\/mg.passadospresentes.com.br\/cidades-negras\/wp-json\/wp\/v2\/participante\/806","targetHints":{"allow":["GET"]}}],"collection":[{"href":"https:\/\/mg.passadospresentes.com.br\/cidades-negras\/wp-json\/wp\/v2\/participante"}],"about":[{"href":"https:\/\/mg.passadospresentes.com.br\/cidades-negras\/wp-json\/wp\/v2\/types\/participante"}],"wp:featuredmedia":[{"embeddable":true,"href":"https:\/\/mg.passadospresentes.com.br\/cidades-negras\/wp-json\/wp\/v2\/media\/1908"}],"wp:attachment":[{"href":"https:\/\/mg.passadospresentes.com.br\/cidades-negras\/wp-json\/wp\/v2\/media?parent=806"}],"wp:term":[{"taxonomy":"categoria","embeddable":true,"href":"https:\/\/mg.passadospresentes.com.br\/cidades-negras\/wp-json\/wp\/v2\/categoria?post=806"}],"curies":[{"name":"wp","href":"https:\/\/api.w.org\/{rel}","templated":true}]}}

<p>Nascida no bairro Concórdia e ex-moradora da comunidade da Vila Estrela/Aglomerado Santa Lúcia, em BH/MG, iniciou sua formação e atuação por meio dos movimentos socioculturais daquela comunidade, tais como a Comissão de Direitos Humanos e Cidadania do Aglomerado Santa Lúcia (1995-2000), e os Fóruns da Juventude Negra e Favelada de Belo Horizonte (1997-2001). Formou-se historiadora, a partir destas vivências. É Doutora e Mestra em História (UNICAMP &#8211; respectivamente 2012 e 2019), e Licenciada em História (UFMG &#8211; 2006). Especialista em Gestão e Conservação do Patrimônio Cultural (IFMG-Ouro Preto &#8211; 2024), tem trabalhado com pesquisa, ensino e curadoria relacionadas, em especial, aos seguintes temas: emancipação e pós-abolição, antirracismo, cidades e negritudes, quilombos, culturas de matriz africana, dentre outros. Atua também como gestora cultural, junto à Associação Cultural Casa do Beco, Aglomerado Santa Lúcia, desde 2001.<br>No Projeto Projeto &#8220;Passados Presentes: Patrimônios e Memórias Negros e Afro-Indígenas em Minas Gerais&#8221; (UFJF/GTEP-MG/Cnpq), integra a Equipe Gestora e o Grupo 4 &#8211; Cidades negras, territorialidades e georreferenciamento.</p>



<p></p>
