{"id":805,"date":"2025-02-23T20:56:58","date_gmt":"2025-02-23T23:56:58","guid":{"rendered":"https:\/\/mg.passadospresentes.com.br\/cidades-negras\/?post_type=participante&#038;p=805"},"modified":"2025-12-07T19:02:22","modified_gmt":"2025-12-07T22:02:22","slug":"tayane-oliveira","status":"publish","type":"participante","link":"https:\/\/mg.passadospresentes.com.br\/cidades-negras\/participante\/tayane-oliveira\/","title":{"rendered":"Tayane Oliveira"},"content":{"rendered":"\n<p>Mestra pelo Programa de P\u00f3s-Gradua\u00e7\u00e3o em Hist\u00f3ria na linha Cultura e Identidade pela Universidade Federal de S\u00e3o Jo\u00e3o del-Rei, no qual desenvolveu estudo sobre o processo de forma\u00e7\u00e3o das identidades dos benzedores e benzedeiras da cidade de S\u00e3o Jo\u00e3o del-Rei (MG) e de suas principais pr\u00e1ticas curativas, atrav\u00e9s da Hist\u00f3ria do Tempo Presente e da Hist\u00f3ria Oral, busca analisar as mem\u00f3rias, &#8211; no qual tamb\u00e9m inclui as mem\u00f3rias de sua av\u00f3 materna, Ana de Jesus Rodrigues &#8211; compreender a viv\u00eancia religiosa, os sentidos, assim como as representa\u00e7\u00f5es que permeiam o of\u00edcio de cura dos benzedores. Graduada em Hist\u00f3ria (Licenciatura e Bacharelado) pela UFSJ (2018). Foi bolsista do Programa de Extens\u00e3o Memorial Clara Nunes (2014 &#8211; 2018). Faz parte do Conselho de Pesquisa do Instituto Clara Nunes. \u00c9 membro do Grupo de Trabalho Emancipa\u00e7\u00f5es e P\u00f3s-aboli\u00e7\u00e3o em Minas Gerais. Integra o Projeto Passados Presentes: patrim\u00f4nios e mem\u00f3rias negras e afro-ind\u00edgenas em Minas Gerais como bolsista de apoio t\u00e9cnico atuando na Equipe de Comunica\u00e7\u00e3o.<\/p>\n\n\n\n<p><\/p>\n\n\n\n<p><\/p>\n","protected":false},"featured_media":1936,"template":"","meta":{"_acf_changed":true},"categoria":[9],"class_list":["post-805","participante","type-participante","status-publish","has-post-thumbnail","hentry","categoria-pesquisadores"],"acf":[],"_links":{"self":[{"href":"https:\/\/mg.passadospresentes.com.br\/cidades-negras\/wp-json\/wp\/v2\/participante\/805","targetHints":{"allow":["GET"]}}],"collection":[{"href":"https:\/\/mg.passadospresentes.com.br\/cidades-negras\/wp-json\/wp\/v2\/participante"}],"about":[{"href":"https:\/\/mg.passadospresentes.com.br\/cidades-negras\/wp-json\/wp\/v2\/types\/participante"}],"wp:featuredmedia":[{"embeddable":true,"href":"https:\/\/mg.passadospresentes.com.br\/cidades-negras\/wp-json\/wp\/v2\/media\/1936"}],"wp:attachment":[{"href":"https:\/\/mg.passadospresentes.com.br\/cidades-negras\/wp-json\/wp\/v2\/media?parent=805"}],"wp:term":[{"taxonomy":"categoria","embeddable":true,"href":"https:\/\/mg.passadospresentes.com.br\/cidades-negras\/wp-json\/wp\/v2\/categoria?post=805"}],"curies":[{"name":"wp","href":"https:\/\/api.w.org\/{rel}","templated":true}]}}

<p>Mestra pelo Programa de Pós-Graduação em História na linha Cultura e Identidade pela Universidade Federal de São João del-Rei, no qual desenvolveu estudo sobre o processo de formação das identidades dos benzedores e benzedeiras da cidade de São João del-Rei (MG) e de suas principais práticas curativas, através da História do Tempo Presente e da História Oral, busca analisar as memórias, &#8211; no qual também inclui as memórias de sua avó materna, Ana de Jesus Rodrigues &#8211; compreender a vivência religiosa, os sentidos, assim como as representações que permeiam o ofício de cura dos benzedores. Graduada em História (Licenciatura e Bacharelado) pela UFSJ (2018). Foi bolsista do Programa de Extensão Memorial Clara Nunes (2014 &#8211; 2018). Faz parte do Conselho de Pesquisa do Instituto Clara Nunes. É membro do Grupo de Trabalho Emancipações e Pós-abolição em Minas Gerais. Integra o Projeto Passados Presentes: patrimônios e memórias negras e afro-indígenas em Minas Gerais como bolsista de apoio técnico atuando na Equipe de Comunicação.</p>



<p></p>



<p></p>
