{"id":803,"date":"2025-02-23T20:52:21","date_gmt":"2025-02-23T23:52:21","guid":{"rendered":"https:\/\/mg.passadospresentes.com.br\/cidades-negras\/?post_type=participante&#038;p=803"},"modified":"2025-12-07T19:06:47","modified_gmt":"2025-12-07T22:06:47","slug":"danilo-ferretti","status":"publish","type":"participante","link":"https:\/\/mg.passadospresentes.com.br\/cidades-negras\/participante\/danilo-ferretti\/","title":{"rendered":"Danilo Ferretti"},"content":{"rendered":"\n<p>Danilo Jos\u00e9 Zioni Ferretti, de S\u00e3o Paulo &#8211; SP (1973), \u00e9 formado (1995) e doutorado (2004) em Hist\u00f3ria pela Universidade de S\u00e3o Paulo-USP. Desde 2005 \u00e9 professor do Curso de Hist\u00f3ria da Universidade Federal de S\u00e3o Jo\u00e3o del-Rei\/UFSJ. Entre 2014 e 2015 fez est\u00e1gio p\u00f3s-doutoral. Atua nas \u00e1reas de hist\u00f3ria da historiografia, hist\u00f3ria intelectual e da cultura, desenvolvendo pesquisas sobre processos de identifica\u00e7\u00e3o coletiva (nacional e regional), usos do passado, hist\u00f3ria da mem\u00f3ria, rela\u00e7\u00f5es entre intelectuais e escravid\u00e3o, rela\u00e7\u00e3o entre hist\u00f3ria e literatura, concentrando-se principalmente entre os s\u00e9culos. XIX e XX. Juntamente \u00e0 Profa. S\u00edlvia Br\u00fcgger (UFSJ) deu in\u00edcio, em maio de 2023, a um projeto de mapeamento e coleta de relatos sobre os lugares da mem\u00f3ria negra na cidade de S\u00e3o Jo\u00e3o del-Rei-MG.<\/p>\n\n\n\n<p><\/p>\n\n\n\n<p><\/p>\n","protected":false},"featured_media":1910,"template":"","meta":{"_acf_changed":true},"categoria":[9],"class_list":["post-803","participante","type-participante","status-publish","has-post-thumbnail","hentry","categoria-pesquisadores"],"acf":[],"_links":{"self":[{"href":"https:\/\/mg.passadospresentes.com.br\/cidades-negras\/wp-json\/wp\/v2\/participante\/803","targetHints":{"allow":["GET"]}}],"collection":[{"href":"https:\/\/mg.passadospresentes.com.br\/cidades-negras\/wp-json\/wp\/v2\/participante"}],"about":[{"href":"https:\/\/mg.passadospresentes.com.br\/cidades-negras\/wp-json\/wp\/v2\/types\/participante"}],"wp:featuredmedia":[{"embeddable":true,"href":"https:\/\/mg.passadospresentes.com.br\/cidades-negras\/wp-json\/wp\/v2\/media\/1910"}],"wp:attachment":[{"href":"https:\/\/mg.passadospresentes.com.br\/cidades-negras\/wp-json\/wp\/v2\/media?parent=803"}],"wp:term":[{"taxonomy":"categoria","embeddable":true,"href":"https:\/\/mg.passadospresentes.com.br\/cidades-negras\/wp-json\/wp\/v2\/categoria?post=803"}],"curies":[{"name":"wp","href":"https:\/\/api.w.org\/{rel}","templated":true}]}}

<p>Danilo José Zioni Ferretti, de São Paulo &#8211; SP (1973), é formado (1995) e doutorado (2004) em História pela Universidade de São Paulo-USP. Desde 2005 é professor do Curso de História da Universidade Federal de São João del-Rei/UFSJ. Entre 2014 e 2015 fez estágio pós-doutoral. Atua nas áreas de história da historiografia, história intelectual e da cultura, desenvolvendo pesquisas sobre processos de identificação coletiva (nacional e regional), usos do passado, história da memória, relações entre intelectuais e escravidão, relação entre história e literatura, concentrando-se principalmente entre os séculos. XIX e XX. Juntamente à Profa. Sílvia Brügger (UFSJ) deu início, em maio de 2023, a um projeto de mapeamento e coleta de relatos sobre os lugares da memória negra na cidade de São João del-Rei-MG.</p>



<p></p>



<p></p>
