{"id":802,"date":"2025-02-23T20:45:53","date_gmt":"2025-02-23T23:45:53","guid":{"rendered":"https:\/\/mg.passadospresentes.com.br\/cidades-negras\/?post_type=participante&#038;p=802"},"modified":"2025-12-07T19:30:37","modified_gmt":"2025-12-07T22:30:37","slug":"silvia-brugger","status":"publish","type":"participante","link":"https:\/\/mg.passadospresentes.com.br\/cidades-negras\/participante\/silvia-brugger\/","title":{"rendered":"Silvia Br\u00fcgger"},"content":{"rendered":"\n<p>Silvia Maria Jardim Br\u00fcgger \u00e9 professora titular do Departamento de Ci\u00eancias Sociais e do Programa de P\u00f3s-Gradua\u00e7\u00e3o em Hist\u00f3ria da Universidade Federal de S\u00e3o Jo\u00e3o del Rei. \u00c9 licenciada, mestra e doutora em Hist\u00f3ria pela Universidade Federal Fluminense, onde tamb\u00e9m realizou, em 2008, est\u00e1gio p\u00f3s-doutoral. Em 2023, realizou segundo p\u00f3s-doutorado junto ao Programa de P\u00f3s-gradua\u00e7\u00e3o em Hist\u00f3ria da UNIRIO, com pesquisa sobre os congados mineiros. Entre diversas publica\u00e7\u00f5es, \u00e9 autora do livro\u00a0<strong>Minas Patriarcal: Fam\u00edlia e Sociedade (S\u00e3o Jo\u00e3o del Rei, s\u00e9culos XVIII e XIX)<\/strong>\u00a0e organizadora da colet\u00e2nea\u00a0<strong>O Canto Mesti\u00e7o de Clara Nunes<\/strong>. Integra a equipe de pesquisadores do Laborat\u00f3rio de Imagem e Som (LIS) da UFSJ. Coordena o Programa de Extens\u00e3o Memorial Clara Nunes.<br><\/p>\n\n\n\n<p><\/p>\n","protected":false},"featured_media":1922,"template":"","meta":{"_acf_changed":true},"categoria":[9],"class_list":["post-802","participante","type-participante","status-publish","has-post-thumbnail","hentry","categoria-pesquisadores"],"acf":[],"_links":{"self":[{"href":"https:\/\/mg.passadospresentes.com.br\/cidades-negras\/wp-json\/wp\/v2\/participante\/802","targetHints":{"allow":["GET"]}}],"collection":[{"href":"https:\/\/mg.passadospresentes.com.br\/cidades-negras\/wp-json\/wp\/v2\/participante"}],"about":[{"href":"https:\/\/mg.passadospresentes.com.br\/cidades-negras\/wp-json\/wp\/v2\/types\/participante"}],"wp:featuredmedia":[{"embeddable":true,"href":"https:\/\/mg.passadospresentes.com.br\/cidades-negras\/wp-json\/wp\/v2\/media\/1922"}],"wp:attachment":[{"href":"https:\/\/mg.passadospresentes.com.br\/cidades-negras\/wp-json\/wp\/v2\/media?parent=802"}],"wp:term":[{"taxonomy":"categoria","embeddable":true,"href":"https:\/\/mg.passadospresentes.com.br\/cidades-negras\/wp-json\/wp\/v2\/categoria?post=802"}],"curies":[{"name":"wp","href":"https:\/\/api.w.org\/{rel}","templated":true}]}}

Silvia Brügger

<p>Silvia Maria Jardim Brügger é professora titular do Departamento de Ciências Sociais e do Programa de Pós-Graduação em História da Universidade Federal de São João del Rei. É licenciada, mestra e doutora em História pela Universidade Federal Fluminense, onde também realizou, em 2008, estágio pós-doutoral. Em 2023, realizou segundo pós-doutorado junto ao Programa de Pós-graduação em História da UNIRIO, com pesquisa sobre os congados mineiros. Entre diversas publicações, é autora do livro <strong>Minas Patriarcal: Família e Sociedade (São João del Rei, séculos XVIII e XIX)</strong> e organizadora da coletânea <strong>O Canto Mestiço de Clara Nunes</strong>. Integra a equipe de pesquisadores do Laboratório de Imagem e Som (LIS) da UFSJ. Coordena o Programa de Extensão Memorial Clara Nunes.<br></p>



<p></p>
