{"id":799,"date":"2025-02-23T20:34:09","date_gmt":"2025-02-23T23:34:09","guid":{"rendered":"https:\/\/mg.passadospresentes.com.br\/cidades-negras\/?post_type=participante&#038;p=799"},"modified":"2025-12-02T21:04:49","modified_gmt":"2025-12-03T00:04:49","slug":"799","status":"publish","type":"participante","link":"https:\/\/mg.passadospresentes.com.br\/cidades-negras\/participante\/799\/","title":{"rendered":"Hebe Mattos"},"content":{"rendered":"\n<p>Hebe Mattos \u00e9 Professora Titular na Universidade Federal de Juiz de Fora e na Universidade Federal Fluminense, pesquisadora 1 A do CNPq e coordenadora do Laborat\u00f3rio de Hist\u00f3ria Oral e Imagem, rede de pesquisa (LABHOI\/UFF\/UFJF). Foi professora visitante na Sorbonne \u2013 Paris Nord (2022); na C\u00e1tedra Ruth Cardoso CAPES\/FULBRIGHT da Columbia University (2013\/2014); na EHESS (2004) e na University of Michigan (1996). \u00c9 autora de livros e artigos sobre hist\u00f3ria e mem\u00f3ria da escravid\u00e3o no Brasil, entre eles,\u00a0Ao Sul da Hist\u00f3ria (1987\/2009), Das Cores do Sil\u00eancio\u00a0(1995, 2013), Mem\u00f3rias do Cativeiro\u00a0(2005), Escravid\u00e3o e Cidadania no<br>Brasil Mon\u00e1rquico (2000), Andr\u00e9 Rebou\u00e7as. Cartas da \u00c1frica (org. e posf\u00e1cio, 2022) e codiretora da s\u00e9rie de document\u00e1rios e plataformas digitais\u00a0Passados Presentes\u00a0(2012, 2016).\u00a0<br>www.labhoi.uff.br\/passadospresente<br>www.passadospresentes.com.br<\/p>\n\n\n\n<p>Lattes: <a href=\"http:\/\/lattes.cnpq.br\/2719300158070968\">http:\/\/lattes.cnpq.br\/2719300158070968<\/a><\/p>\n\n\n\n<p><\/p>\n","protected":false},"featured_media":1218,"template":"","meta":{"_acf_changed":true},"categoria":[8],"class_list":["post-799","participante","type-participante","status-publish","has-post-thumbnail","hentry","categoria-moderadores"],"acf":[],"_links":{"self":[{"href":"https:\/\/mg.passadospresentes.com.br\/cidades-negras\/wp-json\/wp\/v2\/participante\/799","targetHints":{"allow":["GET"]}}],"collection":[{"href":"https:\/\/mg.passadospresentes.com.br\/cidades-negras\/wp-json\/wp\/v2\/participante"}],"about":[{"href":"https:\/\/mg.passadospresentes.com.br\/cidades-negras\/wp-json\/wp\/v2\/types\/participante"}],"wp:featuredmedia":[{"embeddable":true,"href":"https:\/\/mg.passadospresentes.com.br\/cidades-negras\/wp-json\/wp\/v2\/media\/1218"}],"wp:attachment":[{"href":"https:\/\/mg.passadospresentes.com.br\/cidades-negras\/wp-json\/wp\/v2\/media?parent=799"}],"wp:term":[{"taxonomy":"categoria","embeddable":true,"href":"https:\/\/mg.passadospresentes.com.br\/cidades-negras\/wp-json\/wp\/v2\/categoria?post=799"}],"curies":[{"name":"wp","href":"https:\/\/api.w.org\/{rel}","templated":true}]}}

<p>Hebe Mattos é Professora Titular na Universidade Federal de Juiz de Fora e na Universidade Federal Fluminense, pesquisadora 1 A do CNPq e coordenadora do Laboratório de História Oral e Imagem, rede de pesquisa (LABHOI/UFF/UFJF). Foi professora visitante na Sorbonne – Paris Nord (2022); na Cátedra Ruth Cardoso CAPES/FULBRIGHT da Columbia University (2013/2014); na EHESS (2004) e na University of Michigan (1996). É autora de livros e artigos sobre história e memória da escravidão no Brasil, entre eles, Ao Sul da História (1987/2009), Das Cores do Silêncio (1995, 2013), Memórias do Cativeiro (2005), Escravidão e Cidadania no<br>Brasil Monárquico (2000), André Rebouças. Cartas da África (org. e posfácio, 2022) e codiretora da série de documentários e plataformas digitais Passados Presentes (2012, 2016). <br>www.labhoi.uff.br/passadospresente<br>www.passadospresentes.com.br</p>



<p>Lattes: <a href="http://lattes.cnpq.br/2719300158070968">http://lattes.cnpq.br/2719300158070968</a></p>



<p></p>
