{"id":196,"date":"2024-10-24T19:25:38","date_gmt":"2024-10-24T22:25:38","guid":{"rendered":"https:\/\/mg.passadospresentes.com.br\/cidades-negras\/?post_type=participante&#038;p=196"},"modified":"2025-12-07T19:20:10","modified_gmt":"2025-12-07T22:20:10","slug":"vanessa","status":"publish","type":"participante","link":"https:\/\/mg.passadospresentes.com.br\/cidades-negras\/participante\/vanessa\/","title":{"rendered":"Vanessa Lopes"},"content":{"rendered":"\n<p><\/p>\n\n\n\n<p>Professora de Hist\u00f3ria na rede b\u00e1sica de ensino, agente cultural em tem\u00e1ticas relacionadas \u00e0 mem\u00f3ria e audiovisual, mestre no programa de p\u00f3s-gradua\u00e7\u00e3o em Hist\u00f3ria na UFJF e pesquisadora vinculada ao Centro de Refer\u00eancia Virtual da Mem\u00f3ria Negra em Juiz de Fora. Pesquisa relacionada a constiui\u00e7\u00e3o de organiza\u00e7\u00f5es coletivas do movimento negro na cidade de Juiz de Fora\/MG nos anos 1980, utilizando a Hist\u00f3ria Oral. Tem interesse nas \u00e1reas relacionadas aos movimentos sociais e antirracismo no Brasil Rep\u00fablica, modernidades negras, ensino de Hist\u00f3ria e patrim\u00f4nio hist\u00f3rico cultural.<\/p>\n\n\n\n<p><br><\/p>\n\n\n\n<p><\/p>\n","protected":false},"featured_media":1917,"template":"","meta":{"_acf_changed":true},"categoria":[9],"class_list":["post-196","participante","type-participante","status-publish","has-post-thumbnail","hentry","categoria-pesquisadores"],"acf":[],"_links":{"self":[{"href":"https:\/\/mg.passadospresentes.com.br\/cidades-negras\/wp-json\/wp\/v2\/participante\/196","targetHints":{"allow":["GET"]}}],"collection":[{"href":"https:\/\/mg.passadospresentes.com.br\/cidades-negras\/wp-json\/wp\/v2\/participante"}],"about":[{"href":"https:\/\/mg.passadospresentes.com.br\/cidades-negras\/wp-json\/wp\/v2\/types\/participante"}],"wp:featuredmedia":[{"embeddable":true,"href":"https:\/\/mg.passadospresentes.com.br\/cidades-negras\/wp-json\/wp\/v2\/media\/1917"}],"wp:attachment":[{"href":"https:\/\/mg.passadospresentes.com.br\/cidades-negras\/wp-json\/wp\/v2\/media?parent=196"}],"wp:term":[{"taxonomy":"categoria","embeddable":true,"href":"https:\/\/mg.passadospresentes.com.br\/cidades-negras\/wp-json\/wp\/v2\/categoria?post=196"}],"curies":[{"name":"wp","href":"https:\/\/api.w.org\/{rel}","templated":true}]}}

<p></p>



<p>Professora de História na rede básica de ensino, agente cultural em temáticas relacionadas à memória e audiovisual, mestre no programa de pós-graduação em História na UFJF e pesquisadora vinculada ao Centro de Referência Virtual da Memória Negra em Juiz de Fora. Pesquisa relacionada a constiuição de organizações coletivas do movimento negro na cidade de Juiz de Fora/MG nos anos 1980, utilizando a História Oral. Tem interesse nas áreas relacionadas aos movimentos sociais e antirracismo no Brasil República, modernidades negras, ensino de História e patrimônio histórico cultural.</p>



<p><br></p>



<p></p>
