{"id":1941,"date":"2025-12-07T19:26:18","date_gmt":"2025-12-07T22:26:18","guid":{"rendered":"https:\/\/mg.passadospresentes.com.br\/cidades-negras\/?post_type=participante&#038;p=1941"},"modified":"2025-12-07T19:35:30","modified_gmt":"2025-12-07T22:35:30","slug":"giovana-castro","status":"publish","type":"participante","link":"https:\/\/mg.passadospresentes.com.br\/cidades-negras\/participante\/giovana-castro\/","title":{"rendered":"Giovana Castro"},"content":{"rendered":"\n<p>Historiadora e Professora da Educa\u00e7\u00e3o B\u00e1sica, \u00e9 Especialista em Hist\u00f3ria Africana e Afro Brasileira (UFJF) e Doutora em Hist\u00f3ria (UFJF). Atua como Coordenadora do Projeto \u201cJuiz de Fora: Cidade Negra\u201d (LABHOI\/UFJF) e \u00e9 Pesquisadora do GT Emancipa\u00e7\u00f5es e P\u00f3s Aboli\u00e7\u00e3o em MG (GTEP\/ANPUH).<\/p>\n","protected":false},"featured_media":1918,"template":"","meta":{"_acf_changed":true},"categoria":[9],"class_list":["post-1941","participante","type-participante","status-publish","has-post-thumbnail","hentry","categoria-pesquisadores"],"acf":[],"_links":{"self":[{"href":"https:\/\/mg.passadospresentes.com.br\/cidades-negras\/wp-json\/wp\/v2\/participante\/1941","targetHints":{"allow":["GET"]}}],"collection":[{"href":"https:\/\/mg.passadospresentes.com.br\/cidades-negras\/wp-json\/wp\/v2\/participante"}],"about":[{"href":"https:\/\/mg.passadospresentes.com.br\/cidades-negras\/wp-json\/wp\/v2\/types\/participante"}],"wp:featuredmedia":[{"embeddable":true,"href":"https:\/\/mg.passadospresentes.com.br\/cidades-negras\/wp-json\/wp\/v2\/media\/1918"}],"wp:attachment":[{"href":"https:\/\/mg.passadospresentes.com.br\/cidades-negras\/wp-json\/wp\/v2\/media?parent=1941"}],"wp:term":[{"taxonomy":"categoria","embeddable":true,"href":"https:\/\/mg.passadospresentes.com.br\/cidades-negras\/wp-json\/wp\/v2\/categoria?post=1941"}],"curies":[{"name":"wp","href":"https:\/\/api.w.org\/{rel}","templated":true}]}}

<p>Historiadora e Professora da Educação Básica, é Especialista em História Africana e Afro Brasileira (UFJF) e Doutora em História (UFJF). Atua como Coordenadora do Projeto “Juiz de Fora: Cidade Negra” (LABHOI/UFJF) e é Pesquisadora do GT Emancipações e Pós Abolição em MG (GTEP/ANPUH).</p>
