{"id":194,"date":"2024-10-24T19:25:10","date_gmt":"2024-10-24T22:25:10","guid":{"rendered":"https:\/\/mg.passadospresentes.com.br\/cidades-negras\/?post_type=participante&#038;p=194"},"modified":"2025-12-02T21:06:49","modified_gmt":"2025-12-03T00:06:49","slug":"livia","status":"publish","type":"participante","link":"https:\/\/mg.passadospresentes.com.br\/cidades-negras\/participante\/livia\/","title":{"rendered":"L\u00edvia Monteiro"},"content":{"rendered":"\n<p>Sou mineira, apaixonada pelo Rio e pelo mar, nascida em S\u00e3o Jo\u00e3o del Rei e criada na pequena cidade de Piedade do Rio Grande, pr\u00f3ximo \u00e0 S\u00e3o Jo\u00e3o. Meus pais, Lujan e Camilo, foram professores e com eles aprendi o gosto pela profiss\u00e3o que escolhi. Em Piedade, acompanho a festa de maio desde a inf\u00e2ncia. Aos dezesseis anos fui estudar em Juiz de Fora. Cursei Hist\u00f3ria na Universidade Federal de Juiz de Fora (2007), realizei o mestrado na Universidade Federal do Rio de Janeiro (2010) e fiz o doutorado na Universidade Federal Fluminense (2016), com a pesquisa sobre as festas congadeiras de Piedade do Rio Grande. Atualmente sou professora adjunta da Universidade Federal de Alfenas (UNIFAL-MG), produtora e roteirista de document\u00e1rios sobre as festas congadeiras em Minas e atuo nas \u00e1reas do Ensino de hist\u00f3ria e culturas afro-brasileiras, hist\u00f3ria oral e hist\u00f3ria p\u00fablica. Em 2023 me tornei m\u00e3e da Alice, fruto do meu relacionamento com o Denilson, com quem sou casada h\u00e1 quinze anos.<\/p>\n\n\n\n<p><br>\u00a0<\/p>\n\n\n\n<p><\/p>\n","protected":false},"featured_media":1223,"template":"","meta":{"_acf_changed":true},"categoria":[8],"class_list":["post-194","participante","type-participante","status-publish","has-post-thumbnail","hentry","categoria-moderadores"],"acf":[],"_links":{"self":[{"href":"https:\/\/mg.passadospresentes.com.br\/cidades-negras\/wp-json\/wp\/v2\/participante\/194","targetHints":{"allow":["GET"]}}],"collection":[{"href":"https:\/\/mg.passadospresentes.com.br\/cidades-negras\/wp-json\/wp\/v2\/participante"}],"about":[{"href":"https:\/\/mg.passadospresentes.com.br\/cidades-negras\/wp-json\/wp\/v2\/types\/participante"}],"wp:featuredmedia":[{"embeddable":true,"href":"https:\/\/mg.passadospresentes.com.br\/cidades-negras\/wp-json\/wp\/v2\/media\/1223"}],"wp:attachment":[{"href":"https:\/\/mg.passadospresentes.com.br\/cidades-negras\/wp-json\/wp\/v2\/media?parent=194"}],"wp:term":[{"taxonomy":"categoria","embeddable":true,"href":"https:\/\/mg.passadospresentes.com.br\/cidades-negras\/wp-json\/wp\/v2\/categoria?post=194"}],"curies":[{"name":"wp","href":"https:\/\/api.w.org\/{rel}","templated":true}]}}

Lívia Monteiro

<p>Sou mineira, apaixonada pelo Rio e pelo mar, nascida em São João del Rei e criada na pequena cidade de Piedade do Rio Grande, próximo à São João. Meus pais, Lujan e Camilo, foram professores e com eles aprendi o gosto pela profissão que escolhi. Em Piedade, acompanho a festa de maio desde a infância. Aos dezesseis anos fui estudar em Juiz de Fora. Cursei História na Universidade Federal de Juiz de Fora (2007), realizei o mestrado na Universidade Federal do Rio de Janeiro (2010) e fiz o doutorado na Universidade Federal Fluminense (2016), com a pesquisa sobre as festas congadeiras de Piedade do Rio Grande. Atualmente sou professora adjunta da Universidade Federal de Alfenas (UNIFAL-MG), produtora e roteirista de documentários sobre as festas congadeiras em Minas e atuo nas áreas do Ensino de história e culturas afro-brasileiras, história oral e história pública. Em 2023 me tornei mãe da Alice, fruto do meu relacionamento com o Denilson, com quem sou casada há quinze anos.</p>



<p><br> </p>



<p></p>
