{"id":1673,"date":"2025-10-27T15:54:50","date_gmt":"2025-10-27T18:54:50","guid":{"rendered":"https:\/\/mg.passadospresentes.com.br\/cidades-negras\/?page_id=1673"},"modified":"2025-10-28T06:30:51","modified_gmt":"2025-10-28T09:30:51","slug":"verbete-benzedeiras-e-benzedores","status":"publish","type":"page","link":"https:\/\/mg.passadospresentes.com.br\/cidades-negras\/verbete-benzedeiras-e-benzedores\/","title":{"rendered":"Verbete: Benzedeiras e benzedores"},"content":{"rendered":"\n<p>Por: <a href=\"https:\/\/mg.passadospresentes.com.br\/cidades-negras\/participante\/tayane-oliveira\/\">Tayane Oliveira<\/a><\/p>\n\n\n\n<hr class=\"wp-block-separator has-alpha-channel-opacity\"\/>\n\n\n\n<h4 class=\"wp-block-heading\">HIST\u00d3RICO:<\/h4>\n\n\n\n<hr class=\"wp-block-separator has-alpha-channel-opacity\"\/>\n\n\n\n<p>A figura das benzedeiras e dos benzedores est\u00e1 vinculada ao imagin\u00e1rio popular, suas ora\u00e7\u00f5es e rituais permeiam um universo criado por diversas influ\u00eancias religiosas e culturais. Atrav\u00e9s da pr\u00e1tica, os benzedores representam uma figura intermedi\u00e1ria que recebe o poder divino para aplic\u00e1-lo nas pessoas que o procuram a fim de se curar.&nbsp;<\/p>\n\n\n\n<p>A tradi\u00e7\u00e3o oral apresentada nos benzimentos tem como base difusora as redes familiares e de conviv\u00eancia. A partir delas os conhecimentos s\u00e3o transmitidos de forma direta ou indireta para a gera\u00e7\u00e3o seguinte, o que garante de certa forma uma heran\u00e7a simb\u00f3lica. Sendo a fam\u00edlia o lugar em que os processos identit\u00e1rios s\u00e3o elaborados, a oralidade tem um papel essencial na transmiss\u00e3o desses valores e conhecimentos, pois corresponde ao caminho pelo qual os benzedores ingressam por esse of\u00edcio de cura.<\/p>\n\n\n\n<figure class=\"wp-block-image size-full is-resized\"><img fetchpriority=\"high\" decoding=\"async\" width=\"693\" height=\"520\" src=\"https:\/\/mg.passadospresentes.com.br\/cidades-negras\/wp-content\/uploads\/sites\/5\/2025\/10\/Captura-de-tela-2025-10-27-200918.png\" alt=\"\" class=\"wp-image-1684\" style=\"width:594px;height:auto\" srcset=\"https:\/\/mg.passadospresentes.com.br\/cidades-negras\/wp-content\/uploads\/sites\/5\/2025\/10\/Captura-de-tela-2025-10-27-200918.png 693w, https:\/\/mg.passadospresentes.com.br\/cidades-negras\/wp-content\/uploads\/sites\/5\/2025\/10\/Captura-de-tela-2025-10-27-200918-300x225.png 300w\" sizes=\"(max-width: 693px) 100vw, 693px\" \/><figcaption class=\"wp-element-caption\">    Ana e Geralda irm\u00e3s benzedeiras. Coronel Xavier Chaves\/ MG, 2015. Tayane Oliveira.<\/figcaption><\/figure>\n\n\n\n<p>A transmiss\u00e3o desses conhecimentos reflete na rela\u00e7\u00e3o que os benzedores t\u00eam com o passado, com seus instrutores e com sua forma de ser e vivenciar a pr\u00e1tica da benzedura.&nbsp; Al\u00e9m da transmiss\u00e3o dos conhecimentos, os benzedores acreditam que para exercer esse of\u00edcio de f\u00e9 e cura \u00e9 preciso ter o dom e\/ou a f\u00e9 necess\u00e1ria para realizar a pr\u00e1tica. Eles se especializam nas pr\u00e1ticas aprendidas de seus \u201cinstrutores\u201d e as ressignificam a partir de sua viv\u00eancia religiosa. De acordo com Marcel Mauss (2003), o dom ou a d\u00e1diva podem ser entendidos como sistema de trocas da vida social, no qual se baseiam nas rela\u00e7\u00f5es de dar, receber e retribuir.<\/p>\n\n\n\n<p>&nbsp;A partir desse conceito podemos entender a din\u00e2mica estabelecida entre Deus, os benzedores e os consulentes.&nbsp; Dessa forma, o dom da cura recebido pelos benzedores por Deus, \u00e9 retribu\u00eddo atrav\u00e9s dos benzimentos para ajudar as pessoas que lhes pedem assist\u00eancia, sem nenhuma cobran\u00e7a financeira por parte dos benzedores.&nbsp;<\/p>\n\n\n\n<figure class=\"wp-block-image size-full is-resized\"><img decoding=\"async\" width=\"540\" height=\"960\" src=\"https:\/\/mg.passadospresentes.com.br\/cidades-negras\/wp-content\/uploads\/sites\/5\/2025\/10\/209377187_310147204135293_9048817513971675124_n.jpg\" alt=\"\" class=\"wp-image-1680\" style=\"width:696px;height:auto\" srcset=\"https:\/\/mg.passadospresentes.com.br\/cidades-negras\/wp-content\/uploads\/sites\/5\/2025\/10\/209377187_310147204135293_9048817513971675124_n.jpg 540w, https:\/\/mg.passadospresentes.com.br\/cidades-negras\/wp-content\/uploads\/sites\/5\/2025\/10\/209377187_310147204135293_9048817513971675124_n-169x300.jpg 169w\" sizes=\"(max-width: 540px) 100vw, 540px\" \/><figcaption class=\"wp-element-caption\">Benzedeira dona Teresa ao lado de seus santos de devo\u00e7\u00e3o. S\u00e3o Jo\u00e3o del-Rei. 29\/08\/2020. Soraia Geralda Santos.<\/figcaption><\/figure>\n\n\n\n<p>&nbsp; Al\u00e9m das ora\u00e7\u00f5es repassadas, os benzedores carregam consigo devo\u00e7\u00f5es e religiosidades que se manifestam a partir das viv\u00eancias e vis\u00f5es de mundo desses sujeitos. A forma como cada benzedeira ou benzedor manifesta seu exerc\u00edcio de f\u00e9 e cura no presente representa o modo como se conecta com seu passado.<\/p>\n\n\n\n<p>Muito al\u00e9m de repetir as f\u00f3rmulas das benzeduras, a pr\u00e1tica est\u00e1 relacionada com sua viv\u00eancia religiosa e com os valores que os benzedores trazem consigo. O of\u00edcio da benzedura desenvolvido por esses benzedores e benzedeiras carrega uma for\u00e7a ancestral que se perde no fio do tempo. Suas vozes ecoam saberes, expulsam o mal, promovem a cura, harmonizam o esp\u00edrito. Fazer o bem \u00e9 o que move suas trajet\u00f3rias de vida.<\/p>\n\n\n\n<hr class=\"wp-block-separator has-alpha-channel-opacity\"\/>\n\n\n\n<h4 class=\"wp-block-heading\">REFER\u00caNCIAS:<\/h4>\n\n\n\n<hr class=\"wp-block-separator has-alpha-channel-opacity\"\/>\n\n\n\n<p>MAUSS, Marcel. <strong>Sociologia e antropologia<\/strong>. S\u00e3o Paulo: Cosac &amp; Naify. 2003<\/p>\n\n\n\n<hr class=\"wp-block-separator has-alpha-channel-opacity\"\/>\n\n\n\n<p>OLIVEIRA, Tayane Aparecida Rodrigues. <strong>Reza Antiga, Cura Certa &#8211; B\u00ean\u00e7\u00e3os, mem\u00f3rias e quebrantos: o oficio da benzedura na cidade de S\u00e3o Jo\u00e3o del-Rei. <\/strong>&nbsp;&nbsp;Disserta\u00e7\u00e3o (Mestrado em Hist\u00f3ria) \u2013 UFSJ, 2022. Dispon\u00edvel em: <a href=\"https:\/\/ufsj.edu.br\/portal2-repositorio\/File\/pghis\/DissertacaoTayaneAparecidaRodriguesOliveira.pdf\">https:\/\/ufsj.edu.br\/portal2-repositorio\/File\/pghis\/DissertacaoTayaneAparecidaRodriguesOliveira.pdf<\/a>. Acesso em: 10 de outubro de 2024.<\/p>\n\n\n\n<hr class=\"wp-block-separator has-alpha-channel-opacity\"\/>\n\n\n\n<p>PEREIRA, Edimilson de Almeida; GOMES, N\u00fabia Pereira de Magalh\u00e3es. <strong>Assim se benze em Minas Gerais: um estudo sobre a cura atrav\u00e9s da palavra.<\/strong> Belo Horizonte. Massa Edi\u00e7\u00f5es, 2018.&nbsp;<\/p>\n\n\n\n<hr class=\"wp-block-separator has-alpha-channel-opacity\"\/>\n\n\n\n<p>QUINTANA, Alberto Manuel. <strong>A Ci\u00eancia da benzedura: mau-olhado, simpatias e uma pitada de psican\u00e1lise.<\/strong> Bauru: EDUSC.1999.<\/p>\n\n\n\n<p><\/p>\n","protected":false},"excerpt":{"rendered":"<p>Por: Tayane Oliveira HIST\u00d3RICO: A figura das benzedeiras e dos benzedores est\u00e1 vinculada ao imagin\u00e1rio popular, suas ora\u00e7\u00f5es e rituais permeiam um universo criado por diversas influ\u00eancias religiosas e culturais. Atrav\u00e9s da pr\u00e1tica, os benzedores representam uma figura intermedi\u00e1ria que recebe o poder divino para aplic\u00e1-lo nas pessoas que o procuram a fim de se [&hellip;]<\/p>\n","protected":false},"author":2,"featured_media":0,"parent":0,"menu_order":0,"comment_status":"closed","ping_status":"closed","template":"","meta":{"_acf_changed":false,"footnotes":""},"class_list":["post-1673","page","type-page","status-publish","hentry"],"acf":[],"_links":{"self":[{"href":"https:\/\/mg.passadospresentes.com.br\/cidades-negras\/wp-json\/wp\/v2\/pages\/1673","targetHints":{"allow":["GET"]}}],"collection":[{"href":"https:\/\/mg.passadospresentes.com.br\/cidades-negras\/wp-json\/wp\/v2\/pages"}],"about":[{"href":"https:\/\/mg.passadospresentes.com.br\/cidades-negras\/wp-json\/wp\/v2\/types\/page"}],"author":[{"embeddable":true,"href":"https:\/\/mg.passadospresentes.com.br\/cidades-negras\/wp-json\/wp\/v2\/users\/2"}],"replies":[{"embeddable":true,"href":"https:\/\/mg.passadospresentes.com.br\/cidades-negras\/wp-json\/wp\/v2\/comments?post=1673"}],"version-history":[{"count":2,"href":"https:\/\/mg.passadospresentes.com.br\/cidades-negras\/wp-json\/wp\/v2\/pages\/1673\/revisions"}],"predecessor-version":[{"id":1686,"href":"https:\/\/mg.passadospresentes.com.br\/cidades-negras\/wp-json\/wp\/v2\/pages\/1673\/revisions\/1686"}],"wp:attachment":[{"href":"https:\/\/mg.passadospresentes.com.br\/cidades-negras\/wp-json\/wp\/v2\/media?parent=1673"}],"curies":[{"name":"wp","href":"https:\/\/api.w.org\/{rel}","templated":true}]}}

<p>Por: <a href="https://mg.passadospresentes.com.br/cidades-negras/participante/tayane-oliveira/">Tayane Oliveira</a></p>



<hr class="wp-block-separator has-alpha-channel-opacity"/>



<h4 class="wp-block-heading">HISTÓRICO:</h4>



<hr class="wp-block-separator has-alpha-channel-opacity"/>



<p>A figura das benzedeiras e dos benzedores está vinculada ao imaginário popular, suas orações e rituais permeiam um universo criado por diversas influências religiosas e culturais. Através da prática, os benzedores representam uma figura intermediária que recebe o poder divino para aplicá-lo nas pessoas que o procuram a fim de se curar.&nbsp;</p>



<p>A tradição oral apresentada nos benzimentos tem como base difusora as redes familiares e de convivência. A partir delas os conhecimentos são transmitidos de forma direta ou indireta para a geração seguinte, o que garante de certa forma uma herança simbólica. Sendo a família o lugar em que os processos identitários são elaborados, a oralidade tem um papel essencial na transmissão desses valores e conhecimentos, pois corresponde ao caminho pelo qual os benzedores ingressam por esse ofício de cura.</p>



<figure class="wp-block-image size-full is-resized"><img fetchpriority="high" decoding="async" width="693" height="520" src="https://mg.passadospresentes.com.br/cidades-negras/wp-content/uploads/sites/5/2025/10/Captura-de-tela-2025-10-27-200918.png" alt="" class="wp-image-1684" style="width:594px;height:auto" srcset="https://mg.passadospresentes.com.br/cidades-negras/wp-content/uploads/sites/5/2025/10/Captura-de-tela-2025-10-27-200918.png 693w, https://mg.passadospresentes.com.br/cidades-negras/wp-content/uploads/sites/5/2025/10/Captura-de-tela-2025-10-27-200918-300x225.png 300w" sizes="(max-width: 693px) 100vw, 693px" /><figcaption class="wp-element-caption">    Ana e Geralda irmãs benzedeiras. Coronel Xavier Chaves/ MG, 2015. Tayane Oliveira.</figcaption></figure>



<p>A transmissão desses conhecimentos reflete na relação que os benzedores têm com o passado, com seus instrutores e com sua forma de ser e vivenciar a prática da benzedura.&nbsp; Além da transmissão dos conhecimentos, os benzedores acreditam que para exercer esse ofício de fé e cura é preciso ter o dom e/ou a fé necessária para realizar a prática. Eles se especializam nas práticas aprendidas de seus “instrutores” e as ressignificam a partir de sua vivência religiosa. De acordo com Marcel Mauss (2003), o dom ou a dádiva podem ser entendidos como sistema de trocas da vida social, no qual se baseiam nas relações de dar, receber e retribuir.</p>



<p>&nbsp;A partir desse conceito podemos entender a dinâmica estabelecida entre Deus, os benzedores e os consulentes.&nbsp; Dessa forma, o dom da cura recebido pelos benzedores por Deus, é retribuído através dos benzimentos para ajudar as pessoas que lhes pedem assistência, sem nenhuma cobrança financeira por parte dos benzedores.&nbsp;</p>



<figure class="wp-block-image size-full is-resized"><img decoding="async" width="540" height="960" src="https://mg.passadospresentes.com.br/cidades-negras/wp-content/uploads/sites/5/2025/10/209377187_310147204135293_9048817513971675124_n.jpg" alt="" class="wp-image-1680" style="width:696px;height:auto" srcset="https://mg.passadospresentes.com.br/cidades-negras/wp-content/uploads/sites/5/2025/10/209377187_310147204135293_9048817513971675124_n.jpg 540w, https://mg.passadospresentes.com.br/cidades-negras/wp-content/uploads/sites/5/2025/10/209377187_310147204135293_9048817513971675124_n-169x300.jpg 169w" sizes="(max-width: 540px) 100vw, 540px" /><figcaption class="wp-element-caption">Benzedeira dona Teresa ao lado de seus santos de devoção. São João del-Rei. 29/08/2020. Soraia Geralda Santos.</figcaption></figure>



<p>&nbsp; Além das orações repassadas, os benzedores carregam consigo devoções e religiosidades que se manifestam a partir das vivências e visões de mundo desses sujeitos. A forma como cada benzedeira ou benzedor manifesta seu exercício de fé e cura no presente representa o modo como se conecta com seu passado.</p>



<p>Muito além de repetir as fórmulas das benzeduras, a prática está relacionada com sua vivência religiosa e com os valores que os benzedores trazem consigo. O ofício da benzedura desenvolvido por esses benzedores e benzedeiras carrega uma força ancestral que se perde no fio do tempo. Suas vozes ecoam saberes, expulsam o mal, promovem a cura, harmonizam o espírito. Fazer o bem é o que move suas trajetórias de vida.</p>



<hr class="wp-block-separator has-alpha-channel-opacity"/>



<h4 class="wp-block-heading">REFERÊNCIAS:</h4>



<hr class="wp-block-separator has-alpha-channel-opacity"/>



<p>MAUSS, Marcel. <strong>Sociologia e antropologia</strong>. São Paulo: Cosac &amp; Naify. 2003</p>



<hr class="wp-block-separator has-alpha-channel-opacity"/>



<p>OLIVEIRA, Tayane Aparecida Rodrigues. <strong>Reza Antiga, Cura Certa &#8211; Bênçãos, memórias e quebrantos: o oficio da benzedura na cidade de São João del-Rei. </strong>&nbsp;&nbsp;Dissertação (Mestrado em História) – UFSJ, 2022. Disponível em: <a href="https://ufsj.edu.br/portal2-repositorio/File/pghis/DissertacaoTayaneAparecidaRodriguesOliveira.pdf">https://ufsj.edu.br/portal2-repositorio/File/pghis/DissertacaoTayaneAparecidaRodriguesOliveira.pdf</a>. Acesso em: 10 de outubro de 2024.</p>



<hr class="wp-block-separator has-alpha-channel-opacity"/>



<p>PEREIRA, Edimilson de Almeida; GOMES, Núbia Pereira de Magalhães. <strong>Assim se benze em Minas Gerais: um estudo sobre a cura através da palavra.</strong> Belo Horizonte. Massa Edições, 2018.&nbsp;</p>



<hr class="wp-block-separator has-alpha-channel-opacity"/>



<p>QUINTANA, Alberto Manuel. <strong>A Ciência da benzedura: mau-olhado, simpatias e uma pitada de psicanálise.</strong> Bauru: EDUSC.1999.</p>



<p></p>

<p>Por: Tayane Oliveira HISTÓRICO: A figura das benzedeiras e dos benzedores está vinculada ao imaginário popular, suas orações e rituais permeiam um universo criado por diversas influências religiosas e culturais. Através da prática, os benzedores representam uma figura intermediária que recebe o poder divino para aplicá-lo nas pessoas que o procuram a fim de se [&hellip;]</p>
