{"id":1615,"date":"2025-10-26T17:32:09","date_gmt":"2025-10-26T20:32:09","guid":{"rendered":"https:\/\/mg.passadospresentes.com.br\/cidades-negras\/?page_id=1615"},"modified":"2025-10-26T17:32:10","modified_gmt":"2025-10-26T20:32:10","slug":"verbete-fazenda-gualaxo","status":"publish","type":"page","link":"https:\/\/mg.passadospresentes.com.br\/cidades-negras\/verbete-fazenda-gualaxo\/","title":{"rendered":"Verbete: Fazenda Gualaxo"},"content":{"rendered":"\n<p>Por: <a href=\"https:\/\/mg.passadospresentes.com.br\/cidades-negras\/participante\/marileide-cassoli\/\">Marileide \u00a0L\u00e1zara Cassoli<\/a><\/p>\n\n\n\n<hr class=\"wp-block-separator has-alpha-channel-opacity\"\/>\n\n\n\n<h4 class=\"wp-block-heading\">HIST\u00d3RICO:<\/h4>\n\n\n\n<hr class=\"wp-block-separator has-alpha-channel-opacity\"\/>\n\n\n\n<p>Nos anos iniciais do s\u00e9culo XX, a disputa jur\u00eddica pela posse do terreno denominado \u201cCatita\u201d, situado em terras da Fazenda Gualaxo, trouxe \u00e0 cena os testemunhos de alguns homens e mulheres que nela nasceram, viveram, trabalharam e formaram suas fam\u00edlias na condi\u00e7\u00e3o de escravizados: Levy Pinto Nery e seu irm\u00e3o Eloy, Dion\u00edsio de Tal, Nicolau Fausto da Silva, Appolin\u00e1rio Ant\u00f4nio da Silva, Secunda Pulcheria de Souza, Cresc\u00eancio de Tal . Suas falas indicavam os limites de territ\u00f3rios da Gualaxo em rela\u00e7\u00e3o \u00e0s fazendas vizinhas, descreviam cultivos, cria\u00e7\u00f5es, engenhos \u2013 de cana e de socar min\u00e9rios \u2013, olaria, lenheiro, atividades e constru\u00e7\u00f5es que garantiam a explora\u00e7\u00e3o e a posse da terra por seu propriet\u00e1rio, Torquatro Jos\u00e9 Lopes Camello. Revelaram ainda, que no terreno Catita, Levy Pinto Nery, agora liberto, dividia o cultivo de uma ro\u00e7a com Nicolau Fausto da Silva, tamb\u00e9m liberto, com a autoriza\u00e7\u00e3o de Lopes Camello, transparecendo, assim, a pr\u00e1tica de concess\u00e3o de terras por parte dos ex-senhores aos libertos \u2013 por arrendamento ou licen\u00e7a \u2013 para cultivo. O relato de Appolin\u00e1rio Ant\u00f4nio da Silva lan\u00e7a luzes sobre essa pr\u00e1tica ao narrar sua recusa, em seu nome e no de seus companheiros, \u00e0s ro\u00e7adas oferecidas pelo capit\u00e3o Torquatro, por localizarem-se distantes de suas casas e por ser o terreno [Catita] constantemente atacado por porcos do mato que colocavam em risco as planta\u00e7\u00f5es. Contudo, n\u00e3o teve qualquer receio em propor a concess\u00e3o, ou mesmo o arrendamento, de terras mais pr\u00f3ximas \u00e0s sua moradas. <\/p>\n\n\n\n<figure class=\"wp-block-image size-large\"><img fetchpriority=\"high\" decoding=\"async\" width=\"1024\" height=\"731\" src=\"https:\/\/mg.passadospresentes.com.br\/cidades-negras\/wp-content\/uploads\/sites\/5\/2025\/04\/Fazenda-gualaxo1-1024x731.jpg\" alt=\"\" class=\"wp-image-1635\" srcset=\"https:\/\/mg.passadospresentes.com.br\/cidades-negras\/wp-content\/uploads\/sites\/5\/2025\/04\/Fazenda-gualaxo1-1024x731.jpg 1024w, https:\/\/mg.passadospresentes.com.br\/cidades-negras\/wp-content\/uploads\/sites\/5\/2025\/04\/Fazenda-gualaxo1-300x214.jpg 300w, https:\/\/mg.passadospresentes.com.br\/cidades-negras\/wp-content\/uploads\/sites\/5\/2025\/04\/Fazenda-gualaxo1-768x548.jpg 768w, https:\/\/mg.passadospresentes.com.br\/cidades-negras\/wp-content\/uploads\/sites\/5\/2025\/04\/Fazenda-gualaxo1.jpg 1162w\" sizes=\"(max-width: 1024px) 100vw, 1024px\" \/><figcaption class=\"wp-element-caption\">Fonte: AHCSM, processo de demarca\u00e7\u00e3o das fazendas Gualaxo, Mirandinha, Cruz das Almas e S\u00e3o Jos\u00e9. 1902\/1911. Documenta\u00e7\u00e3o do F\u00f3rum de Mariana. Fora de cat\u00e1logo. <\/figcaption><\/figure>\n\n\n\n<p>As refer\u00eancias a esse mesmo benef\u00edcio, a autoriza\u00e7\u00e3o para o cultivo de terras, constam dos relatos de diferentes testemunhas do processo: Prud\u00eancio Ant\u00f4nio Cardoso declarou que o liberto Beliz\u00e1rio, ex-escravo do doutor Francisco Carlos Pereira Macedo, afirmou-lhe que o referido doutor havia consentido a Francisco Silva que fizesse ro\u00e7a nos terrenos da Fazenda Cruz das Almas; ainda nas terras da Gualaxo, Lucio Ferreira de Aguiar, Jos\u00e9 Bonif\u00e1cio, Sebasti\u00e3o Anast\u00e1cio, Jo\u00e3o Ferreira, Leonardo da Silva e Luiz da Silva ro\u00e7aram e colheram os frutos das mesmas nos matos da Lavra de S\u00e3o Jo\u00e3o. Os casos acima relatados, fragmentos de liberdade, nos falam sobre as diferentes experi\u00eancias de liberdade e dos obst\u00e1culos a serem enfrentados para que homens e mulheres libertos tivessem acesso \u00e0 terra e ao trabalho no p\u00f3s-aboli\u00e7\u00e3o. Hoje, a Fazenda Gualaxo comp\u00f5e o circuito de fazendas da Estrada Real e pela sua import\u00e2ncia hist\u00f3rica foi cadastrada, em 2004, como s\u00edtio arqueol\u00f3gico. Nela viveram seis gera\u00e7\u00f5es da fam\u00edlia de Levy Pinto Nery e de Laura, com quem era casado; quatro gera\u00e7\u00f5es da fam\u00edlia constitu\u00edda por Delfina e Luiz, africanos, entre outras. Os vest\u00edgios de vida por eles deixados, pequenos retratos das conex\u00f5es entre o passado escravista e as viv\u00eancias da liberdade, s\u00e3o os maiores legados da Fazenda Gualaxo.<\/p>\n\n\n\n<figure class=\"wp-block-image size-large\"><img decoding=\"async\" width=\"1024\" height=\"576\" src=\"https:\/\/mg.passadospresentes.com.br\/cidades-negras\/wp-content\/uploads\/sites\/5\/2025\/10\/Fazenda-gualaxo-1024x576.jpg\" alt=\"\" class=\"wp-image-1637\" srcset=\"https:\/\/mg.passadospresentes.com.br\/cidades-negras\/wp-content\/uploads\/sites\/5\/2025\/10\/Fazenda-gualaxo-1024x576.jpg 1024w, https:\/\/mg.passadospresentes.com.br\/cidades-negras\/wp-content\/uploads\/sites\/5\/2025\/10\/Fazenda-gualaxo-300x169.jpg 300w, https:\/\/mg.passadospresentes.com.br\/cidades-negras\/wp-content\/uploads\/sites\/5\/2025\/10\/Fazenda-gualaxo-768x432.jpg 768w, https:\/\/mg.passadospresentes.com.br\/cidades-negras\/wp-content\/uploads\/sites\/5\/2025\/10\/Fazenda-gualaxo.jpg 1056w\" sizes=\"(max-width: 1024px) 100vw, 1024px\" \/><figcaption class=\"wp-element-caption\">Fonte: APM, Secretaria de Agricultura (SA) 319. Comarca de Mariana e Ouro Preto. Planta dos im\u00f3veis denominados \u201cGualaxo\u201d e \u201cTaveira\u201d. Munic\u00edpio Comarca de Mariana e Ouro Preto, 1901 a 2000.<\/figcaption><\/figure>\n\n\n\n<hr class=\"wp-block-separator has-alpha-channel-opacity\"\/>\n\n\n\n<h4 class=\"wp-block-heading\">CITA\u00c7\u00c3O:<\/h4>\n\n\n\n<hr class=\"wp-block-separator has-alpha-channel-opacity\"\/>\n\n\n\n<p>Arquivo Hist\u00f3rico da Casa Setecentista de Mariana, processo de demarca\u00e7\u00e3o das fazendas Gualaxo, Mirandinha, Cruz das Almas e S\u00e3o Jos\u00e9. 1902\/1911. Documenta\u00e7\u00e3o do F\u00f3rum de Mariana. Fora de cat\u00e1logo.<\/p>\n\n\n\n<hr class=\"wp-block-separator has-alpha-channel-opacity\"\/>\n\n\n\n<h4 class=\"wp-block-heading\">COMO CHEGAR:<\/h4>\n\n\n\n<hr class=\"wp-block-separator has-alpha-channel-opacity\"\/>\n\n\n\n<p>Rodovia MG 129 | S\u00edtio Arqueol\u00f3gico Fazenda Gualaxo &#8211; Unnamed Road, Mariana &#8211; MG, 35420-000 \u2013 Furquim, Mariana \u2013 MG | , MG | 35420-000 | Brasil |<\/p>\n\n\n\n<hr class=\"wp-block-separator has-alpha-channel-opacity\"\/>\n\n\n\n<h4 class=\"wp-block-heading\">CONDI\u00c7\u00d5ES DE VISITA\u00c7\u00c3O:<\/h4>\n\n\n\n<hr class=\"wp-block-separator has-alpha-channel-opacity\"\/>\n\n\n\n<p>Trata-se de uma \u00e1rea particular. A autoriza\u00e7\u00e3o para visita\u00e7\u00e3o depende do propriet\u00e1rio<\/p>\n\n\n\n<hr class=\"wp-block-separator has-alpha-channel-opacity\"\/>\n\n\n\n<h4 class=\"wp-block-heading\">REFER\u00caNCIAS:<\/h4>\n\n\n\n<hr class=\"wp-block-separator has-alpha-channel-opacity\"\/>\n\n\n\n<p>CASSOLI, Marileide L\u00e1zara. A constru\u00e7\u00e3o da liberdade: viv\u00eancias da escravid\u00e3o e do p\u00f3s-aboli\u00e7\u00e3o. Mariana, 1871-1920. Jundia\u00ed: Paco, 2017.<\/p>\n\n\n\n<hr class=\"wp-block-separator has-alpha-channel-opacity\"\/>\n\n\n\n<p>LIBBY, Douglas Cole. Transforma\u00e7\u00e3o e trabalho em uma economia escravista: Minas Gerais no s\u00e9culo XIX. S\u00e3o Paulo: Brasiliense, 1988.<\/p>\n\n\n\n<hr class=\"wp-block-separator has-alpha-channel-opacity\"\/>\n\n\n\n<p>SLENES, Robert W. Na senzala uma flor: esperan\u00e7as e recorda\u00e7\u00f5es na forma\u00e7\u00e3o da fam\u00edlia escrava, Brasil, sudeste, s\u00e9culo XIX. Rio de Janeiro: Nova Fronteira, 1999.<\/p>\n\n\n\n<hr class=\"wp-block-separator has-alpha-channel-opacity\"\/>\n\n\n\n<p>TEIXEIRA, Helo\u00edsa Maria. Reprodu\u00e7\u00e3o e Fam\u00edlias Escravas em Mariana 1850-1888. Disserta\u00e7\u00e3o (Mestrado em Hist\u00f3ria Econ\u00f4mica) \u2013 Faculdade de Filosofia, Ci\u00eancias e Letras, Universidade de S\u00e3o Paulo, S\u00e3o Paulo, 2001.<\/p>\n\n\n\n<p><\/p>\n","protected":false},"excerpt":{"rendered":"<p>Por: Marileide \u00a0L\u00e1zara Cassoli HIST\u00d3RICO: Nos anos iniciais do s\u00e9culo XX, a disputa jur\u00eddica pela posse do terreno denominado \u201cCatita\u201d, situado em terras da Fazenda Gualaxo, trouxe \u00e0 cena os testemunhos de alguns homens e mulheres que nela nasceram, viveram, trabalharam e formaram suas fam\u00edlias na condi\u00e7\u00e3o de escravizados: Levy Pinto Nery e seu irm\u00e3o [&hellip;]<\/p>\n","protected":false},"author":2,"featured_media":0,"parent":0,"menu_order":0,"comment_status":"closed","ping_status":"closed","template":"","meta":{"_acf_changed":false,"footnotes":""},"class_list":["post-1615","page","type-page","status-publish","hentry"],"acf":[],"_links":{"self":[{"href":"https:\/\/mg.passadospresentes.com.br\/cidades-negras\/wp-json\/wp\/v2\/pages\/1615","targetHints":{"allow":["GET"]}}],"collection":[{"href":"https:\/\/mg.passadospresentes.com.br\/cidades-negras\/wp-json\/wp\/v2\/pages"}],"about":[{"href":"https:\/\/mg.passadospresentes.com.br\/cidades-negras\/wp-json\/wp\/v2\/types\/page"}],"author":[{"embeddable":true,"href":"https:\/\/mg.passadospresentes.com.br\/cidades-negras\/wp-json\/wp\/v2\/users\/2"}],"replies":[{"embeddable":true,"href":"https:\/\/mg.passadospresentes.com.br\/cidades-negras\/wp-json\/wp\/v2\/comments?post=1615"}],"version-history":[{"count":1,"href":"https:\/\/mg.passadospresentes.com.br\/cidades-negras\/wp-json\/wp\/v2\/pages\/1615\/revisions"}],"predecessor-version":[{"id":1638,"href":"https:\/\/mg.passadospresentes.com.br\/cidades-negras\/wp-json\/wp\/v2\/pages\/1615\/revisions\/1638"}],"wp:attachment":[{"href":"https:\/\/mg.passadospresentes.com.br\/cidades-negras\/wp-json\/wp\/v2\/media?parent=1615"}],"curies":[{"name":"wp","href":"https:\/\/api.w.org\/{rel}","templated":true}]}}

<p>Por: <a href="https://mg.passadospresentes.com.br/cidades-negras/participante/marileide-cassoli/">Marileide  Lázara Cassoli</a></p>



<hr class="wp-block-separator has-alpha-channel-opacity"/>



<h4 class="wp-block-heading">HISTÓRICO:</h4>



<hr class="wp-block-separator has-alpha-channel-opacity"/>



<p>Nos anos iniciais do século XX, a disputa jurídica pela posse do terreno denominado “Catita”, situado em terras da Fazenda Gualaxo, trouxe à cena os testemunhos de alguns homens e mulheres que nela nasceram, viveram, trabalharam e formaram suas famílias na condição de escravizados: Levy Pinto Nery e seu irmão Eloy, Dionísio de Tal, Nicolau Fausto da Silva, Appolinário Antônio da Silva, Secunda Pulcheria de Souza, Crescêncio de Tal . Suas falas indicavam os limites de territórios da Gualaxo em relação às fazendas vizinhas, descreviam cultivos, criações, engenhos – de cana e de socar minérios –, olaria, lenheiro, atividades e construções que garantiam a exploração e a posse da terra por seu proprietário, Torquatro José Lopes Camello. Revelaram ainda, que no terreno Catita, Levy Pinto Nery, agora liberto, dividia o cultivo de uma roça com Nicolau Fausto da Silva, também liberto, com a autorização de Lopes Camello, transparecendo, assim, a prática de concessão de terras por parte dos ex-senhores aos libertos – por arrendamento ou licença – para cultivo. O relato de Appolinário Antônio da Silva lança luzes sobre essa prática ao narrar sua recusa, em seu nome e no de seus companheiros, às roçadas oferecidas pelo capitão Torquatro, por localizarem-se distantes de suas casas e por ser o terreno [Catita] constantemente atacado por porcos do mato que colocavam em risco as plantações. Contudo, não teve qualquer receio em propor a concessão, ou mesmo o arrendamento, de terras mais próximas às sua moradas. </p>



<figure class="wp-block-image size-large"><img fetchpriority="high" decoding="async" width="1024" height="731" src="https://mg.passadospresentes.com.br/cidades-negras/wp-content/uploads/sites/5/2025/04/Fazenda-gualaxo1-1024x731.jpg" alt="" class="wp-image-1635" srcset="https://mg.passadospresentes.com.br/cidades-negras/wp-content/uploads/sites/5/2025/04/Fazenda-gualaxo1-1024x731.jpg 1024w, https://mg.passadospresentes.com.br/cidades-negras/wp-content/uploads/sites/5/2025/04/Fazenda-gualaxo1-300x214.jpg 300w, https://mg.passadospresentes.com.br/cidades-negras/wp-content/uploads/sites/5/2025/04/Fazenda-gualaxo1-768x548.jpg 768w, https://mg.passadospresentes.com.br/cidades-negras/wp-content/uploads/sites/5/2025/04/Fazenda-gualaxo1.jpg 1162w" sizes="(max-width: 1024px) 100vw, 1024px" /><figcaption class="wp-element-caption">Fonte: AHCSM, processo de demarcação das fazendas Gualaxo, Mirandinha, Cruz das Almas e São José. 1902/1911. Documentação do Fórum de Mariana. Fora de catálogo. </figcaption></figure>



<p>As referências a esse mesmo benefício, a autorização para o cultivo de terras, constam dos relatos de diferentes testemunhas do processo: Prudêncio Antônio Cardoso declarou que o liberto Belizário, ex-escravo do doutor Francisco Carlos Pereira Macedo, afirmou-lhe que o referido doutor havia consentido a Francisco Silva que fizesse roça nos terrenos da Fazenda Cruz das Almas; ainda nas terras da Gualaxo, Lucio Ferreira de Aguiar, José Bonifácio, Sebastião Anastácio, João Ferreira, Leonardo da Silva e Luiz da Silva roçaram e colheram os frutos das mesmas nos matos da Lavra de São João. Os casos acima relatados, fragmentos de liberdade, nos falam sobre as diferentes experiências de liberdade e dos obstáculos a serem enfrentados para que homens e mulheres libertos tivessem acesso à terra e ao trabalho no pós-abolição. Hoje, a Fazenda Gualaxo compõe o circuito de fazendas da Estrada Real e pela sua importância histórica foi cadastrada, em 2004, como sítio arqueológico. Nela viveram seis gerações da família de Levy Pinto Nery e de Laura, com quem era casado; quatro gerações da família constituída por Delfina e Luiz, africanos, entre outras. Os vestígios de vida por eles deixados, pequenos retratos das conexões entre o passado escravista e as vivências da liberdade, são os maiores legados da Fazenda Gualaxo.</p>



<figure class="wp-block-image size-large"><img decoding="async" width="1024" height="576" src="https://mg.passadospresentes.com.br/cidades-negras/wp-content/uploads/sites/5/2025/10/Fazenda-gualaxo-1024x576.jpg" alt="" class="wp-image-1637" srcset="https://mg.passadospresentes.com.br/cidades-negras/wp-content/uploads/sites/5/2025/10/Fazenda-gualaxo-1024x576.jpg 1024w, https://mg.passadospresentes.com.br/cidades-negras/wp-content/uploads/sites/5/2025/10/Fazenda-gualaxo-300x169.jpg 300w, https://mg.passadospresentes.com.br/cidades-negras/wp-content/uploads/sites/5/2025/10/Fazenda-gualaxo-768x432.jpg 768w, https://mg.passadospresentes.com.br/cidades-negras/wp-content/uploads/sites/5/2025/10/Fazenda-gualaxo.jpg 1056w" sizes="(max-width: 1024px) 100vw, 1024px" /><figcaption class="wp-element-caption">Fonte: APM, Secretaria de Agricultura (SA) 319. Comarca de Mariana e Ouro Preto. Planta dos imóveis denominados “Gualaxo” e “Taveira”. Município Comarca de Mariana e Ouro Preto, 1901 a 2000.</figcaption></figure>



<hr class="wp-block-separator has-alpha-channel-opacity"/>



<h4 class="wp-block-heading">CITAÇÃO:</h4>



<hr class="wp-block-separator has-alpha-channel-opacity"/>



<p>Arquivo Histórico da Casa Setecentista de Mariana, processo de demarcação das fazendas Gualaxo, Mirandinha, Cruz das Almas e São José. 1902/1911. Documentação do Fórum de Mariana. Fora de catálogo.</p>



<hr class="wp-block-separator has-alpha-channel-opacity"/>



<h4 class="wp-block-heading">COMO CHEGAR:</h4>



<hr class="wp-block-separator has-alpha-channel-opacity"/>



<p>Rodovia MG 129 | Sítio Arqueológico Fazenda Gualaxo &#8211; Unnamed Road, Mariana &#8211; MG, 35420-000 – Furquim, Mariana – MG | , MG | 35420-000 | Brasil |</p>



<hr class="wp-block-separator has-alpha-channel-opacity"/>



<h4 class="wp-block-heading">CONDIÇÕES DE VISITAÇÃO:</h4>



<hr class="wp-block-separator has-alpha-channel-opacity"/>



<p>Trata-se de uma área particular. A autorização para visitação depende do proprietário</p>



<hr class="wp-block-separator has-alpha-channel-opacity"/>



<h4 class="wp-block-heading">REFERÊNCIAS:</h4>



<hr class="wp-block-separator has-alpha-channel-opacity"/>



<p>CASSOLI, Marileide Lázara. A construção da liberdade: vivências da escravidão e do pós-abolição. Mariana, 1871-1920. Jundiaí: Paco, 2017.</p>



<hr class="wp-block-separator has-alpha-channel-opacity"/>



<p>LIBBY, Douglas Cole. Transformação e trabalho em uma economia escravista: Minas Gerais no século XIX. São Paulo: Brasiliense, 1988.</p>



<hr class="wp-block-separator has-alpha-channel-opacity"/>



<p>SLENES, Robert W. Na senzala uma flor: esperanças e recordações na formação da família escrava, Brasil, sudeste, século XIX. Rio de Janeiro: Nova Fronteira, 1999.</p>



<hr class="wp-block-separator has-alpha-channel-opacity"/>



<p>TEIXEIRA, Heloísa Maria. Reprodução e Famílias Escravas em Mariana 1850-1888. Dissertação (Mestrado em História Econômica) – Faculdade de Filosofia, Ciências e Letras, Universidade de São Paulo, São Paulo, 2001.</p>



<p></p>

<p>Por: Marileide  Lázara Cassoli HISTÓRICO: Nos anos iniciais do século XX, a disputa jurídica pela posse do terreno denominado “Catita”, situado em terras da Fazenda Gualaxo, trouxe à cena os testemunhos de alguns homens e mulheres que nela nasceram, viveram, trabalharam e formaram suas famílias na condição de escravizados: Levy Pinto Nery e seu irmão [&hellip;]</p>
