{"id":1605,"date":"2025-10-23T18:45:11","date_gmt":"2025-10-23T21:45:11","guid":{"rendered":"https:\/\/mg.passadospresentes.com.br\/cidades-negras\/?page_id=1605"},"modified":"2025-10-23T18:45:12","modified_gmt":"2025-10-23T21:45:12","slug":"verbete-grupo-mulheres-da-periferia","status":"publish","type":"page","link":"https:\/\/mg.passadospresentes.com.br\/cidades-negras\/verbete-grupo-mulheres-da-periferia\/","title":{"rendered":"Verbete: Grupo Mulheres da Periferia"},"content":{"rendered":"\n<p>Por:&nbsp;<a href=\"https:\/\/mg.passadospresentes.com.br\/cidades-negras\/participante\/vanessa\/\">Vanessa Ferreira Lopes<\/a><\/p>\n\n\n\n<hr class=\"wp-block-separator has-alpha-channel-opacity\"\/>\n\n\n\n<h4 class=\"wp-block-heading\">HIST\u00d3RICO:<\/h4>\n\n\n\n<hr class=\"wp-block-separator has-alpha-channel-opacity\"\/>\n\n\n\n<p>O trabalho do grupo Mulheres da Periferia, que tem Sandra Maria Silva como lideran\u00e7a e fundadora, proporcionou,&nbsp; um processo de conscientiza\u00e7\u00e3o das mulheres negras na periferia da cidade sobre seus direitos sociais. Suas atividades se iniciaram em 2001 no bairro Santa Efig\u00eania (envolvendo tamb\u00e9m Bela Aurora e Ipiranga), a partir do desejo de Sandra de trabalhar pela comunidade extremamente carente e violentada pelo poder p\u00fablico. As quest\u00f5es debatidas pelo grupo abordavam exterm\u00ednio policial nas comunidades, aus\u00eancia de condi\u00e7\u00f5es dignas de vida, expropria\u00e7\u00e3o territorial, aus\u00eancia de moradia, sa\u00fade, trabalho, educa\u00e7\u00e3o e lazer.&nbsp;<\/p>\n\n\n\n<hr class=\"wp-block-separator has-alpha-channel-opacity\"\/>\n\n\n\n<p>Localiza\u00e7\u00e3o: regi\u00e3o dos bairros Ipiranga, Bela Aurora e Santa Efig\u00eania.<\/p>\n\n\n\n<hr class=\"wp-block-separator has-alpha-channel-opacity\"\/>\n\n\n\n<h4 class=\"wp-block-heading\">REFER\u00caNCIAS:<\/h4>\n\n\n\n<hr class=\"wp-block-separator has-alpha-channel-opacity\"\/>\n\n\n\n<p>LOPES, Vanessa Ferreira. A constitui\u00e7\u00e3o do movimento negro em Juiz de Fora\/MG (1978-2010): dos processos de consci\u00eancia \u00e0s organiza\u00e7\u00f5es coletivas por direitos. Disserta\u00e7\u00e3o (Mestrado em Hist\u00f3ria) &#8211; Programa de P\u00f3s-Gradua\u00e7\u00e3o em Hist\u00f3ria, Instituto de Ci\u00eancias Humanas, Universidade Federal de Juiz de Fora. Juiz de Fora, p.189. 2024.<\/p>\n","protected":false},"excerpt":{"rendered":"<p>Por:&nbsp;Vanessa Ferreira Lopes HIST\u00d3RICO: O trabalho do grupo Mulheres da Periferia, que tem Sandra Maria Silva como lideran\u00e7a e fundadora, proporcionou,&nbsp; um processo de conscientiza\u00e7\u00e3o das mulheres negras na periferia da cidade sobre seus direitos sociais. Suas atividades se iniciaram em 2001 no bairro Santa Efig\u00eania (envolvendo tamb\u00e9m Bela Aurora e Ipiranga), a partir do [&hellip;]<\/p>\n","protected":false},"author":2,"featured_media":0,"parent":0,"menu_order":0,"comment_status":"closed","ping_status":"closed","template":"","meta":{"_acf_changed":false,"footnotes":""},"class_list":["post-1605","page","type-page","status-publish","hentry"],"acf":[],"_links":{"self":[{"href":"https:\/\/mg.passadospresentes.com.br\/cidades-negras\/wp-json\/wp\/v2\/pages\/1605","targetHints":{"allow":["GET"]}}],"collection":[{"href":"https:\/\/mg.passadospresentes.com.br\/cidades-negras\/wp-json\/wp\/v2\/pages"}],"about":[{"href":"https:\/\/mg.passadospresentes.com.br\/cidades-negras\/wp-json\/wp\/v2\/types\/page"}],"author":[{"embeddable":true,"href":"https:\/\/mg.passadospresentes.com.br\/cidades-negras\/wp-json\/wp\/v2\/users\/2"}],"replies":[{"embeddable":true,"href":"https:\/\/mg.passadospresentes.com.br\/cidades-negras\/wp-json\/wp\/v2\/comments?post=1605"}],"version-history":[{"count":1,"href":"https:\/\/mg.passadospresentes.com.br\/cidades-negras\/wp-json\/wp\/v2\/pages\/1605\/revisions"}],"predecessor-version":[{"id":1606,"href":"https:\/\/mg.passadospresentes.com.br\/cidades-negras\/wp-json\/wp\/v2\/pages\/1605\/revisions\/1606"}],"wp:attachment":[{"href":"https:\/\/mg.passadospresentes.com.br\/cidades-negras\/wp-json\/wp\/v2\/media?parent=1605"}],"curies":[{"name":"wp","href":"https:\/\/api.w.org\/{rel}","templated":true}]}}

<p>Por:&nbsp;<a href="https://mg.passadospresentes.com.br/cidades-negras/participante/vanessa/">Vanessa Ferreira Lopes</a></p>



<hr class="wp-block-separator has-alpha-channel-opacity"/>



<h4 class="wp-block-heading">HISTÓRICO:</h4>



<hr class="wp-block-separator has-alpha-channel-opacity"/>



<p>O trabalho do grupo Mulheres da Periferia, que tem Sandra Maria Silva como liderança e fundadora, proporcionou,&nbsp; um processo de conscientização das mulheres negras na periferia da cidade sobre seus direitos sociais. Suas atividades se iniciaram em 2001 no bairro Santa Efigênia (envolvendo também Bela Aurora e Ipiranga), a partir do desejo de Sandra de trabalhar pela comunidade extremamente carente e violentada pelo poder público. As questões debatidas pelo grupo abordavam extermínio policial nas comunidades, ausência de condições dignas de vida, expropriação territorial, ausência de moradia, saúde, trabalho, educação e lazer.&nbsp;</p>



<hr class="wp-block-separator has-alpha-channel-opacity"/>



<p>Localização: região dos bairros Ipiranga, Bela Aurora e Santa Efigênia.</p>



<hr class="wp-block-separator has-alpha-channel-opacity"/>



<h4 class="wp-block-heading">REFERÊNCIAS:</h4>



<hr class="wp-block-separator has-alpha-channel-opacity"/>



<p>LOPES, Vanessa Ferreira. A constituição do movimento negro em Juiz de Fora/MG (1978-2010): dos processos de consciência às organizações coletivas por direitos. Dissertação (Mestrado em História) &#8211; Programa de Pós-Graduação em História, Instituto de Ciências Humanas, Universidade Federal de Juiz de Fora. Juiz de Fora, p.189. 2024.</p>

<p>Por:&nbsp;Vanessa Ferreira Lopes HISTÓRICO: O trabalho do grupo Mulheres da Periferia, que tem Sandra Maria Silva como liderança e fundadora, proporcionou,&nbsp; um processo de conscientização das mulheres negras na periferia da cidade sobre seus direitos sociais. Suas atividades se iniciaram em 2001 no bairro Santa Efigênia (envolvendo também Bela Aurora e Ipiranga), a partir do [&hellip;]</p>
