{"id":1601,"date":"2025-10-23T18:39:41","date_gmt":"2025-10-23T21:39:41","guid":{"rendered":"https:\/\/mg.passadospresentes.com.br\/cidades-negras\/?page_id=1601"},"modified":"2025-10-23T18:39:42","modified_gmt":"2025-10-23T21:39:42","slug":"verbete-conselho-municipal-de-valorizacao-da-populacao-negra","status":"publish","type":"page","link":"https:\/\/mg.passadospresentes.com.br\/cidades-negras\/verbete-conselho-municipal-de-valorizacao-da-populacao-negra\/","title":{"rendered":"Verbete: Conselho Municipal de Valoriza\u00e7\u00e3o da Popula\u00e7\u00e3o Negra"},"content":{"rendered":"\n<p>Por:&nbsp;<a href=\"https:\/\/mg.passadospresentes.com.br\/cidades-negras\/participante\/vanessa\/\">Vanessa Ferreira Lopes<\/a><\/p>\n\n\n\n<hr class=\"wp-block-separator has-alpha-channel-opacity\"\/>\n\n\n\n<h4 class=\"wp-block-heading\">HIST\u00d3RICO:<\/h4>\n\n\n\n<hr class=\"wp-block-separator has-alpha-channel-opacity\"\/>\n\n\n\n<p>O Conselho Municipal de Valoriza\u00e7\u00e3o da Popula\u00e7\u00e3o Negra de Juiz de Fora (atual Conselho Municipal de Promo\u00e7\u00e3o \u00e0 Igualdade Racial), foi institu\u00eddo no ano 2000 e representou uma conquista dos v\u00e1rios movimentos sociais negros da cidade. O prop\u00f3sito foi criar um espa\u00e7o de interliga\u00e7\u00e3o entre o governo municipal e os movimentos sociais negros, diretamente e sem media\u00e7\u00e3o. O Conselho funciona como um \u00f3rg\u00e3o de assessoria, planejamento e consultoria do munic\u00edpio, vinculado \u00e0 Secretaria de Governo (SG) da Prefeitura de Juiz de Fora (PJF), promovendo a articula\u00e7\u00e3o com todas as autoridades municipais, estaduais e federais atrav\u00e9s de a\u00e7\u00f5es para pesquisa, conhecimento e divulga\u00e7\u00e3o da cultura afro-brasileira, atendimento espec\u00edfico dos problemas de sa\u00fade apresentados pela popula\u00e7\u00e3o negra residente no munic\u00edpio e de festividades, como forma de valoriza\u00e7\u00e3o de sua cultura original. O primeiro presidente eleito do conselho foi o Pe. Guanair Santos, do grupo Ax\u00e9 Crian\u00e7a.&nbsp;<\/p>\n\n\n\n<hr class=\"wp-block-separator has-alpha-channel-opacity\"\/>\n\n\n\n<h4 class=\"wp-block-heading\">REFER\u00caNCIAS:<\/h4>\n\n\n\n<hr class=\"wp-block-separator has-alpha-channel-opacity\"\/>\n\n\n\n<p>LOPES, Vanessa Ferreira. A constitui\u00e7\u00e3o do movimento negro em Juiz de Fora\/MG (1978-2010): dos processos de consci\u00eancia \u00e0s organiza\u00e7\u00f5es coletivas por direitos. Disserta\u00e7\u00e3o (Mestrado em Hist\u00f3ria) &#8211; Programa de P\u00f3s-Gradua\u00e7\u00e3o em Hist\u00f3ria, Instituto de Ci\u00eancias Humanas, Universidade Federal de Juiz de Fora. Juiz de Fora, p.189. 2024.<\/p>\n","protected":false},"excerpt":{"rendered":"<p>Por:&nbsp;Vanessa Ferreira Lopes HIST\u00d3RICO: O Conselho Municipal de Valoriza\u00e7\u00e3o da Popula\u00e7\u00e3o Negra de Juiz de Fora (atual Conselho Municipal de Promo\u00e7\u00e3o \u00e0 Igualdade Racial), foi institu\u00eddo no ano 2000 e representou uma conquista dos v\u00e1rios movimentos sociais negros da cidade. O prop\u00f3sito foi criar um espa\u00e7o de interliga\u00e7\u00e3o entre o governo municipal e os movimentos [&hellip;]<\/p>\n","protected":false},"author":2,"featured_media":0,"parent":0,"menu_order":0,"comment_status":"closed","ping_status":"closed","template":"","meta":{"_acf_changed":false,"footnotes":""},"class_list":["post-1601","page","type-page","status-publish","hentry"],"acf":[],"_links":{"self":[{"href":"https:\/\/mg.passadospresentes.com.br\/cidades-negras\/wp-json\/wp\/v2\/pages\/1601","targetHints":{"allow":["GET"]}}],"collection":[{"href":"https:\/\/mg.passadospresentes.com.br\/cidades-negras\/wp-json\/wp\/v2\/pages"}],"about":[{"href":"https:\/\/mg.passadospresentes.com.br\/cidades-negras\/wp-json\/wp\/v2\/types\/page"}],"author":[{"embeddable":true,"href":"https:\/\/mg.passadospresentes.com.br\/cidades-negras\/wp-json\/wp\/v2\/users\/2"}],"replies":[{"embeddable":true,"href":"https:\/\/mg.passadospresentes.com.br\/cidades-negras\/wp-json\/wp\/v2\/comments?post=1601"}],"version-history":[{"count":1,"href":"https:\/\/mg.passadospresentes.com.br\/cidades-negras\/wp-json\/wp\/v2\/pages\/1601\/revisions"}],"predecessor-version":[{"id":1602,"href":"https:\/\/mg.passadospresentes.com.br\/cidades-negras\/wp-json\/wp\/v2\/pages\/1601\/revisions\/1602"}],"wp:attachment":[{"href":"https:\/\/mg.passadospresentes.com.br\/cidades-negras\/wp-json\/wp\/v2\/media?parent=1601"}],"curies":[{"name":"wp","href":"https:\/\/api.w.org\/{rel}","templated":true}]}}

Verbete: Conselho Municipal de Valorização da População Negra

<p>Por:&nbsp;<a href="https://mg.passadospresentes.com.br/cidades-negras/participante/vanessa/">Vanessa Ferreira Lopes</a></p>



<hr class="wp-block-separator has-alpha-channel-opacity"/>



<h4 class="wp-block-heading">HISTÓRICO:</h4>



<hr class="wp-block-separator has-alpha-channel-opacity"/>



<p>O Conselho Municipal de Valorização da População Negra de Juiz de Fora (atual Conselho Municipal de Promoção à Igualdade Racial), foi instituído no ano 2000 e representou uma conquista dos vários movimentos sociais negros da cidade. O propósito foi criar um espaço de interligação entre o governo municipal e os movimentos sociais negros, diretamente e sem mediação. O Conselho funciona como um órgão de assessoria, planejamento e consultoria do município, vinculado à Secretaria de Governo (SG) da Prefeitura de Juiz de Fora (PJF), promovendo a articulação com todas as autoridades municipais, estaduais e federais através de ações para pesquisa, conhecimento e divulgação da cultura afro-brasileira, atendimento específico dos problemas de saúde apresentados pela população negra residente no município e de festividades, como forma de valorização de sua cultura original. O primeiro presidente eleito do conselho foi o Pe. Guanair Santos, do grupo Axé Criança.&nbsp;</p>



<hr class="wp-block-separator has-alpha-channel-opacity"/>



<h4 class="wp-block-heading">REFERÊNCIAS:</h4>



<hr class="wp-block-separator has-alpha-channel-opacity"/>



<p>LOPES, Vanessa Ferreira. A constituição do movimento negro em Juiz de Fora/MG (1978-2010): dos processos de consciência às organizações coletivas por direitos. Dissertação (Mestrado em História) &#8211; Programa de Pós-Graduação em História, Instituto de Ciências Humanas, Universidade Federal de Juiz de Fora. Juiz de Fora, p.189. 2024.</p>

<p>Por:&nbsp;Vanessa Ferreira Lopes HISTÓRICO: O Conselho Municipal de Valorização da População Negra de Juiz de Fora (atual Conselho Municipal de Promoção à Igualdade Racial), foi instituído no ano 2000 e representou uma conquista dos vários movimentos sociais negros da cidade. O propósito foi criar um espaço de interligação entre o governo municipal e os movimentos [&hellip;]</p>
