{"id":1596,"date":"2025-10-22T23:17:31","date_gmt":"2025-10-23T02:17:31","guid":{"rendered":"https:\/\/mg.passadospresentes.com.br\/cidades-negras\/?page_id=1596"},"modified":"2026-01-11T16:19:19","modified_gmt":"2026-01-11T19:19:19","slug":"1596-2","status":"publish","type":"page","link":"https:\/\/mg.passadospresentes.com.br\/cidades-negras\/1596-2\/","title":{"rendered":"Verbete: Partido dos Trabalhadores de Juiz de Fora"},"content":{"rendered":"\n<p>Por:&nbsp;<a href=\"https:\/\/mg.passadospresentes.com.br\/cidades-negras\/participante\/vanessa\/\">Vanessa Ferreira Lopes<\/a><\/p>\n\n\n\n<hr class=\"wp-block-separator has-alpha-channel-opacity\"\/>\n\n\n\n<h4 class=\"wp-block-heading\">HIST\u00d3RICO:<\/h4>\n\n\n\n<hr class=\"wp-block-separator has-alpha-channel-opacity\"\/>\n\n\n\n<p>O PT foi criado no dia 10 de fevereiro de 1980, e no mesmo ano foi solidificado em Juiz de Fora. Faz-se necess\u00e1rio ressaltar que boa parte das lideran\u00e7as que fundaram o Partido dos Trabalhadores em Juiz de Fora eram tamb\u00e9m lideran\u00e7as do movimento negro na cidade. Ivan Barbosa; Primeiro presidente do Partido dos Trabalhadores (PT) em Juiz de Fora.<\/p>\n\n\n\n<p>Gabriela Santana Crochet: primeira candidata a vice-prefeita nas elei\u00e7\u00f5es de 1982. Professora, membro do&nbsp; N\u00facleo Petista de Santa Luzia, do grupo F\u00e9 e Pol\u00edtica, da A\u00e7\u00e3o Oper\u00e1ria Cat\u00f3lica (ACO), Movimento dos Trabalhadores Crist\u00e3os (MTC).&nbsp;<\/p>\n\n\n\n<p>Natanael Amaral: primeiro vereador eleito do partido, lideran\u00e7a comunit\u00e1ria e ligado ao movimento popular da Igreja Cat\u00f3lica.&nbsp;<\/p>\n\n\n\n<p>Jos\u00e9 Geraldo Azarias:&nbsp; membro fundador do PT na cidade, foi tamb\u00e9m um dos fundadores do Centro de Refer\u00eancia da Cultura Negra (CERNE).<\/p>\n\n\n\n<p>Jorge Lima:&nbsp; Foi um dos fundadores do PT na cidade, candidato a prefeito nas elei\u00e7\u00f5es municipais de 1988, junto com a base da igreja, comunidades eclesiais de base.&nbsp;<\/p>\n\n\n\n<p>Paulo Azarias: membro fundador do partido e do Movimento Negro Unificado-JF.<\/p>\n\n\n\n<p>Martvs das Chagas: foi diretor do PT municipal e candidato a vice-prefeito duas vezes. Em 2001 foi eleito Secret\u00e1rio Nacional de Combate ao Racismo do PT.&nbsp;<\/p>\n\n\n\n<hr class=\"wp-block-separator has-alpha-channel-opacity\"\/>\n\n\n\n<h4 class=\"wp-block-heading\">REFER\u00caNCIAS:<\/h4>\n\n\n\n<hr class=\"wp-block-separator has-alpha-channel-opacity\"\/>\n\n\n\n<p>LOPES, Vanessa Ferreira. A constitui\u00e7\u00e3o do movimento negro em Juiz de Fora\/MG (1978-2010): dos processos de consci\u00eancia \u00e0s organiza\u00e7\u00f5es coletivas por direitos. Disserta\u00e7\u00e3o (Mestrado em Hist\u00f3ria) &#8211; Programa de P\u00f3s-Gradua\u00e7\u00e3o em Hist\u00f3ria, Instituto de Ci\u00eancias Humanas, Universidade Federal de Juiz de Fora. Juiz de Fora, p.189. 2024.<\/p>\n\n\n\n<p><\/p>\n","protected":false},"excerpt":{"rendered":"<p>Por:&nbsp;Vanessa Ferreira Lopes HIST\u00d3RICO: O PT foi criado no dia 10 de fevereiro de 1980, e no mesmo ano foi solidificado em Juiz de Fora. Faz-se necess\u00e1rio ressaltar que boa parte das lideran\u00e7as que fundaram o Partido dos Trabalhadores em Juiz de Fora eram tamb\u00e9m lideran\u00e7as do movimento negro na cidade. Ivan Barbosa; Primeiro presidente [&hellip;]<\/p>\n","protected":false},"author":2,"featured_media":0,"parent":0,"menu_order":0,"comment_status":"closed","ping_status":"closed","template":"","meta":{"_acf_changed":false,"footnotes":""},"class_list":["post-1596","page","type-page","status-publish","hentry"],"acf":[],"_links":{"self":[{"href":"https:\/\/mg.passadospresentes.com.br\/cidades-negras\/wp-json\/wp\/v2\/pages\/1596","targetHints":{"allow":["GET"]}}],"collection":[{"href":"https:\/\/mg.passadospresentes.com.br\/cidades-negras\/wp-json\/wp\/v2\/pages"}],"about":[{"href":"https:\/\/mg.passadospresentes.com.br\/cidades-negras\/wp-json\/wp\/v2\/types\/page"}],"author":[{"embeddable":true,"href":"https:\/\/mg.passadospresentes.com.br\/cidades-negras\/wp-json\/wp\/v2\/users\/2"}],"replies":[{"embeddable":true,"href":"https:\/\/mg.passadospresentes.com.br\/cidades-negras\/wp-json\/wp\/v2\/comments?post=1596"}],"version-history":[{"count":3,"href":"https:\/\/mg.passadospresentes.com.br\/cidades-negras\/wp-json\/wp\/v2\/pages\/1596\/revisions"}],"predecessor-version":[{"id":2027,"href":"https:\/\/mg.passadospresentes.com.br\/cidades-negras\/wp-json\/wp\/v2\/pages\/1596\/revisions\/2027"}],"wp:attachment":[{"href":"https:\/\/mg.passadospresentes.com.br\/cidades-negras\/wp-json\/wp\/v2\/media?parent=1596"}],"curies":[{"name":"wp","href":"https:\/\/api.w.org\/{rel}","templated":true}]}}

<p>Por:&nbsp;<a href="https://mg.passadospresentes.com.br/cidades-negras/participante/vanessa/">Vanessa Ferreira Lopes</a></p>



<hr class="wp-block-separator has-alpha-channel-opacity"/>



<h4 class="wp-block-heading">HISTÓRICO:</h4>



<hr class="wp-block-separator has-alpha-channel-opacity"/>



<p>O PT foi criado no dia 10 de fevereiro de 1980, e no mesmo ano foi solidificado em Juiz de Fora. Faz-se necessário ressaltar que boa parte das lideranças que fundaram o Partido dos Trabalhadores em Juiz de Fora eram também lideranças do movimento negro na cidade. Ivan Barbosa; Primeiro presidente do Partido dos Trabalhadores (PT) em Juiz de Fora.</p>



<p>Gabriela Santana Crochet: primeira candidata a vice-prefeita nas eleições de 1982. Professora, membro do&nbsp; Núcleo Petista de Santa Luzia, do grupo Fé e Política, da Ação Operária Católica (ACO), Movimento dos Trabalhadores Cristãos (MTC).&nbsp;</p>



<p>Natanael Amaral: primeiro vereador eleito do partido, liderança comunitária e ligado ao movimento popular da Igreja Católica.&nbsp;</p>



<p>José Geraldo Azarias:&nbsp; membro fundador do PT na cidade, foi também um dos fundadores do Centro de Referência da Cultura Negra (CERNE).</p>



<p>Jorge Lima:&nbsp; Foi um dos fundadores do PT na cidade, candidato a prefeito nas eleições municipais de 1988, junto com a base da igreja, comunidades eclesiais de base.&nbsp;</p>



<p>Paulo Azarias: membro fundador do partido e do Movimento Negro Unificado-JF.</p>



<p>Martvs das Chagas: foi diretor do PT municipal e candidato a vice-prefeito duas vezes. Em 2001 foi eleito Secretário Nacional de Combate ao Racismo do PT.&nbsp;</p>



<hr class="wp-block-separator has-alpha-channel-opacity"/>



<h4 class="wp-block-heading">REFERÊNCIAS:</h4>



<hr class="wp-block-separator has-alpha-channel-opacity"/>



<p>LOPES, Vanessa Ferreira. A constituição do movimento negro em Juiz de Fora/MG (1978-2010): dos processos de consciência às organizações coletivas por direitos. Dissertação (Mestrado em História) &#8211; Programa de Pós-Graduação em História, Instituto de Ciências Humanas, Universidade Federal de Juiz de Fora. Juiz de Fora, p.189. 2024.</p>



<p></p>

<p>Por:&nbsp;Vanessa Ferreira Lopes HISTÓRICO: O PT foi criado no dia 10 de fevereiro de 1980, e no mesmo ano foi solidificado em Juiz de Fora. Faz-se necessário ressaltar que boa parte das lideranças que fundaram o Partido dos Trabalhadores em Juiz de Fora eram também lideranças do movimento negro na cidade. Ivan Barbosa; Primeiro presidente [&hellip;]</p>
