{"id":1592,"date":"2025-10-22T22:59:37","date_gmt":"2025-10-23T01:59:37","guid":{"rendered":"https:\/\/mg.passadospresentes.com.br\/cidades-negras\/?page_id=1592"},"modified":"2025-10-22T22:59:38","modified_gmt":"2025-10-23T01:59:38","slug":"verbete-movimento-negro-unificado-de-juiz-de-fora-mn-jf","status":"publish","type":"page","link":"https:\/\/mg.passadospresentes.com.br\/cidades-negras\/verbete-movimento-negro-unificado-de-juiz-de-fora-mn-jf\/","title":{"rendered":"Verbete: Movimento Negro Unificado de Juiz de Fora (MN\/JF)"},"content":{"rendered":"\n<p>Por:&nbsp;<a href=\"https:\/\/mg.passadospresentes.com.br\/cidades-negras\/participante\/vanessa\/\">Vanessa Ferreira Lopes<\/a><\/p>\n\n\n\n<hr class=\"wp-block-separator has-alpha-channel-opacity\"\/>\n\n\n\n<h4 class=\"wp-block-heading\">HIST\u00d3RICO:<\/h4>\n\n\n\n<hr class=\"wp-block-separator has-alpha-channel-opacity\"\/>\n\n\n\n<p>A forma\u00e7\u00e3o do MNU na cidade de Juiz de Fora se deu a partir dessas m\u00faltiplas conex\u00f5es: movimentos de bairros, sindicais, Partido dos Trabalhadores e articula\u00e7\u00f5es com Bras\u00edlia e Belo Horizonte. Ainda que em Juiz de Fora o movimento venha surgir formalmente apenas em 1995 (quando comparado ao nacional, em 1978), \u00e9 necess\u00e1rio destacar o quanto as lideran\u00e7as e sujeitos envolvidos j\u00e1 estavam organizados em outros movimentos pol\u00edticos e sociais com a centralidade na causa racial. Alguns de seus principais articuladores, a se citar: Paulo C\u00e9sar Azarias, Caxambu, Sandra Maria Silva, Vera Paulino, Chico Preto, Hugo Bento.&nbsp;<\/p>\n\n\n\n<p>Para al\u00e9m da den\u00fancia do racismo e a articula\u00e7\u00e3o pol\u00edtica nacional, a organiza\u00e7\u00e3o promove o evento \u201cFeij\u00e3o de Ogum\u201d, iniciado em 2003, de periodicidade anual, e que atualmente integra o calend\u00e1rio de festividades municipais. O objetivo \u00e9&nbsp; discutir a problem\u00e1tica social e racial e refletir sobre as possibilidades de caminhos antirracista para o munic\u00edpio.<\/p>\n\n\n\n<p>O MNU de Juiz de Fora n\u00e3o tem sede pr\u00f3pria.<\/p>\n\n\n\n<hr class=\"wp-block-separator has-alpha-channel-opacity\"\/>\n\n\n\n<h4 class=\"wp-block-heading\">REFER\u00caNCIAS:<\/h4>\n\n\n\n<hr class=\"wp-block-separator has-alpha-channel-opacity\"\/>\n\n\n\n<p>LOPES, Vanessa Ferreira. A constitui\u00e7\u00e3o do movimento negro em Juiz de Fora\/MG (1978-2010): dos processos de consci\u00eancia \u00e0s organiza\u00e7\u00f5es coletivas por direitos. Disserta\u00e7\u00e3o (Mestrado em Hist\u00f3ria) &#8211; Programa de P\u00f3s-Gradua\u00e7\u00e3o em Hist\u00f3ria, Instituto de Ci\u00eancias Humanas, Universidade Federal de Juiz de Fora. Juiz de Fora, p.189. 2024.<\/p>\n\n\n\n<p><\/p>\n","protected":false},"excerpt":{"rendered":"<p>Por:&nbsp;Vanessa Ferreira Lopes HIST\u00d3RICO: A forma\u00e7\u00e3o do MNU na cidade de Juiz de Fora se deu a partir dessas m\u00faltiplas conex\u00f5es: movimentos de bairros, sindicais, Partido dos Trabalhadores e articula\u00e7\u00f5es com Bras\u00edlia e Belo Horizonte. Ainda que em Juiz de Fora o movimento venha surgir formalmente apenas em 1995 (quando comparado ao nacional, em 1978), [&hellip;]<\/p>\n","protected":false},"author":2,"featured_media":0,"parent":0,"menu_order":0,"comment_status":"closed","ping_status":"closed","template":"","meta":{"_acf_changed":false,"footnotes":""},"class_list":["post-1592","page","type-page","status-publish","hentry"],"acf":[],"_links":{"self":[{"href":"https:\/\/mg.passadospresentes.com.br\/cidades-negras\/wp-json\/wp\/v2\/pages\/1592","targetHints":{"allow":["GET"]}}],"collection":[{"href":"https:\/\/mg.passadospresentes.com.br\/cidades-negras\/wp-json\/wp\/v2\/pages"}],"about":[{"href":"https:\/\/mg.passadospresentes.com.br\/cidades-negras\/wp-json\/wp\/v2\/types\/page"}],"author":[{"embeddable":true,"href":"https:\/\/mg.passadospresentes.com.br\/cidades-negras\/wp-json\/wp\/v2\/users\/2"}],"replies":[{"embeddable":true,"href":"https:\/\/mg.passadospresentes.com.br\/cidades-negras\/wp-json\/wp\/v2\/comments?post=1592"}],"version-history":[{"count":1,"href":"https:\/\/mg.passadospresentes.com.br\/cidades-negras\/wp-json\/wp\/v2\/pages\/1592\/revisions"}],"predecessor-version":[{"id":1593,"href":"https:\/\/mg.passadospresentes.com.br\/cidades-negras\/wp-json\/wp\/v2\/pages\/1592\/revisions\/1593"}],"wp:attachment":[{"href":"https:\/\/mg.passadospresentes.com.br\/cidades-negras\/wp-json\/wp\/v2\/media?parent=1592"}],"curies":[{"name":"wp","href":"https:\/\/api.w.org\/{rel}","templated":true}]}}

<p>Por:&nbsp;<a href="https://mg.passadospresentes.com.br/cidades-negras/participante/vanessa/">Vanessa Ferreira Lopes</a></p>



<hr class="wp-block-separator has-alpha-channel-opacity"/>



<h4 class="wp-block-heading">HISTÓRICO:</h4>



<hr class="wp-block-separator has-alpha-channel-opacity"/>



<p>A formação do MNU na cidade de Juiz de Fora se deu a partir dessas múltiplas conexões: movimentos de bairros, sindicais, Partido dos Trabalhadores e articulações com Brasília e Belo Horizonte. Ainda que em Juiz de Fora o movimento venha surgir formalmente apenas em 1995 (quando comparado ao nacional, em 1978), é necessário destacar o quanto as lideranças e sujeitos envolvidos já estavam organizados em outros movimentos políticos e sociais com a centralidade na causa racial. Alguns de seus principais articuladores, a se citar: Paulo César Azarias, Caxambu, Sandra Maria Silva, Vera Paulino, Chico Preto, Hugo Bento.&nbsp;</p>



<p>Para além da denúncia do racismo e a articulação política nacional, a organização promove o evento “Feijão de Ogum”, iniciado em 2003, de periodicidade anual, e que atualmente integra o calendário de festividades municipais. O objetivo é&nbsp; discutir a problemática social e racial e refletir sobre as possibilidades de caminhos antirracista para o município.</p>



<p>O MNU de Juiz de Fora não tem sede própria.</p>



<hr class="wp-block-separator has-alpha-channel-opacity"/>



<h4 class="wp-block-heading">REFERÊNCIAS:</h4>



<hr class="wp-block-separator has-alpha-channel-opacity"/>



<p>LOPES, Vanessa Ferreira. A constituição do movimento negro em Juiz de Fora/MG (1978-2010): dos processos de consciência às organizações coletivas por direitos. Dissertação (Mestrado em História) &#8211; Programa de Pós-Graduação em História, Instituto de Ciências Humanas, Universidade Federal de Juiz de Fora. Juiz de Fora, p.189. 2024.</p>



<p></p>

<p>Por:&nbsp;Vanessa Ferreira Lopes HISTÓRICO: A formação do MNU na cidade de Juiz de Fora se deu a partir dessas múltiplas conexões: movimentos de bairros, sindicais, Partido dos Trabalhadores e articulações com Brasília e Belo Horizonte. Ainda que em Juiz de Fora o movimento venha surgir formalmente apenas em 1995 (quando comparado ao nacional, em 1978), [&hellip;]</p>
