{"id":1587,"date":"2025-10-22T22:31:07","date_gmt":"2025-10-23T01:31:07","guid":{"rendered":"https:\/\/mg.passadospresentes.com.br\/cidades-negras\/?page_id=1587"},"modified":"2026-01-11T12:41:54","modified_gmt":"2026-01-11T15:41:54","slug":"verbete-centro-de-referencia-da-cultura-negra-cerne","status":"publish","type":"page","link":"https:\/\/mg.passadospresentes.com.br\/cidades-negras\/verbete-centro-de-referencia-da-cultura-negra-cerne\/","title":{"rendered":"Verbete: Centro de Refer\u00eancia da Cultura Negra &#8211; CERNE"},"content":{"rendered":"\n<p>Por:&nbsp;<a href=\"https:\/\/mg.passadospresentes.com.br\/cidades-negras\/participante\/vanessa\/\">Vanessa Ferreira Lopes<\/a><\/p>\n\n\n\n<hr class=\"wp-block-separator has-alpha-channel-opacity\"\/>\n\n\n\n<h4 class=\"wp-block-heading\">HIST\u00d3RICO:<\/h4>\n\n\n\n<hr class=\"wp-block-separator has-alpha-channel-opacity\"\/>\n\n\n\n<p>O CERNE foi criado em 21 de maio de 1998, tendo atua\u00e7\u00e3o incisiva de Jos\u00e9 Geraldo Azarias (Zaca), Paulo C\u00e9sar Mariano, Cirene Candanda, Martvs das Chagas, Maria Alice, Gilmara Mariosa. Registrado como entidade sem fins lucrativos, o CERNE tinha como objetivo, assinalado em seu estatuto, o combate ao racismo, o est\u00edmulo a autoestima da popula\u00e7\u00e3o negra, e o fomento de pesquisas e estudos das formas culturais, musicais e religiosas do povo negro, almejando ser um espa\u00e7o e uma entidade de refer\u00eancia da cultura negra na cidade. A institui\u00e7\u00e3o era gerida de forma volunt\u00e1ria por todos os colaboradores, que provinham de \u00e1reas de forma\u00e7\u00e3o diversas, &#8211; psic\u00f3logos, professores, cientistas sociais, assistentes sociais, profissionais da sa\u00fade etc.<\/p>\n\n\n\n<p>O seu surgimento esteve atrelado ao pr\u00e9-vestibular de negros e carentes na cidade.&nbsp;<\/p>\n\n\n\n<p>A organiza\u00e7\u00e3o implementou o \u201cSOS racismo\u201d, n\u00facleo multiprofissional integrado por advogados, psic\u00f3logos e assistentes sociais para atender v\u00edtimas de racismo. A entidade participou ativamente na elabora\u00e7\u00e3o do Plano Municipal de Sa\u00fade da Popula\u00e7\u00e3o Negra.<\/p>\n\n\n\n<hr class=\"wp-block-separator has-alpha-channel-opacity\"\/>\n\n\n\n<p>Sede: Rua Vitar Maria Oliveira |918| Santa Paula| Juiz de Fora<\/p>\n\n\n\n<hr class=\"wp-block-separator has-alpha-channel-opacity\"\/>\n\n\n\n<h4 class=\"wp-block-heading\">REFER\u00caNCIAS:<\/h4>\n\n\n\n<hr class=\"wp-block-separator has-alpha-channel-opacity\"\/>\n\n\n\n<p>LOPES, Vanessa Ferreira. A constitui\u00e7\u00e3o do movimento negro em Juiz de Fora\/MG (1978-2010): dos processos de consci\u00eancia \u00e0s organiza\u00e7\u00f5es coletivas por direitos. Disserta\u00e7\u00e3o (Mestrado em Hist\u00f3ria) &#8211; Programa de P\u00f3s-Gradua\u00e7\u00e3o em Hist\u00f3ria, Instituto de Ci\u00eancias Humanas, Universidade Federal de Juiz de Fora. Juiz de Fora, p.189. 2024.<\/p>\n","protected":false},"excerpt":{"rendered":"<p>Por:&nbsp;Vanessa Ferreira Lopes HIST\u00d3RICO: O CERNE foi criado em 21 de maio de 1998, tendo atua\u00e7\u00e3o incisiva de Jos\u00e9 Geraldo Azarias (Zaca), Paulo C\u00e9sar Mariano, Cirene Candanda, Martvs das Chagas, Maria Alice, Gilmara Mariosa. Registrado como entidade sem fins lucrativos, o CERNE tinha como objetivo, assinalado em seu estatuto, o combate ao racismo, o est\u00edmulo [&hellip;]<\/p>\n","protected":false},"author":2,"featured_media":0,"parent":0,"menu_order":0,"comment_status":"closed","ping_status":"closed","template":"","meta":{"_acf_changed":false,"footnotes":""},"class_list":["post-1587","page","type-page","status-publish","hentry"],"acf":[],"_links":{"self":[{"href":"https:\/\/mg.passadospresentes.com.br\/cidades-negras\/wp-json\/wp\/v2\/pages\/1587","targetHints":{"allow":["GET"]}}],"collection":[{"href":"https:\/\/mg.passadospresentes.com.br\/cidades-negras\/wp-json\/wp\/v2\/pages"}],"about":[{"href":"https:\/\/mg.passadospresentes.com.br\/cidades-negras\/wp-json\/wp\/v2\/types\/page"}],"author":[{"embeddable":true,"href":"https:\/\/mg.passadospresentes.com.br\/cidades-negras\/wp-json\/wp\/v2\/users\/2"}],"replies":[{"embeddable":true,"href":"https:\/\/mg.passadospresentes.com.br\/cidades-negras\/wp-json\/wp\/v2\/comments?post=1587"}],"version-history":[{"count":3,"href":"https:\/\/mg.passadospresentes.com.br\/cidades-negras\/wp-json\/wp\/v2\/pages\/1587\/revisions"}],"predecessor-version":[{"id":2021,"href":"https:\/\/mg.passadospresentes.com.br\/cidades-negras\/wp-json\/wp\/v2\/pages\/1587\/revisions\/2021"}],"wp:attachment":[{"href":"https:\/\/mg.passadospresentes.com.br\/cidades-negras\/wp-json\/wp\/v2\/media?parent=1587"}],"curies":[{"name":"wp","href":"https:\/\/api.w.org\/{rel}","templated":true}]}}

Verbete: Centro de Referência da Cultura Negra &#8211; CERNE

<p>Por:&nbsp;<a href="https://mg.passadospresentes.com.br/cidades-negras/participante/vanessa/">Vanessa Ferreira Lopes</a></p>



<hr class="wp-block-separator has-alpha-channel-opacity"/>



<h4 class="wp-block-heading">HISTÓRICO:</h4>



<hr class="wp-block-separator has-alpha-channel-opacity"/>



<p>O CERNE foi criado em 21 de maio de 1998, tendo atuação incisiva de José Geraldo Azarias (Zaca), Paulo César Mariano, Cirene Candanda, Martvs das Chagas, Maria Alice, Gilmara Mariosa. Registrado como entidade sem fins lucrativos, o CERNE tinha como objetivo, assinalado em seu estatuto, o combate ao racismo, o estímulo a autoestima da população negra, e o fomento de pesquisas e estudos das formas culturais, musicais e religiosas do povo negro, almejando ser um espaço e uma entidade de referência da cultura negra na cidade. A instituição era gerida de forma voluntária por todos os colaboradores, que provinham de áreas de formação diversas, &#8211; psicólogos, professores, cientistas sociais, assistentes sociais, profissionais da saúde etc.</p>



<p>O seu surgimento esteve atrelado ao pré-vestibular de negros e carentes na cidade.&nbsp;</p>



<p>A organização implementou o “SOS racismo”, núcleo multiprofissional integrado por advogados, psicólogos e assistentes sociais para atender vítimas de racismo. A entidade participou ativamente na elaboração do Plano Municipal de Saúde da População Negra.</p>



<hr class="wp-block-separator has-alpha-channel-opacity"/>



<p>Sede: Rua Vitar Maria Oliveira |918| Santa Paula| Juiz de Fora</p>



<hr class="wp-block-separator has-alpha-channel-opacity"/>



<h4 class="wp-block-heading">REFERÊNCIAS:</h4>



<hr class="wp-block-separator has-alpha-channel-opacity"/>



<p>LOPES, Vanessa Ferreira. A constituição do movimento negro em Juiz de Fora/MG (1978-2010): dos processos de consciência às organizações coletivas por direitos. Dissertação (Mestrado em História) &#8211; Programa de Pós-Graduação em História, Instituto de Ciências Humanas, Universidade Federal de Juiz de Fora. Juiz de Fora, p.189. 2024.</p>

<p>Por:&nbsp;Vanessa Ferreira Lopes HISTÓRICO: O CERNE foi criado em 21 de maio de 1998, tendo atuação incisiva de José Geraldo Azarias (Zaca), Paulo César Mariano, Cirene Candanda, Martvs das Chagas, Maria Alice, Gilmara Mariosa. Registrado como entidade sem fins lucrativos, o CERNE tinha como objetivo, assinalado em seu estatuto, o combate ao racismo, o estímulo [&hellip;]</p>
