{"id":1583,"date":"2025-10-22T22:18:46","date_gmt":"2025-10-23T01:18:46","guid":{"rendered":"https:\/\/mg.passadospresentes.com.br\/cidades-negras\/?page_id=1583"},"modified":"2025-10-22T22:18:47","modified_gmt":"2025-10-23T01:18:47","slug":"verbete-grupo-de-estudos-afro-brasileiros-acotirene-geaba","status":"publish","type":"page","link":"https:\/\/mg.passadospresentes.com.br\/cidades-negras\/verbete-grupo-de-estudos-afro-brasileiros-acotirene-geaba\/","title":{"rendered":"Verbete: Grupo de Estudos Afro-brasileiros Acotirene &#8211; GEABA"},"content":{"rendered":"\n<p>Por:&nbsp;<a href=\"https:\/\/mg.passadospresentes.com.br\/cidades-negras\/participante\/vanessa\/\">Vanessa Ferreira Lopes<\/a><\/p>\n\n\n\n<hr class=\"wp-block-separator has-alpha-channel-opacity\"\/>\n\n\n\n<h4 class=\"wp-block-heading\">HIST\u00d3RICO:<\/h4>\n\n\n\n<hr class=\"wp-block-separator has-alpha-channel-opacity\"\/>\n\n\n\n<p>O Grupo de Estudos Afro-brasileiros Acotirene surgiu a partir de uma fragmenta\u00e7\u00e3o da Associa\u00e7\u00e3o Cultural Quilombo dos Palmares, em 2 de novembro de 1985. Alguns de seus membros: Paulo C\u00e9sar Mariano, Maria Elizabete Oliveira, Adenilde Petrina, Rita F\u00e9lix, Maria Alice, Carlos Alberto Calixto, Eduardo Modesto e Fl\u00e1vio Carneiro (Flavinho da Juventude).<\/p>\n\n\n\n<p>O GEABA contribuiu fortemente, com uma bagagem te\u00f3rica, com outros movimentos negros na cidade. Para al\u00e9m dos estudos, organizaram \u201cconcursos afro-brasileiros\u201d de valoriza\u00e7\u00e3o da beleza negra e eventos espor\u00e1dicos em bairros perif\u00e9ricos da cidade para o resgate da cultura africana, desmistificando preconceitos e valorizando suas pr\u00e1ticas.&nbsp;<\/p>\n\n\n\n<p>As reuni\u00f5es do grupo ocorriam, principalmente, na sede do sindicato dos trabalhadores\u00a0de telecomunica\u00e7\u00f5es, em raz\u00e3o da filia\u00e7\u00e3o de alguns dos seus membros \u00e0 entidade.<\/p>\n\n\n\n<hr class=\"wp-block-separator has-alpha-channel-opacity\"\/>\n\n\n\n<h4 class=\"wp-block-heading\">REFER\u00caNCIAS:<\/h4>\n\n\n\n<hr class=\"wp-block-separator has-alpha-channel-opacity\"\/>\n\n\n\n<p>LOPES, Vanessa Ferreira. A constitui\u00e7\u00e3o do movimento negro em Juiz de Fora\/MG (1978-2010): dos processos de consci\u00eancia \u00e0s organiza\u00e7\u00f5es coletivas por direitos. Disserta\u00e7\u00e3o (Mestrado em Hist\u00f3ria) &#8211; Programa de P\u00f3s-Gradua\u00e7\u00e3o em Hist\u00f3ria, Instituto de Ci\u00eancias Humanas, Universidade Federal de Juiz de Fora. Juiz de Fora, p.189. 2024.<br><\/p>\n\n\n\n<p><\/p>\n","protected":false},"excerpt":{"rendered":"<p>Por:&nbsp;Vanessa Ferreira Lopes HIST\u00d3RICO: O Grupo de Estudos Afro-brasileiros Acotirene surgiu a partir de uma fragmenta\u00e7\u00e3o da Associa\u00e7\u00e3o Cultural Quilombo dos Palmares, em 2 de novembro de 1985. Alguns de seus membros: Paulo C\u00e9sar Mariano, Maria Elizabete Oliveira, Adenilde Petrina, Rita F\u00e9lix, Maria Alice, Carlos Alberto Calixto, Eduardo Modesto e Fl\u00e1vio Carneiro (Flavinho da Juventude). [&hellip;]<\/p>\n","protected":false},"author":2,"featured_media":0,"parent":0,"menu_order":0,"comment_status":"closed","ping_status":"closed","template":"","meta":{"_acf_changed":false,"footnotes":""},"class_list":["post-1583","page","type-page","status-publish","hentry"],"acf":[],"_links":{"self":[{"href":"https:\/\/mg.passadospresentes.com.br\/cidades-negras\/wp-json\/wp\/v2\/pages\/1583","targetHints":{"allow":["GET"]}}],"collection":[{"href":"https:\/\/mg.passadospresentes.com.br\/cidades-negras\/wp-json\/wp\/v2\/pages"}],"about":[{"href":"https:\/\/mg.passadospresentes.com.br\/cidades-negras\/wp-json\/wp\/v2\/types\/page"}],"author":[{"embeddable":true,"href":"https:\/\/mg.passadospresentes.com.br\/cidades-negras\/wp-json\/wp\/v2\/users\/2"}],"replies":[{"embeddable":true,"href":"https:\/\/mg.passadospresentes.com.br\/cidades-negras\/wp-json\/wp\/v2\/comments?post=1583"}],"version-history":[{"count":1,"href":"https:\/\/mg.passadospresentes.com.br\/cidades-negras\/wp-json\/wp\/v2\/pages\/1583\/revisions"}],"predecessor-version":[{"id":1585,"href":"https:\/\/mg.passadospresentes.com.br\/cidades-negras\/wp-json\/wp\/v2\/pages\/1583\/revisions\/1585"}],"wp:attachment":[{"href":"https:\/\/mg.passadospresentes.com.br\/cidades-negras\/wp-json\/wp\/v2\/media?parent=1583"}],"curies":[{"name":"wp","href":"https:\/\/api.w.org\/{rel}","templated":true}]}}

<p>Por:&nbsp;<a href="https://mg.passadospresentes.com.br/cidades-negras/participante/vanessa/">Vanessa Ferreira Lopes</a></p>



<hr class="wp-block-separator has-alpha-channel-opacity"/>



<h4 class="wp-block-heading">HISTÓRICO:</h4>



<hr class="wp-block-separator has-alpha-channel-opacity"/>



<p>O Grupo de Estudos Afro-brasileiros Acotirene surgiu a partir de uma fragmentação da Associação Cultural Quilombo dos Palmares, em 2 de novembro de 1985. Alguns de seus membros: Paulo César Mariano, Maria Elizabete Oliveira, Adenilde Petrina, Rita Félix, Maria Alice, Carlos Alberto Calixto, Eduardo Modesto e Flávio Carneiro (Flavinho da Juventude).</p>



<p>O GEABA contribuiu fortemente, com uma bagagem teórica, com outros movimentos negros na cidade. Para além dos estudos, organizaram “concursos afro-brasileiros” de valorização da beleza negra e eventos esporádicos em bairros periféricos da cidade para o resgate da cultura africana, desmistificando preconceitos e valorizando suas práticas.&nbsp;</p>



<p>As reuniões do grupo ocorriam, principalmente, na sede do sindicato dos trabalhadores de telecomunicações, em razão da filiação de alguns dos seus membros à entidade.</p>



<hr class="wp-block-separator has-alpha-channel-opacity"/>



<h4 class="wp-block-heading">REFERÊNCIAS:</h4>



<hr class="wp-block-separator has-alpha-channel-opacity"/>



<p>LOPES, Vanessa Ferreira. A constituição do movimento negro em Juiz de Fora/MG (1978-2010): dos processos de consciência às organizações coletivas por direitos. Dissertação (Mestrado em História) &#8211; Programa de Pós-Graduação em História, Instituto de Ciências Humanas, Universidade Federal de Juiz de Fora. Juiz de Fora, p.189. 2024.<br></p>



<p></p>

<p>Por:&nbsp;Vanessa Ferreira Lopes HISTÓRICO: O Grupo de Estudos Afro-brasileiros Acotirene surgiu a partir de uma fragmentação da Associação Cultural Quilombo dos Palmares, em 2 de novembro de 1985. Alguns de seus membros: Paulo César Mariano, Maria Elizabete Oliveira, Adenilde Petrina, Rita Félix, Maria Alice, Carlos Alberto Calixto, Eduardo Modesto e Flávio Carneiro (Flavinho da Juventude). [&hellip;]</p>
