{"id":1578,"date":"2025-10-22T22:08:56","date_gmt":"2025-10-23T01:08:56","guid":{"rendered":"https:\/\/mg.passadospresentes.com.br\/cidades-negras\/?page_id=1578"},"modified":"2025-10-22T22:08:57","modified_gmt":"2025-10-23T01:08:57","slug":"verbete-grupo-negro-do-movimento-unibairros","status":"publish","type":"page","link":"https:\/\/mg.passadospresentes.com.br\/cidades-negras\/verbete-grupo-negro-do-movimento-unibairros\/","title":{"rendered":"Verbete: Grupo Negro do Movimento Unibairros"},"content":{"rendered":"\n<p>Por:&nbsp;<a href=\"https:\/\/mg.passadospresentes.com.br\/cidades-negras\/participante\/vanessa\/\">Vanessa Ferreira Lopes<\/a><\/p>\n\n\n\n<hr class=\"wp-block-separator has-alpha-channel-opacity\"\/>\n\n\n\n<h4 class=\"wp-block-heading\">HIST\u00d3RICO:<\/h4>\n\n\n\n<hr class=\"wp-block-separator has-alpha-channel-opacity\"\/>\n\n\n\n<p>Ainda que o movimento comunit\u00e1rio Unibairros tenha tido sua forma\u00e7\u00e3o em 19 de outubro de 1980 em um encontro de jovens promovido na ch\u00e1cara dos padres Dominicanos, no bairro S\u00e3o Pedro, aqui o situaremos a partir de 1981, em raz\u00e3o do in\u00edcio da atua\u00e7\u00e3o do Grupo Negro dentro da organiza\u00e7\u00e3o. O grupo negro do movimento teve sua primeira reuni\u00e3o em 11 de abril de 1981, propondo uma organiza\u00e7\u00e3o entorno da&nbsp; \u201cdupla opress\u00e3o\u201d do sujeito negro, em decorr\u00eancia da classe social e da cor da pele.<\/p>\n\n\n\n<p>O movimento atuou levando as reivindica\u00e7\u00f5es populares junto ao poder executivo municipal e, fazendo a cr\u00edtica a sociedade capitalista antidemocr\u00e1tica. Por reunir naquele momento jovens dos bairros Olavo Costa, Floresta, Santa C\u00e2ndida, Linhares, S\u00e3o Benedito, Vila Ideal, S\u00e3o Pedro e Vitorino Braga, o grupo era subdividido tamb\u00e9m em v\u00e1rias frentes de atua\u00e7\u00e3o: grupo de Teatro, grupo de Mulheres, grupo de Estudos Pol\u00edticos e o Grupo Negro.<\/p>\n\n\n\n<hr class=\"wp-block-separator has-alpha-channel-opacity\"\/>\n\n\n\n<p>Rua Vitorino Braga| 126b | Juiz de Fora | MG|<\/p>\n\n\n\n<hr class=\"wp-block-separator has-alpha-channel-opacity\"\/>\n\n\n\n<h4 class=\"wp-block-heading\">REFER\u00caNCIAS:<\/h4>\n\n\n\n<hr class=\"wp-block-separator has-alpha-channel-opacity\"\/>\n\n\n\n<p>LOPES, Vanessa Ferreira. A constitui\u00e7\u00e3o do movimento negro em Juiz de Fora\/MG (1978-2010): dos processos de consci\u00eancia \u00e0s organiza\u00e7\u00f5es coletivas por direitos. Disserta\u00e7\u00e3o (Mestrado em Hist\u00f3ria) &#8211; Programa de P\u00f3s-Gradua\u00e7\u00e3o em Hist\u00f3ria, Instituto de Ci\u00eancias Humanas, Universidade Federal de Juiz de Fora. Juiz de Fora, p.189. 2024.<\/p>\n\n\n\n<hr class=\"wp-block-separator has-alpha-channel-opacity\"\/>\n\n\n\n<p>Vanessa Ferreira Lopes (2020; 2024),\u00a0 Christina Ferraz Musse, Dalmir Francisco (1987).<\/p>\n\n\n\n<hr class=\"wp-block-separator has-alpha-channel-opacity\"\/>\n\n\n\n<p>Fontes prim\u00e1rias: jornais.<\/p>\n\n\n\n<p><\/p>\n","protected":false},"excerpt":{"rendered":"<p>Por:&nbsp;Vanessa Ferreira Lopes HIST\u00d3RICO: Ainda que o movimento comunit\u00e1rio Unibairros tenha tido sua forma\u00e7\u00e3o em 19 de outubro de 1980 em um encontro de jovens promovido na ch\u00e1cara dos padres Dominicanos, no bairro S\u00e3o Pedro, aqui o situaremos a partir de 1981, em raz\u00e3o do in\u00edcio da atua\u00e7\u00e3o do Grupo Negro dentro da organiza\u00e7\u00e3o. O [&hellip;]<\/p>\n","protected":false},"author":2,"featured_media":0,"parent":0,"menu_order":0,"comment_status":"closed","ping_status":"closed","template":"","meta":{"_acf_changed":false,"footnotes":""},"class_list":["post-1578","page","type-page","status-publish","hentry"],"acf":[],"_links":{"self":[{"href":"https:\/\/mg.passadospresentes.com.br\/cidades-negras\/wp-json\/wp\/v2\/pages\/1578","targetHints":{"allow":["GET"]}}],"collection":[{"href":"https:\/\/mg.passadospresentes.com.br\/cidades-negras\/wp-json\/wp\/v2\/pages"}],"about":[{"href":"https:\/\/mg.passadospresentes.com.br\/cidades-negras\/wp-json\/wp\/v2\/types\/page"}],"author":[{"embeddable":true,"href":"https:\/\/mg.passadospresentes.com.br\/cidades-negras\/wp-json\/wp\/v2\/users\/2"}],"replies":[{"embeddable":true,"href":"https:\/\/mg.passadospresentes.com.br\/cidades-negras\/wp-json\/wp\/v2\/comments?post=1578"}],"version-history":[{"count":1,"href":"https:\/\/mg.passadospresentes.com.br\/cidades-negras\/wp-json\/wp\/v2\/pages\/1578\/revisions"}],"predecessor-version":[{"id":1579,"href":"https:\/\/mg.passadospresentes.com.br\/cidades-negras\/wp-json\/wp\/v2\/pages\/1578\/revisions\/1579"}],"wp:attachment":[{"href":"https:\/\/mg.passadospresentes.com.br\/cidades-negras\/wp-json\/wp\/v2\/media?parent=1578"}],"curies":[{"name":"wp","href":"https:\/\/api.w.org\/{rel}","templated":true}]}}

<p>Por:&nbsp;<a href="https://mg.passadospresentes.com.br/cidades-negras/participante/vanessa/">Vanessa Ferreira Lopes</a></p>



<hr class="wp-block-separator has-alpha-channel-opacity"/>



<h4 class="wp-block-heading">HISTÓRICO:</h4>



<hr class="wp-block-separator has-alpha-channel-opacity"/>



<p>Ainda que o movimento comunitário Unibairros tenha tido sua formação em 19 de outubro de 1980 em um encontro de jovens promovido na chácara dos padres Dominicanos, no bairro São Pedro, aqui o situaremos a partir de 1981, em razão do início da atuação do Grupo Negro dentro da organização. O grupo negro do movimento teve sua primeira reunião em 11 de abril de 1981, propondo uma organização entorno da&nbsp; “dupla opressão” do sujeito negro, em decorrência da classe social e da cor da pele.</p>



<p>O movimento atuou levando as reivindicações populares junto ao poder executivo municipal e, fazendo a crítica a sociedade capitalista antidemocrática. Por reunir naquele momento jovens dos bairros Olavo Costa, Floresta, Santa Cândida, Linhares, São Benedito, Vila Ideal, São Pedro e Vitorino Braga, o grupo era subdividido também em várias frentes de atuação: grupo de Teatro, grupo de Mulheres, grupo de Estudos Políticos e o Grupo Negro.</p>



<hr class="wp-block-separator has-alpha-channel-opacity"/>



<p>Rua Vitorino Braga| 126b | Juiz de Fora | MG|</p>



<hr class="wp-block-separator has-alpha-channel-opacity"/>



<h4 class="wp-block-heading">REFERÊNCIAS:</h4>



<hr class="wp-block-separator has-alpha-channel-opacity"/>



<p>LOPES, Vanessa Ferreira. A constituição do movimento negro em Juiz de Fora/MG (1978-2010): dos processos de consciência às organizações coletivas por direitos. Dissertação (Mestrado em História) &#8211; Programa de Pós-Graduação em História, Instituto de Ciências Humanas, Universidade Federal de Juiz de Fora. Juiz de Fora, p.189. 2024.</p>



<hr class="wp-block-separator has-alpha-channel-opacity"/>



<p>Vanessa Ferreira Lopes (2020; 2024),  Christina Ferraz Musse, Dalmir Francisco (1987).</p>



<hr class="wp-block-separator has-alpha-channel-opacity"/>



<p>Fontes primárias: jornais.</p>



<p></p>

<p>Por:&nbsp;Vanessa Ferreira Lopes HISTÓRICO: Ainda que o movimento comunitário Unibairros tenha tido sua formação em 19 de outubro de 1980 em um encontro de jovens promovido na chácara dos padres Dominicanos, no bairro São Pedro, aqui o situaremos a partir de 1981, em razão do início da atuação do Grupo Negro dentro da organização. O [&hellip;]</p>
