{"id":1561,"date":"2025-10-22T19:39:18","date_gmt":"2025-10-22T22:39:18","guid":{"rendered":"https:\/\/mg.passadospresentes.com.br\/cidades-negras\/?page_id=1561"},"modified":"2025-10-22T19:40:02","modified_gmt":"2025-10-22T22:40:02","slug":"verbete-centro-cultural-de-estudos-afro-brasileiro-baoba","status":"publish","type":"page","link":"https:\/\/mg.passadospresentes.com.br\/cidades-negras\/verbete-centro-cultural-de-estudos-afro-brasileiro-baoba\/","title":{"rendered":"Verbete: Centro Cultural de Estudos Afro-Brasileiro Baob\u00e1"},"content":{"rendered":"\n<p>Por:&nbsp;<a href=\"https:\/\/mg.passadospresentes.com.br\/cidades-negras\/participante\/vanessa\/\">Vanessa Ferreira Lopes<\/a><\/p>\n\n\n\n<hr class=\"wp-block-separator has-alpha-channel-opacity\"\/>\n\n\n\n<h4 class=\"wp-block-heading\">HIST\u00d3RICO:<\/h4>\n\n\n\n<hr class=\"wp-block-separator has-alpha-channel-opacity\"\/>\n\n\n\n<p>O Centro Cultural de Estudos Afro-Brasileiro Baob\u00e1, surgiu no ano 2000, a partir da idealiza\u00e7\u00e3o de Osvair Antonio, apoiado por Paulo C\u00e9sar Mariano e Maria Elizabete. Tendo como pilar atuar como um curso preparat\u00f3rio de pr\u00e9-vestibular social, cuja maioria dos ingressantes selecionados eram negros. Chegaram a atender 120 pessoas. Al\u00e9m das disciplinas escolares, a forma\u00e7\u00e3o pol\u00edtica era um dos pilares do curso, uma vez que era gerido e ministrado por militantes de longa data do movimento negro.<\/p>\n\n\n\n<hr class=\"wp-block-separator has-alpha-channel-opacity\"\/>\n\n\n\n<h4 class=\"wp-block-heading\">COMO CHEGAR:<\/h4>\n\n\n\n<hr class=\"wp-block-separator has-alpha-channel-opacity\"\/>\n\n\n\n<p>O Centro Cultural funcionava na casa do fundador, por quest\u00f5es de privacidade n\u00e3o divulgamos o endere\u00e7o, apenas o bairro da cidade.<\/p>\n\n\n\n<hr class=\"wp-block-separator has-alpha-channel-opacity\"\/>\n\n\n\n<p>Bair\u00fa | Juiz de Fora, MG | Brasil |<\/p>\n\n\n\n<hr class=\"wp-block-separator has-alpha-channel-opacity\"\/>\n\n\n\n<h4 class=\"wp-block-heading\">REFER\u00caNCIAS:<\/h4>\n\n\n\n<hr class=\"wp-block-separator has-alpha-channel-opacity\"\/>\n\n\n\n<p>LOPES, Vanessa Ferreira. A constitui\u00e7\u00e3o do movimento negro em Juiz de Fora\/MG (1978-2010): dos processos de consci\u00eancia \u00e0s organiza\u00e7\u00f5es coletivas por direitos. Disserta\u00e7\u00e3o (Mestrado em Hist\u00f3ria) &#8211; Programa de P\u00f3s-Gradua\u00e7\u00e3o em Hist\u00f3ria, Instituto de Ci\u00eancias Humanas, Universidade Federal de Juiz de Fora. Juiz de Fora, p.189. 2024.<\/p>\n","protected":false},"excerpt":{"rendered":"<p>Por:&nbsp;Vanessa Ferreira Lopes HIST\u00d3RICO: O Centro Cultural de Estudos Afro-Brasileiro Baob\u00e1, surgiu no ano 2000, a partir da idealiza\u00e7\u00e3o de Osvair Antonio, apoiado por Paulo C\u00e9sar Mariano e Maria Elizabete. Tendo como pilar atuar como um curso preparat\u00f3rio de pr\u00e9-vestibular social, cuja maioria dos ingressantes selecionados eram negros. Chegaram a atender 120 pessoas. Al\u00e9m das [&hellip;]<\/p>\n","protected":false},"author":2,"featured_media":0,"parent":0,"menu_order":0,"comment_status":"closed","ping_status":"closed","template":"","meta":{"_acf_changed":false,"footnotes":""},"class_list":["post-1561","page","type-page","status-publish","hentry"],"acf":[],"_links":{"self":[{"href":"https:\/\/mg.passadospresentes.com.br\/cidades-negras\/wp-json\/wp\/v2\/pages\/1561","targetHints":{"allow":["GET"]}}],"collection":[{"href":"https:\/\/mg.passadospresentes.com.br\/cidades-negras\/wp-json\/wp\/v2\/pages"}],"about":[{"href":"https:\/\/mg.passadospresentes.com.br\/cidades-negras\/wp-json\/wp\/v2\/types\/page"}],"author":[{"embeddable":true,"href":"https:\/\/mg.passadospresentes.com.br\/cidades-negras\/wp-json\/wp\/v2\/users\/2"}],"replies":[{"embeddable":true,"href":"https:\/\/mg.passadospresentes.com.br\/cidades-negras\/wp-json\/wp\/v2\/comments?post=1561"}],"version-history":[{"count":2,"href":"https:\/\/mg.passadospresentes.com.br\/cidades-negras\/wp-json\/wp\/v2\/pages\/1561\/revisions"}],"predecessor-version":[{"id":1563,"href":"https:\/\/mg.passadospresentes.com.br\/cidades-negras\/wp-json\/wp\/v2\/pages\/1561\/revisions\/1563"}],"wp:attachment":[{"href":"https:\/\/mg.passadospresentes.com.br\/cidades-negras\/wp-json\/wp\/v2\/media?parent=1561"}],"curies":[{"name":"wp","href":"https:\/\/api.w.org\/{rel}","templated":true}]}}

Verbete: Centro Cultural de Estudos Afro-Brasileiro Baobá

<p>Por:&nbsp;<a href="https://mg.passadospresentes.com.br/cidades-negras/participante/vanessa/">Vanessa Ferreira Lopes</a></p>



<hr class="wp-block-separator has-alpha-channel-opacity"/>



<h4 class="wp-block-heading">HISTÓRICO:</h4>



<hr class="wp-block-separator has-alpha-channel-opacity"/>



<p>O Centro Cultural de Estudos Afro-Brasileiro Baobá, surgiu no ano 2000, a partir da idealização de Osvair Antonio, apoiado por Paulo César Mariano e Maria Elizabete. Tendo como pilar atuar como um curso preparatório de pré-vestibular social, cuja maioria dos ingressantes selecionados eram negros. Chegaram a atender 120 pessoas. Além das disciplinas escolares, a formação política era um dos pilares do curso, uma vez que era gerido e ministrado por militantes de longa data do movimento negro.</p>



<hr class="wp-block-separator has-alpha-channel-opacity"/>



<h4 class="wp-block-heading">COMO CHEGAR:</h4>



<hr class="wp-block-separator has-alpha-channel-opacity"/>



<p>O Centro Cultural funcionava na casa do fundador, por questões de privacidade não divulgamos o endereço, apenas o bairro da cidade.</p>



<hr class="wp-block-separator has-alpha-channel-opacity"/>



<p>Bairú | Juiz de Fora, MG | Brasil |</p>



<hr class="wp-block-separator has-alpha-channel-opacity"/>



<h4 class="wp-block-heading">REFERÊNCIAS:</h4>



<hr class="wp-block-separator has-alpha-channel-opacity"/>



<p>LOPES, Vanessa Ferreira. A constituição do movimento negro em Juiz de Fora/MG (1978-2010): dos processos de consciência às organizações coletivas por direitos. Dissertação (Mestrado em História) &#8211; Programa de Pós-Graduação em História, Instituto de Ciências Humanas, Universidade Federal de Juiz de Fora. Juiz de Fora, p.189. 2024.</p>

<p>Por:&nbsp;Vanessa Ferreira Lopes HISTÓRICO: O Centro Cultural de Estudos Afro-Brasileiro Baobá, surgiu no ano 2000, a partir da idealização de Osvair Antonio, apoiado por Paulo César Mariano e Maria Elizabete. Tendo como pilar atuar como um curso preparatório de pré-vestibular social, cuja maioria dos ingressantes selecionados eram negros. Chegaram a atender 120 pessoas. Além das [&hellip;]</p>
