{"id":1547,"date":"2025-10-22T19:29:38","date_gmt":"2025-10-22T22:29:38","guid":{"rendered":"https:\/\/mg.passadospresentes.com.br\/cidades-negras\/?page_id=1547"},"modified":"2025-10-22T19:29:39","modified_gmt":"2025-10-22T22:29:39","slug":"verbete-associacao-cultural-quilombo-dos-palmares","status":"publish","type":"page","link":"https:\/\/mg.passadospresentes.com.br\/cidades-negras\/verbete-associacao-cultural-quilombo-dos-palmares\/","title":{"rendered":"Verbete: Associa\u00e7\u00e3o Cultural Quilombo dos Palmares\u00a0"},"content":{"rendered":"\n<p>Por: <a href=\"https:\/\/mg.passadospresentes.com.br\/cidades-negras\/participante\/vanessa\/\">Vanessa Ferreira Lopes<\/a><\/p>\n\n\n\n<hr class=\"wp-block-separator has-alpha-channel-opacity\"\/>\n\n\n\n<h4 class=\"wp-block-heading\">HIST\u00d3RICO:<\/h4>\n\n\n\n<hr class=\"wp-block-separator has-alpha-channel-opacity\"\/>\n\n\n\n<p>Conhecida como \u201ca primeira organiza\u00e7\u00e3o a discutir ra\u00e7a e racismo na cidade de Juiz de Fora\/MG\u201d, tendo surgido no mesmo ano da forma\u00e7\u00e3o do Movimento Negro Unificado, em S\u00e3o Paulo (1978). A Associa\u00e7\u00e3o Cultural Quilombo dos Palmares foi idealizada por Wilson In\u00e1cio de Novaes, tendo sua sede localizada no bairro do Monte Castelo, na pr\u00f3pria casa do fundador. A organiza\u00e7\u00e3o atuou de forma incisiva no letramento racial e forma\u00e7\u00e3o pol\u00edtica de diversas lideran\u00e7as negras da cidade, para al\u00e9m das den\u00fancias de casos de racismo na cidade. Uma das a\u00e7\u00f5es importantes promovida pela Associa\u00e7\u00e3o foi o evento anual \u201cFesta de Preto-Velho\u201d, entre 1984 e 2007, localizado no Parque Natural da Lajinha (um dos cart\u00f5es postais da cidade). A festa, que durou 23 anos, objetivava dar visibilidade \u00e0 Umbanda em Juiz de Fora e regi\u00e3o.<\/p>\n\n\n\n<hr class=\"wp-block-separator has-alpha-channel-opacity\"\/>\n\n\n\n<h4 class=\"wp-block-heading\">CONDI\u00c7\u00d5ES DE VISITA\u00c7\u00c3O:<\/h4>\n\n\n\n<hr class=\"wp-block-separator has-alpha-channel-opacity\"\/>\n\n\n\n<p>Atualmente, por se tratar somente de um endere\u00e7o residencial, o n\u00famero do im\u00f3vel ser\u00e1 resguardado. Desse modo, as possibilidades de visita\u00e7\u00e3o se limitam somente a rua que endere\u00e7ou a associa\u00e7\u00e3o, se mantendo como um s\u00edmbolo de preserva\u00e7\u00e3o da m\u00e9moria de suas constribui\u00e7oes para a comunidade e para o movimento negro da cidade.<\/p>\n\n\n\n<hr class=\"wp-block-separator has-alpha-channel-opacity\"\/>\n\n\n\n<p>R. dos Palmares | Monte Castelo | Juiz de Fora, MG | 36081-030 |<\/p>\n\n\n\n<hr class=\"wp-block-separator has-alpha-channel-opacity\"\/>\n\n\n\n<h4 class=\"wp-block-heading\">REFER\u00caNCIAS:<\/h4>\n\n\n\n<hr class=\"wp-block-separator has-alpha-channel-opacity\"\/>\n\n\n\n<p>LOPES, Vanessa Ferreira. A constitui\u00e7\u00e3o do movimento negro em Juiz de Fora\/MG (1978-2010): dos processos de consci\u00eancia \u00e0s organiza\u00e7\u00f5es coletivas por direitos. Disserta\u00e7\u00e3o (Mestrado em Hist\u00f3ria) &#8211; Programa de P\u00f3s-Gradua\u00e7\u00e3o em Hist\u00f3ria, Instituto de Ci\u00eancias Humanas, Universidade Federal de Juiz de Fora. Juiz de Fora, p.189. 2024.<\/p>\n\n\n\n<p><\/p>\n","protected":false},"excerpt":{"rendered":"<p>Por: Vanessa Ferreira Lopes HIST\u00d3RICO: Conhecida como \u201ca primeira organiza\u00e7\u00e3o a discutir ra\u00e7a e racismo na cidade de Juiz de Fora\/MG\u201d, tendo surgido no mesmo ano da forma\u00e7\u00e3o do Movimento Negro Unificado, em S\u00e3o Paulo (1978). A Associa\u00e7\u00e3o Cultural Quilombo dos Palmares foi idealizada por Wilson In\u00e1cio de Novaes, tendo sua sede localizada no bairro [&hellip;]<\/p>\n","protected":false},"author":2,"featured_media":0,"parent":0,"menu_order":0,"comment_status":"closed","ping_status":"closed","template":"","meta":{"_acf_changed":false,"footnotes":""},"class_list":["post-1547","page","type-page","status-publish","hentry"],"acf":[],"_links":{"self":[{"href":"https:\/\/mg.passadospresentes.com.br\/cidades-negras\/wp-json\/wp\/v2\/pages\/1547","targetHints":{"allow":["GET"]}}],"collection":[{"href":"https:\/\/mg.passadospresentes.com.br\/cidades-negras\/wp-json\/wp\/v2\/pages"}],"about":[{"href":"https:\/\/mg.passadospresentes.com.br\/cidades-negras\/wp-json\/wp\/v2\/types\/page"}],"author":[{"embeddable":true,"href":"https:\/\/mg.passadospresentes.com.br\/cidades-negras\/wp-json\/wp\/v2\/users\/2"}],"replies":[{"embeddable":true,"href":"https:\/\/mg.passadospresentes.com.br\/cidades-negras\/wp-json\/wp\/v2\/comments?post=1547"}],"version-history":[{"count":1,"href":"https:\/\/mg.passadospresentes.com.br\/cidades-negras\/wp-json\/wp\/v2\/pages\/1547\/revisions"}],"predecessor-version":[{"id":1556,"href":"https:\/\/mg.passadospresentes.com.br\/cidades-negras\/wp-json\/wp\/v2\/pages\/1547\/revisions\/1556"}],"wp:attachment":[{"href":"https:\/\/mg.passadospresentes.com.br\/cidades-negras\/wp-json\/wp\/v2\/media?parent=1547"}],"curies":[{"name":"wp","href":"https:\/\/api.w.org\/{rel}","templated":true}]}}

Verbete: Associação Cultural Quilombo dos Palmares

<p>Por: <a href="https://mg.passadospresentes.com.br/cidades-negras/participante/vanessa/">Vanessa Ferreira Lopes</a></p>



<hr class="wp-block-separator has-alpha-channel-opacity"/>



<h4 class="wp-block-heading">HISTÓRICO:</h4>



<hr class="wp-block-separator has-alpha-channel-opacity"/>



<p>Conhecida como “a primeira organização a discutir raça e racismo na cidade de Juiz de Fora/MG”, tendo surgido no mesmo ano da formação do Movimento Negro Unificado, em São Paulo (1978). A Associação Cultural Quilombo dos Palmares foi idealizada por Wilson Inácio de Novaes, tendo sua sede localizada no bairro do Monte Castelo, na própria casa do fundador. A organização atuou de forma incisiva no letramento racial e formação política de diversas lideranças negras da cidade, para além das denúncias de casos de racismo na cidade. Uma das ações importantes promovida pela Associação foi o evento anual “Festa de Preto-Velho”, entre 1984 e 2007, localizado no Parque Natural da Lajinha (um dos cartões postais da cidade). A festa, que durou 23 anos, objetivava dar visibilidade à Umbanda em Juiz de Fora e região.</p>



<hr class="wp-block-separator has-alpha-channel-opacity"/>



<h4 class="wp-block-heading">CONDIÇÕES DE VISITAÇÃO:</h4>



<hr class="wp-block-separator has-alpha-channel-opacity"/>



<p>Atualmente, por se tratar somente de um endereço residencial, o número do imóvel será resguardado. Desse modo, as possibilidades de visitação se limitam somente a rua que endereçou a associação, se mantendo como um símbolo de preservação da mémoria de suas constribuiçoes para a comunidade e para o movimento negro da cidade.</p>



<hr class="wp-block-separator has-alpha-channel-opacity"/>



<p>R. dos Palmares | Monte Castelo | Juiz de Fora, MG | 36081-030 |</p>



<hr class="wp-block-separator has-alpha-channel-opacity"/>



<h4 class="wp-block-heading">REFERÊNCIAS:</h4>



<hr class="wp-block-separator has-alpha-channel-opacity"/>



<p>LOPES, Vanessa Ferreira. A constituição do movimento negro em Juiz de Fora/MG (1978-2010): dos processos de consciência às organizações coletivas por direitos. Dissertação (Mestrado em História) &#8211; Programa de Pós-Graduação em História, Instituto de Ciências Humanas, Universidade Federal de Juiz de Fora. Juiz de Fora, p.189. 2024.</p>



<p></p>

<p>Por: Vanessa Ferreira Lopes HISTÓRICO: Conhecida como “a primeira organização a discutir raça e racismo na cidade de Juiz de Fora/MG”, tendo surgido no mesmo ano da formação do Movimento Negro Unificado, em São Paulo (1978). A Associação Cultural Quilombo dos Palmares foi idealizada por Wilson Inácio de Novaes, tendo sua sede localizada no bairro [&hellip;]</p>
