{"id":1544,"date":"2025-10-22T18:44:37","date_gmt":"2025-10-22T21:44:37","guid":{"rendered":"https:\/\/mg.passadospresentes.com.br\/cidades-negras\/?page_id=1544"},"modified":"2025-10-31T11:27:59","modified_gmt":"2025-10-31T14:27:59","slug":"verbete-escola-de-samba-na-avenida-rio-branco","status":"publish","type":"page","link":"https:\/\/mg.passadospresentes.com.br\/cidades-negras\/verbete-escola-de-samba-na-avenida-rio-branco\/","title":{"rendered":"Verbete: Escola de Samba na Avenida Rio Branco"},"content":{"rendered":"\n<p>Por: Lu\u00eds Roberto Silva Cruz<\/p>\n\n\n\n<hr class=\"wp-block-separator has-alpha-channel-opacity\"\/>\n\n\n\n<h4 class=\"wp-block-heading\">HIST\u00d3RICO:<\/h4>\n\n\n\n<hr class=\"wp-block-separator has-alpha-channel-opacity\"\/>\n\n\n\n<p>Entre 1966 e 1981, a Avenida Rio Branco foi o palco principal do Carnaval de escolas de samba em Juiz de Fora. \u00c9 viva na mem\u00f3ria da popula\u00e7\u00e3o preta, a recorda\u00e7\u00e3o dos dias de folia em que muitas fam\u00edlias se deslocavam dos bairros negros para assistirem ao desfile no centro da cidade. Na fotografia que denota um dia de Carnaval entre as d\u00e9cadas de 60 e 70, pode-se ver a arquibancada lotada e o povo animado assistindo a passagem da bateria de uma das escolas. A foto tem autoria atribu\u00edda ao fot\u00f3grafo Roberto Dornelas.<\/p>\n\n\n\n<figure class=\"wp-block-image size-full\"><img fetchpriority=\"high\" decoding=\"async\" width=\"960\" height=\"795\" src=\"https:\/\/mg.passadospresentes.com.br\/cidades-negras\/wp-content\/uploads\/sites\/5\/2025\/10\/Escola-de-Samba-Avenida-Rio-Branco.jpg\" alt=\"\" class=\"wp-image-1535\" srcset=\"https:\/\/mg.passadospresentes.com.br\/cidades-negras\/wp-content\/uploads\/sites\/5\/2025\/10\/Escola-de-Samba-Avenida-Rio-Branco.jpg 960w, https:\/\/mg.passadospresentes.com.br\/cidades-negras\/wp-content\/uploads\/sites\/5\/2025\/10\/Escola-de-Samba-Avenida-Rio-Branco-300x248.jpg 300w, https:\/\/mg.passadospresentes.com.br\/cidades-negras\/wp-content\/uploads\/sites\/5\/2025\/10\/Escola-de-Samba-Avenida-Rio-Branco-768x636.jpg 768w\" sizes=\"(max-width: 960px) 100vw, 960px\" \/><figcaption class=\"wp-element-caption\">Integrantes de uma escola de samba na Avenida Rio Branco. Roberto Dornelas. Juiz de Fora, s\/d. <\/figcaption><\/figure>\n\n\n\n<hr class=\"wp-block-separator has-alpha-channel-opacity\"\/>\n\n\n\n<p>Av. Bar\u00e3o do Rio Branco | 840 | Centro | Juiz de Fora, MG | 36015-510 | Brasil |<\/p>\n\n\n\n<hr class=\"wp-block-separator has-alpha-channel-opacity\"\/>\n\n\n\n<h4 class=\"wp-block-heading\">REFER\u00caNCIAS:<\/h4>\n\n\n\n<hr class=\"wp-block-separator has-alpha-channel-opacity\"\/>\n\n\n\n<p>ESTEV\u00c3O DS FONSECA, Daniel. A CIDADE E A FESTA: UMA ABORDAGEM GEOGR\u00c1FICA SOBRE O CARNAVAL DE JUIZ DE FORA-MG. 2019. 201 p. Disserta\u00e7\u00e3o (Mestrado) &#8211; UFJF, Juiz de Fora, 2019.<\/p>\n\n\n\n<hr class=\"wp-block-separator has-alpha-channel-opacity\"\/>\n\n\n\n<p>BARBOSA MOREIRA, Arthur. Carnaval em Juiz de Fora: identidade comunit\u00e1ria ou produto da ind\u00fastria cultural? 2008. 179 p. Tese (Doutorado em Comunica\u00e7\u00e3o Social) &#8211; Programa de P\u00f3s Gradua\u00e7\u00e3o em Comunica\u00e7\u00e3o Social da Umesp, S\u00e3o Bernardo do Campo, SP, 2008.<\/p>\n\n\n\n<hr class=\"wp-block-separator has-alpha-channel-opacity\"\/>\n\n\n\n<p>ALMEIDA, Patricia Lage de. Elos de perman\u00eancia: o lazer como preserva\u00e7\u00e3o da mem\u00f3ria coletiva dos libertos e de seus descendentes em Juiz de Fora no in\u00edcio do s\u00e9culo XX. 2006. Disserta\u00e7\u00e3o (Mestrado) &#8211; UFJF, [S. l.], 2006.<\/p>\n","protected":false},"excerpt":{"rendered":"<p>Por: Lu\u00eds Roberto Silva Cruz HIST\u00d3RICO: Entre 1966 e 1981, a Avenida Rio Branco foi o palco principal do Carnaval de escolas de samba em Juiz de Fora. \u00c9 viva na mem\u00f3ria da popula\u00e7\u00e3o preta, a recorda\u00e7\u00e3o dos dias de folia em que muitas fam\u00edlias se deslocavam dos bairros negros para assistirem ao desfile no [&hellip;]<\/p>\n","protected":false},"author":2,"featured_media":0,"parent":0,"menu_order":0,"comment_status":"closed","ping_status":"closed","template":"","meta":{"_acf_changed":false,"footnotes":""},"class_list":["post-1544","page","type-page","status-publish","hentry"],"acf":[],"_links":{"self":[{"href":"https:\/\/mg.passadospresentes.com.br\/cidades-negras\/wp-json\/wp\/v2\/pages\/1544","targetHints":{"allow":["GET"]}}],"collection":[{"href":"https:\/\/mg.passadospresentes.com.br\/cidades-negras\/wp-json\/wp\/v2\/pages"}],"about":[{"href":"https:\/\/mg.passadospresentes.com.br\/cidades-negras\/wp-json\/wp\/v2\/types\/page"}],"author":[{"embeddable":true,"href":"https:\/\/mg.passadospresentes.com.br\/cidades-negras\/wp-json\/wp\/v2\/users\/2"}],"replies":[{"embeddable":true,"href":"https:\/\/mg.passadospresentes.com.br\/cidades-negras\/wp-json\/wp\/v2\/comments?post=1544"}],"version-history":[{"count":3,"href":"https:\/\/mg.passadospresentes.com.br\/cidades-negras\/wp-json\/wp\/v2\/pages\/1544\/revisions"}],"predecessor-version":[{"id":1816,"href":"https:\/\/mg.passadospresentes.com.br\/cidades-negras\/wp-json\/wp\/v2\/pages\/1544\/revisions\/1816"}],"wp:attachment":[{"href":"https:\/\/mg.passadospresentes.com.br\/cidades-negras\/wp-json\/wp\/v2\/media?parent=1544"}],"curies":[{"name":"wp","href":"https:\/\/api.w.org\/{rel}","templated":true}]}}

<p>Por: Luís Roberto Silva Cruz</p>



<hr class="wp-block-separator has-alpha-channel-opacity"/>



<h4 class="wp-block-heading">HISTÓRICO:</h4>



<hr class="wp-block-separator has-alpha-channel-opacity"/>



<p>Entre 1966 e 1981, a Avenida Rio Branco foi o palco principal do Carnaval de escolas de samba em Juiz de Fora. É viva na memória da população preta, a recordação dos dias de folia em que muitas famílias se deslocavam dos bairros negros para assistirem ao desfile no centro da cidade. Na fotografia que denota um dia de Carnaval entre as décadas de 60 e 70, pode-se ver a arquibancada lotada e o povo animado assistindo a passagem da bateria de uma das escolas. A foto tem autoria atribuída ao fotógrafo Roberto Dornelas.</p>



<figure class="wp-block-image size-full"><img fetchpriority="high" decoding="async" width="960" height="795" src="https://mg.passadospresentes.com.br/cidades-negras/wp-content/uploads/sites/5/2025/10/Escola-de-Samba-Avenida-Rio-Branco.jpg" alt="" class="wp-image-1535" srcset="https://mg.passadospresentes.com.br/cidades-negras/wp-content/uploads/sites/5/2025/10/Escola-de-Samba-Avenida-Rio-Branco.jpg 960w, https://mg.passadospresentes.com.br/cidades-negras/wp-content/uploads/sites/5/2025/10/Escola-de-Samba-Avenida-Rio-Branco-300x248.jpg 300w, https://mg.passadospresentes.com.br/cidades-negras/wp-content/uploads/sites/5/2025/10/Escola-de-Samba-Avenida-Rio-Branco-768x636.jpg 768w" sizes="(max-width: 960px) 100vw, 960px" /><figcaption class="wp-element-caption">Integrantes de uma escola de samba na Avenida Rio Branco. Roberto Dornelas. Juiz de Fora, s/d. </figcaption></figure>



<hr class="wp-block-separator has-alpha-channel-opacity"/>



<p>Av. Barão do Rio Branco | 840 | Centro | Juiz de Fora, MG | 36015-510 | Brasil |</p>



<hr class="wp-block-separator has-alpha-channel-opacity"/>



<h4 class="wp-block-heading">REFERÊNCIAS:</h4>



<hr class="wp-block-separator has-alpha-channel-opacity"/>



<p>ESTEVÃO DS FONSECA, Daniel. A CIDADE E A FESTA: UMA ABORDAGEM GEOGRÁFICA SOBRE O CARNAVAL DE JUIZ DE FORA-MG. 2019. 201 p. Dissertação (Mestrado) &#8211; UFJF, Juiz de Fora, 2019.</p>



<hr class="wp-block-separator has-alpha-channel-opacity"/>



<p>BARBOSA MOREIRA, Arthur. Carnaval em Juiz de Fora: identidade comunitária ou produto da indústria cultural? 2008. 179 p. Tese (Doutorado em Comunicação Social) &#8211; Programa de Pós Graduação em Comunicação Social da Umesp, São Bernardo do Campo, SP, 2008.</p>



<hr class="wp-block-separator has-alpha-channel-opacity"/>



<p>ALMEIDA, Patricia Lage de. Elos de permanência: o lazer como preservação da memória coletiva dos libertos e de seus descendentes em Juiz de Fora no início do século XX. 2006. Dissertação (Mestrado) &#8211; UFJF, [S. l.], 2006.</p>

<p>Por: Luís Roberto Silva Cruz HISTÓRICO: Entre 1966 e 1981, a Avenida Rio Branco foi o palco principal do Carnaval de escolas de samba em Juiz de Fora. É viva na memória da população preta, a recordação dos dias de folia em que muitas famílias se deslocavam dos bairros negros para assistirem ao desfile no [&hellip;]</p>
