{"id":1536,"date":"2025-10-22T18:35:35","date_gmt":"2025-10-22T21:35:35","guid":{"rendered":"https:\/\/mg.passadospresentes.com.br\/cidades-negras\/?page_id=1536"},"modified":"2025-10-31T11:32:38","modified_gmt":"2025-10-31T14:32:38","slug":"verbete-desfile-turunas-do-riachuelo","status":"publish","type":"page","link":"https:\/\/mg.passadospresentes.com.br\/cidades-negras\/verbete-desfile-turunas-do-riachuelo\/","title":{"rendered":"Verbete: Desfile Turunas do Riachuelo"},"content":{"rendered":"\n<p>Por: Luis Roberto Silva Cruz<\/p>\n\n\n\n<hr class=\"wp-block-separator has-alpha-channel-opacity\"\/>\n\n\n\n<h4 class=\"wp-block-heading\">HIST\u00d3RICO:<\/h4>\n\n\n\n<hr class=\"wp-block-separator has-alpha-channel-opacity\"\/>\n\n\n\n<p>Fotografia do Carnaval do ano de 1946, registrada durante o desfile da escola de samba Turunas do Riachuelo. A escola fundada no ano de 1934 \u00e9 a mais antiga de Minas Gerais, e uma das mais tradicionais de Juiz de Fora. Ber\u00e7o de diversos talentos que colaboraram para o crescimento do cen\u00e1rio mineiro do samba.<\/p>\n\n\n\n<figure class=\"wp-block-image size-full\"><img fetchpriority=\"high\" decoding=\"async\" width=\"960\" height=\"720\" src=\"https:\/\/mg.passadospresentes.com.br\/cidades-negras\/wp-content\/uploads\/sites\/5\/2025\/10\/Turunas-do-riachuelo-1.jpg\" alt=\"\" class=\"wp-image-1537\" srcset=\"https:\/\/mg.passadospresentes.com.br\/cidades-negras\/wp-content\/uploads\/sites\/5\/2025\/10\/Turunas-do-riachuelo-1.jpg 960w, https:\/\/mg.passadospresentes.com.br\/cidades-negras\/wp-content\/uploads\/sites\/5\/2025\/10\/Turunas-do-riachuelo-1-300x225.jpg 300w, https:\/\/mg.passadospresentes.com.br\/cidades-negras\/wp-content\/uploads\/sites\/5\/2025\/10\/Turunas-do-riachuelo-1-768x576.jpg 768w\" sizes=\"(max-width: 960px) 100vw, 960px\" \/><figcaption class=\"wp-element-caption\">Integrantes da Escola de Samba Turunas do Riachuelo. Acervo pessoal de Cezira Toschi. Juiz de Fora, 1946.<\/figcaption><\/figure>\n\n\n\n<hr class=\"wp-block-separator has-alpha-channel-opacity\"\/>\n\n\n\n<p>Av. Bar\u00e3o do Rio Branco | 840 | Centro | Juiz de Fora, MG | 36015-510 | BRASIL |<\/p>\n\n\n\n<hr class=\"wp-block-separator has-alpha-channel-opacity\"\/>\n\n\n\n<h4 class=\"wp-block-heading\">REFER\u00caNCIAS:<\/h4>\n\n\n\n<hr class=\"wp-block-separator has-alpha-channel-opacity\"\/>\n\n\n\n<p>ESTEV\u00c3O DA FONSECA, Daniel. A CIDADE E A FESTA: UMA ABORDAGEM GEOGR\u00c1FICA SOBRE O CARNAVAL DE JUIZ DE FORA-MG. 2019. 201 p. Disserta\u00e7\u00e3o (Mestrado) &#8211; UFJF, Juiz de Fora, 2019.<\/p>\n\n\n\n<hr class=\"wp-block-separator has-alpha-channel-opacity\"\/>\n\n\n\n<p>BARBOSA MOREIRA, Arthur. Carnaval em Juiz de Fora: identidade comunit\u00e1ria ou produto da ind\u00fastria cultural? 2008. 179 p. Tese (Doutorado em Comunica\u00e7\u00e3o Social) &#8211; Programa de P\u00f3s Gradua\u00e7\u00e3o em Comunica\u00e7\u00e3o Social da Umesp, S\u00e3o Bernardo do Campo, SP, 2008.<\/p>\n\n\n\n<hr class=\"wp-block-separator has-alpha-channel-opacity\"\/>\n\n\n\n<p>ALMEIDA, Patricia Lage de. Elos de perman\u00eancia: o lazer como preserva\u00e7\u00e3o da mem\u00f3ria coletiva dos libertos e de seus descendentes em Juiz de Fora no in\u00edcio do s\u00e9culo XX. 2006. Disserta\u00e7\u00e3o (Mestrado) &#8211; UFJF, [S. l.], 2006.<\/p>\n","protected":false},"excerpt":{"rendered":"<p>Por: Luis Roberto Silva Cruz HIST\u00d3RICO: Fotografia do Carnaval do ano de 1946, registrada durante o desfile da escola de samba Turunas do Riachuelo. A escola fundada no ano de 1934 \u00e9 a mais antiga de Minas Gerais, e uma das mais tradicionais de Juiz de Fora. Ber\u00e7o de diversos talentos que colaboraram para o [&hellip;]<\/p>\n","protected":false},"author":2,"featured_media":0,"parent":0,"menu_order":0,"comment_status":"closed","ping_status":"closed","template":"","meta":{"_acf_changed":false,"footnotes":""},"class_list":["post-1536","page","type-page","status-publish","hentry"],"acf":[],"_links":{"self":[{"href":"https:\/\/mg.passadospresentes.com.br\/cidades-negras\/wp-json\/wp\/v2\/pages\/1536","targetHints":{"allow":["GET"]}}],"collection":[{"href":"https:\/\/mg.passadospresentes.com.br\/cidades-negras\/wp-json\/wp\/v2\/pages"}],"about":[{"href":"https:\/\/mg.passadospresentes.com.br\/cidades-negras\/wp-json\/wp\/v2\/types\/page"}],"author":[{"embeddable":true,"href":"https:\/\/mg.passadospresentes.com.br\/cidades-negras\/wp-json\/wp\/v2\/users\/2"}],"replies":[{"embeddable":true,"href":"https:\/\/mg.passadospresentes.com.br\/cidades-negras\/wp-json\/wp\/v2\/comments?post=1536"}],"version-history":[{"count":3,"href":"https:\/\/mg.passadospresentes.com.br\/cidades-negras\/wp-json\/wp\/v2\/pages\/1536\/revisions"}],"predecessor-version":[{"id":1820,"href":"https:\/\/mg.passadospresentes.com.br\/cidades-negras\/wp-json\/wp\/v2\/pages\/1536\/revisions\/1820"}],"wp:attachment":[{"href":"https:\/\/mg.passadospresentes.com.br\/cidades-negras\/wp-json\/wp\/v2\/media?parent=1536"}],"curies":[{"name":"wp","href":"https:\/\/api.w.org\/{rel}","templated":true}]}}

<p>Por: Luis Roberto Silva Cruz</p>



<hr class="wp-block-separator has-alpha-channel-opacity"/>



<h4 class="wp-block-heading">HISTÓRICO:</h4>



<hr class="wp-block-separator has-alpha-channel-opacity"/>



<p>Fotografia do Carnaval do ano de 1946, registrada durante o desfile da escola de samba Turunas do Riachuelo. A escola fundada no ano de 1934 é a mais antiga de Minas Gerais, e uma das mais tradicionais de Juiz de Fora. Berço de diversos talentos que colaboraram para o crescimento do cenário mineiro do samba.</p>



<figure class="wp-block-image size-full"><img fetchpriority="high" decoding="async" width="960" height="720" src="https://mg.passadospresentes.com.br/cidades-negras/wp-content/uploads/sites/5/2025/10/Turunas-do-riachuelo-1.jpg" alt="" class="wp-image-1537" srcset="https://mg.passadospresentes.com.br/cidades-negras/wp-content/uploads/sites/5/2025/10/Turunas-do-riachuelo-1.jpg 960w, https://mg.passadospresentes.com.br/cidades-negras/wp-content/uploads/sites/5/2025/10/Turunas-do-riachuelo-1-300x225.jpg 300w, https://mg.passadospresentes.com.br/cidades-negras/wp-content/uploads/sites/5/2025/10/Turunas-do-riachuelo-1-768x576.jpg 768w" sizes="(max-width: 960px) 100vw, 960px" /><figcaption class="wp-element-caption">Integrantes da Escola de Samba Turunas do Riachuelo. Acervo pessoal de Cezira Toschi. Juiz de Fora, 1946.</figcaption></figure>



<hr class="wp-block-separator has-alpha-channel-opacity"/>



<p>Av. Barão do Rio Branco | 840 | Centro | Juiz de Fora, MG | 36015-510 | BRASIL |</p>



<hr class="wp-block-separator has-alpha-channel-opacity"/>



<h4 class="wp-block-heading">REFERÊNCIAS:</h4>



<hr class="wp-block-separator has-alpha-channel-opacity"/>



<p>ESTEVÃO DA FONSECA, Daniel. A CIDADE E A FESTA: UMA ABORDAGEM GEOGRÁFICA SOBRE O CARNAVAL DE JUIZ DE FORA-MG. 2019. 201 p. Dissertação (Mestrado) &#8211; UFJF, Juiz de Fora, 2019.</p>



<hr class="wp-block-separator has-alpha-channel-opacity"/>



<p>BARBOSA MOREIRA, Arthur. Carnaval em Juiz de Fora: identidade comunitária ou produto da indústria cultural? 2008. 179 p. Tese (Doutorado em Comunicação Social) &#8211; Programa de Pós Graduação em Comunicação Social da Umesp, São Bernardo do Campo, SP, 2008.</p>



<hr class="wp-block-separator has-alpha-channel-opacity"/>



<p>ALMEIDA, Patricia Lage de. Elos de permanência: o lazer como preservação da memória coletiva dos libertos e de seus descendentes em Juiz de Fora no início do século XX. 2006. Dissertação (Mestrado) &#8211; UFJF, [S. l.], 2006.</p>

<p>Por: Luis Roberto Silva Cruz HISTÓRICO: Fotografia do Carnaval do ano de 1946, registrada durante o desfile da escola de samba Turunas do Riachuelo. A escola fundada no ano de 1934 é a mais antiga de Minas Gerais, e uma das mais tradicionais de Juiz de Fora. Berço de diversos talentos que colaboraram para o [&hellip;]</p>
